{"id":11689,"date":"2025-06-29T14:01:41","date_gmt":"2025-06-29T12:01:41","guid":{"rendered":"https:\/\/uj.adatbank.ro\/lexikon\/termek\/kendi-szarvaskendi\/"},"modified":"2025-06-29T14:01:41","modified_gmt":"2025-06-29T12:01:41","slug":"kendi-szarvaskendi","status":"publish","type":"product","link":"https:\/\/uj.adatbank.ro\/lexikon\/termek\/kendi-szarvaskendi\/","title":{"rendered":"KENDI, szarvaskendi"},"content":{"rendered":"<p>Erd\u00e9lyi f\u0151\u00fari csal\u00e1d, a 1617 sz.-ban Erd\u00e9ly legbefoly\u00e1saosabb csal\u00e1djai k\u00f6z\u00e9 tartozott, a hagyom\u00e1ny szerint Kund vez\u00e9rt\u0151l sz\u00e1rmaztatja mag\u00e1t. Lesz\u00e1rmaz\u00e1suk Kendi Antal (1504) alvajd\u00e1t\u00f3l kezdve ismert. L\u00f3na nev\u0171 faluban t\u00fcntek fel (1506), amely ekkor ker\u00fclt birtokukba., ezut\u00e1n innen \u00edrt\u00e1k el\u0151nev\u0171ket, k\u00e9s\u0151bb egybeforrt a falu nev\u00e9vel \u00e9s Kendilona lett. Ez lett a csal\u00e1d birtokk\u00f6zpontja a 16 sz. -ban. A csal\u00e1d tagjai szolg\u00e1lataik jutalm\u00e1ul kiterjedt birtokokat kaptak erd\u00e9lyi fejedelmekt\u0151l, n\u00e9h\u00e1nyan viszont \u00e9let\u00fckkel fizettek politikai n\u00e9zeteik miatt. A fi\u00fa\u00e1gban Kendy Istv\u00e1n \u00edt\u00e9l\u0151mesterben 1672-ben halt ki. Bizonyos id\u0151kben birtokolt\u00e1k a g\u00f6rg\u00e9nyszentimre, kerel\u0151szentp\u00e1li, radn\u00f3ti \u00e9s marosv\u00e9csi v\u00e1rakat. V\u00e1ra Kerel\u0151szentp\u00e1lon volt aminek hely\u00e9n a Haller kast\u00e9ly \u00e9p\u00fclt (1610) <br \/><strong>Irod.:<\/strong> Bicsok-Orb\u00e1n; G\u00f6rg\u00e9nyszentimre; Kelemen Lajos 1982; Keresztes 1995; Kerel\u0151szentp\u00e1l; K\u0151v\u00e1ry; Maros megye; MNL; Nagy Iv\u00e1n<\/br><\/p>\n","protected":false},"excerpt":{"rendered":"<p>Erd\u00e9lyi f\u0151\u00fari csal\u00e1d, a 1617 sz.-ban Erd\u00e9ly legbefoly\u00e1saosabb csal\u00e1djai k\u00f6z\u00e9 tartozott, a hagyom\u00e1ny szerint Kund vez\u00e9rt\u0151l sz\u00e1rmaztatja mag\u00e1t. Lesz\u00e1rmaz\u00e1suk Kendi Antal (1504) alvajd\u00e1t\u00f3l kezdve ismert. L\u00f3na nev\u0171 faluban t\u00fcntek fel (1506), amely ekkor ker\u00fclt birtokukba., ezut\u00e1n innen \u00edrt\u00e1k el\u0151nev\u0171ket, k\u00e9s\u0151bb egybeforrt a falu nev\u00e9vel \u00e9s Kendilona lett. Ez lett a csal\u00e1d birtokk\u00f6zpontja a 16 sz. [&hellip;]<\/p>\n","protected":false},"featured_media":0,"comment_status":"open","ping_status":"closed","template":"","meta":[],"product_brand":[],"product_cat":[137],"product_tag":[],"class_list":{"0":"post-11689","1":"product","2":"type-product","3":"status-publish","5":"product_cat-maros-megyei-eletrajzi-lexikon","7":"first","8":"instock","9":"shipping-taxable","10":"product-type-simple"},"_links":{"self":[{"href":"https:\/\/uj.adatbank.ro\/lexikon\/wp-json\/wp\/v2\/product\/11689","targetHints":{"allow":["GET"]}}],"collection":[{"href":"https:\/\/uj.adatbank.ro\/lexikon\/wp-json\/wp\/v2\/product"}],"about":[{"href":"https:\/\/uj.adatbank.ro\/lexikon\/wp-json\/wp\/v2\/types\/product"}],"replies":[{"embeddable":true,"href":"https:\/\/uj.adatbank.ro\/lexikon\/wp-json\/wp\/v2\/comments?post=11689"}],"wp:attachment":[{"href":"https:\/\/uj.adatbank.ro\/lexikon\/wp-json\/wp\/v2\/media?parent=11689"}],"wp:term":[{"taxonomy":"product_brand","embeddable":true,"href":"https:\/\/uj.adatbank.ro\/lexikon\/wp-json\/wp\/v2\/product_brand?post=11689"},{"taxonomy":"product_cat","embeddable":true,"href":"https:\/\/uj.adatbank.ro\/lexikon\/wp-json\/wp\/v2\/product_cat?post=11689"},{"taxonomy":"product_tag","embeddable":true,"href":"https:\/\/uj.adatbank.ro\/lexikon\/wp-json\/wp\/v2\/product_tag?post=11689"}],"curies":[{"name":"wp","href":"https:\/\/api.w.org\/{rel}","templated":true}]}}