{"id":11702,"date":"2025-06-29T14:02:09","date_gmt":"2025-06-29T12:02:09","guid":{"rendered":"https:\/\/uj.adatbank.ro\/lexikon\/termek\/kepiro-imre\/"},"modified":"2025-06-29T14:02:09","modified_gmt":"2025-06-29T12:02:09","slug":"kepiro-imre","status":"publish","type":"product","link":"https:\/\/uj.adatbank.ro\/lexikon\/termek\/kepiro-imre\/","title":{"rendered":"K\u00c9P\u00cdR\u00d3 Imre"},"content":{"rendered":"<p>? \u2020 ? : ref. lelk\u00e9sz. \u2013 Besztercei csal\u00e1d lesz\u00e1rmazotta, birtokuk is volt ott. Nevel\u0151 br. Kem\u00e9ny L\u00e1szl\u00f3 fiai mellett (1820-as \u00e9vek v\u00e9g\u00e9n), aki G\u00e1ldon lakott de tart\u00f3zkodott Marosv\u00e9csen is. Mv.-en vez\u00e9rk\u00f6nyvet adott ki a latin nyelvre val\u00f3 ford\u00edt\u00e1sr\u00f3l. Debrecenben volt ref. pap. \u2013 <strong>F. m.:<\/strong><strong>ford.:<\/strong> D\u00f6ring, F. W.: R\u00f6vid \u00fatmutat\u00e1s magyarb\u00f3l de\u00e1kra ford\u00edtani. 2. kursus (Mv., 1829). <br \/><strong>Irod.:<\/strong> Kelemen Lajos: Egy h\u00e1romsz\u00e1z \u00e9ves erd\u00e9lyi m. fest\u0151m\u0171v\u00e9szeti eml\u00e9k : A nagyb\u00e1nyai Csengeri m\u00e1sk\u00e9nt K\u00e9p\u00edr\u00f3-csal\u00e1d c\u00edmereslevele (P\u00e1sztort\u0171z, 8. sz., 1927. \u00e1pr. 24.); Szinnyei<\/br><\/p>\n","protected":false},"excerpt":{"rendered":"<p>? \u2020 ? : ref. lelk\u00e9sz. \u2013 Besztercei csal\u00e1d lesz\u00e1rmazotta, birtokuk is volt ott. Nevel\u0151 br. Kem\u00e9ny L\u00e1szl\u00f3 fiai mellett (1820-as \u00e9vek v\u00e9g\u00e9n), aki G\u00e1ldon lakott de tart\u00f3zkodott Marosv\u00e9csen is. Mv.-en vez\u00e9rk\u00f6nyvet adott ki a latin nyelvre val\u00f3 ford\u00edt\u00e1sr\u00f3l. Debrecenben volt ref. pap. \u2013 F. m.:ford.: D\u00f6ring, F. W.: R\u00f6vid \u00fatmutat\u00e1s magyarb\u00f3l de\u00e1kra ford\u00edtani. 2. [&hellip;]<\/p>\n","protected":false},"featured_media":0,"comment_status":"open","ping_status":"closed","template":"","meta":[],"product_brand":[],"product_cat":[137],"product_tag":[],"class_list":{"0":"post-11702","1":"product","2":"type-product","3":"status-publish","5":"product_cat-maros-megyei-eletrajzi-lexikon","7":"first","8":"instock","9":"shipping-taxable","10":"product-type-simple"},"_links":{"self":[{"href":"https:\/\/uj.adatbank.ro\/lexikon\/wp-json\/wp\/v2\/product\/11702","targetHints":{"allow":["GET"]}}],"collection":[{"href":"https:\/\/uj.adatbank.ro\/lexikon\/wp-json\/wp\/v2\/product"}],"about":[{"href":"https:\/\/uj.adatbank.ro\/lexikon\/wp-json\/wp\/v2\/types\/product"}],"replies":[{"embeddable":true,"href":"https:\/\/uj.adatbank.ro\/lexikon\/wp-json\/wp\/v2\/comments?post=11702"}],"wp:attachment":[{"href":"https:\/\/uj.adatbank.ro\/lexikon\/wp-json\/wp\/v2\/media?parent=11702"}],"wp:term":[{"taxonomy":"product_brand","embeddable":true,"href":"https:\/\/uj.adatbank.ro\/lexikon\/wp-json\/wp\/v2\/product_brand?post=11702"},{"taxonomy":"product_cat","embeddable":true,"href":"https:\/\/uj.adatbank.ro\/lexikon\/wp-json\/wp\/v2\/product_cat?post=11702"},{"taxonomy":"product_tag","embeddable":true,"href":"https:\/\/uj.adatbank.ro\/lexikon\/wp-json\/wp\/v2\/product_tag?post=11702"}],"curies":[{"name":"wp","href":"https:\/\/api.w.org\/{rel}","templated":true}]}}