{"id":11744,"date":"2025-06-29T14:03:32","date_gmt":"2025-06-29T12:03:32","guid":{"rendered":"https:\/\/uj.adatbank.ro\/lexikon\/termek\/keresszegi-jozsef\/"},"modified":"2025-06-29T14:03:32","modified_gmt":"2025-06-29T12:03:32","slug":"keresszegi-jozsef","status":"publish","type":"product","link":"https:\/\/uj.adatbank.ro\/lexikon\/termek\/keresszegi-jozsef\/","title":{"rendered":"KERESSZEGI J\u00f3zsef"},"content":{"rendered":"<p>G\u00f6rg\u00e9nyszentimre, ? \u2020 ? : \u00e9p\u00edt\u00e9sz. \u2013 Fel\u00e9p\u00edtette az ort. templomot G\u00f6rg\u00e9nykakucsban (1914\u201323). Soroph\u00e1z\u00e1n (1924). <br \/><strong>Irod.:<\/strong> Reghin, Protopopiat<\/br><\/p>\n","protected":false},"excerpt":{"rendered":"<p>G\u00f6rg\u00e9nyszentimre, ? \u2020 ? : \u00e9p\u00edt\u00e9sz. \u2013 Fel\u00e9p\u00edtette az ort. templomot G\u00f6rg\u00e9nykakucsban (1914\u201323). Soroph\u00e1z\u00e1n (1924). Irod.: Reghin, Protopopiat<\/p>\n","protected":false},"featured_media":0,"comment_status":"open","ping_status":"closed","template":"","meta":[],"product_brand":[],"product_cat":[137],"product_tag":[],"class_list":{"0":"post-11744","1":"product","2":"type-product","3":"status-publish","5":"product_cat-maros-megyei-eletrajzi-lexikon","7":"first","8":"instock","9":"shipping-taxable","10":"product-type-simple"},"_links":{"self":[{"href":"https:\/\/uj.adatbank.ro\/lexikon\/wp-json\/wp\/v2\/product\/11744","targetHints":{"allow":["GET"]}}],"collection":[{"href":"https:\/\/uj.adatbank.ro\/lexikon\/wp-json\/wp\/v2\/product"}],"about":[{"href":"https:\/\/uj.adatbank.ro\/lexikon\/wp-json\/wp\/v2\/types\/product"}],"replies":[{"embeddable":true,"href":"https:\/\/uj.adatbank.ro\/lexikon\/wp-json\/wp\/v2\/comments?post=11744"}],"wp:attachment":[{"href":"https:\/\/uj.adatbank.ro\/lexikon\/wp-json\/wp\/v2\/media?parent=11744"}],"wp:term":[{"taxonomy":"product_brand","embeddable":true,"href":"https:\/\/uj.adatbank.ro\/lexikon\/wp-json\/wp\/v2\/product_brand?post=11744"},{"taxonomy":"product_cat","embeddable":true,"href":"https:\/\/uj.adatbank.ro\/lexikon\/wp-json\/wp\/v2\/product_cat?post=11744"},{"taxonomy":"product_tag","embeddable":true,"href":"https:\/\/uj.adatbank.ro\/lexikon\/wp-json\/wp\/v2\/product_tag?post=11744"}],"curies":[{"name":"wp","href":"https:\/\/api.w.org\/{rel}","templated":true}]}}