{"id":11749,"date":"2025-06-29T14:03:44","date_gmt":"2025-06-29T12:03:44","guid":{"rendered":"https:\/\/uj.adatbank.ro\/lexikon\/termek\/kerestely-janos\/"},"modified":"2025-06-29T14:03:44","modified_gmt":"2025-06-29T12:03:44","slug":"kerestely-janos","status":"publish","type":"product","link":"https:\/\/uj.adatbank.ro\/lexikon\/termek\/kerestely-janos\/","title":{"rendered":"KEREST\u00c9LY J\u00e1nos"},"content":{"rendered":"<p>1924., ? \u2020 Mv., 1994. j\u00fan. 16.: orvos. \u2013 Feles\u00e9ge: Cs\u0151sz Irma (Zerind, 1929\u20132008), fert\u00f6z\u0151 betegs\u00e9gek orvosa. \u2013 R\u00f6vid ideig egyetemi tan\u00e1rseg\u00e9d a MOGYI Mikrobiol\u00f3gia Tansz\u00e9k\u00e9n, f\u0151orvos, majd a Fert\u0151z\u0151 Klinik\u00e1n tev\u00e9kenykedett (1953\u2013), a Fert\u0151z\u0151 Klinika igazgat\u00f3ja (1973\u201390). \u2013 <strong>F. m.:<\/strong> \u00c1ltal\u00e1nos \u00e9s r\u00e9szletes orvosi mykol\u00f3gia (Mv., 1957); <strong>t\u00e1rssz.:<\/strong> Mikr\u00f3biol\u00f3giai jegyzet 1\u20134 k. (Mv., 1951\u20131952); Mikr\u00f3biol\u00f3gia (Mv., 1954). <br \/><strong>Irod.:<\/strong> Genersich; [Nekrol\u00f3g](N\u00fa., 1994. j\u00fan. 17.); Barab\u00e1s-P\u00e9ter M.\u2013P\u00e9ter H. M.; Kiss\u2013P\u00e9terffy\u2013P\u00e9terffy<\/br><\/p>\n","protected":false},"excerpt":{"rendered":"<p>1924., ? \u2020 Mv., 1994. j\u00fan. 16.: orvos. \u2013 Feles\u00e9ge: Cs\u0151sz Irma (Zerind, 1929\u20132008), fert\u00f6z\u0151 betegs\u00e9gek orvosa. \u2013 R\u00f6vid ideig egyetemi tan\u00e1rseg\u00e9d a MOGYI Mikrobiol\u00f3gia Tansz\u00e9k\u00e9n, f\u0151orvos, majd a Fert\u0151z\u0151 Klinik\u00e1n tev\u00e9kenykedett (1953\u2013), a Fert\u0151z\u0151 Klinika igazgat\u00f3ja (1973\u201390). \u2013 F. m.: \u00c1ltal\u00e1nos \u00e9s r\u00e9szletes orvosi mykol\u00f3gia (Mv., 1957); t\u00e1rssz.: Mikr\u00f3biol\u00f3giai jegyzet 1\u20134 k. (Mv., 1951\u20131952); [&hellip;]<\/p>\n","protected":false},"featured_media":0,"comment_status":"open","ping_status":"closed","template":"","meta":[],"product_brand":[],"product_cat":[137],"product_tag":[],"class_list":{"0":"post-11749","1":"product","2":"type-product","3":"status-publish","5":"product_cat-maros-megyei-eletrajzi-lexikon","7":"first","8":"instock","9":"shipping-taxable","10":"product-type-simple"},"_links":{"self":[{"href":"https:\/\/uj.adatbank.ro\/lexikon\/wp-json\/wp\/v2\/product\/11749","targetHints":{"allow":["GET"]}}],"collection":[{"href":"https:\/\/uj.adatbank.ro\/lexikon\/wp-json\/wp\/v2\/product"}],"about":[{"href":"https:\/\/uj.adatbank.ro\/lexikon\/wp-json\/wp\/v2\/types\/product"}],"replies":[{"embeddable":true,"href":"https:\/\/uj.adatbank.ro\/lexikon\/wp-json\/wp\/v2\/comments?post=11749"}],"wp:attachment":[{"href":"https:\/\/uj.adatbank.ro\/lexikon\/wp-json\/wp\/v2\/media?parent=11749"}],"wp:term":[{"taxonomy":"product_brand","embeddable":true,"href":"https:\/\/uj.adatbank.ro\/lexikon\/wp-json\/wp\/v2\/product_brand?post=11749"},{"taxonomy":"product_cat","embeddable":true,"href":"https:\/\/uj.adatbank.ro\/lexikon\/wp-json\/wp\/v2\/product_cat?post=11749"},{"taxonomy":"product_tag","embeddable":true,"href":"https:\/\/uj.adatbank.ro\/lexikon\/wp-json\/wp\/v2\/product_tag?post=11749"}],"curies":[{"name":"wp","href":"https:\/\/api.w.org\/{rel}","templated":true}]}}