{"id":11758,"date":"2025-06-29T14:04:03","date_gmt":"2025-06-29T12:04:03","guid":{"rendered":"https:\/\/uj.adatbank.ro\/lexikon\/termek\/keresztes-attila-levente\/"},"modified":"2025-06-29T14:04:03","modified_gmt":"2025-06-29T12:04:03","slug":"keresztes-attila-levente","status":"publish","type":"product","link":"https:\/\/uj.adatbank.ro\/lexikon\/termek\/keresztes-attila-levente\/","title":{"rendered":"KERESZTES Attila Levente"},"content":{"rendered":"<p>Sz\u00e1szr\u00e9gen, 1970. \u2020.?: fest\u0151. &#8211; A bp.-i k\u00e9pz\u0151m\u0171v\u00e9szeti. f\u0151iskol\u00e1n kapott diplom\u00e1t (1996). Mestere Moln\u00e1r S\u00e1ndor volt. \u2014Irod.: Szab\u00f3\u2013K\u00e1llai<\/br><\/p>\n","protected":false},"excerpt":{"rendered":"<p>Sz\u00e1szr\u00e9gen, 1970. \u2020.?: fest\u0151. &#8211; A bp.-i k\u00e9pz\u0151m\u0171v\u00e9szeti. f\u0151iskol\u00e1n kapott diplom\u00e1t (1996). Mestere Moln\u00e1r S\u00e1ndor volt. \u2014Irod.: Szab\u00f3\u2013K\u00e1llai<\/p>\n","protected":false},"featured_media":0,"comment_status":"open","ping_status":"closed","template":"","meta":[],"product_brand":[],"product_cat":[137],"product_tag":[],"class_list":{"0":"post-11758","1":"product","2":"type-product","3":"status-publish","5":"product_cat-maros-megyei-eletrajzi-lexikon","7":"first","8":"instock","9":"shipping-taxable","10":"product-type-simple"},"_links":{"self":[{"href":"https:\/\/uj.adatbank.ro\/lexikon\/wp-json\/wp\/v2\/product\/11758","targetHints":{"allow":["GET"]}}],"collection":[{"href":"https:\/\/uj.adatbank.ro\/lexikon\/wp-json\/wp\/v2\/product"}],"about":[{"href":"https:\/\/uj.adatbank.ro\/lexikon\/wp-json\/wp\/v2\/types\/product"}],"replies":[{"embeddable":true,"href":"https:\/\/uj.adatbank.ro\/lexikon\/wp-json\/wp\/v2\/comments?post=11758"}],"wp:attachment":[{"href":"https:\/\/uj.adatbank.ro\/lexikon\/wp-json\/wp\/v2\/media?parent=11758"}],"wp:term":[{"taxonomy":"product_brand","embeddable":true,"href":"https:\/\/uj.adatbank.ro\/lexikon\/wp-json\/wp\/v2\/product_brand?post=11758"},{"taxonomy":"product_cat","embeddable":true,"href":"https:\/\/uj.adatbank.ro\/lexikon\/wp-json\/wp\/v2\/product_cat?post=11758"},{"taxonomy":"product_tag","embeddable":true,"href":"https:\/\/uj.adatbank.ro\/lexikon\/wp-json\/wp\/v2\/product_tag?post=11758"}],"curies":[{"name":"wp","href":"https:\/\/api.w.org\/{rel}","templated":true}]}}