{"id":11760,"date":"2025-06-29T14:04:07","date_gmt":"2025-06-29T12:04:07","guid":{"rendered":"https:\/\/uj.adatbank.ro\/lexikon\/termek\/keresztes-bela-2\/"},"modified":"2025-06-29T14:04:07","modified_gmt":"2025-06-29T12:04:07","slug":"keresztes-bela-2","status":"publish","type":"product","link":"https:\/\/uj.adatbank.ro\/lexikon\/termek\/keresztes-bela-2\/","title":{"rendered":"KERESZTES B\u00e9la"},"content":{"rendered":"<p>Mv., 1904. szept. 3., \u2020 Mv., 1987.: textiltechnikus, gy\u00e1ros. \u2013 A brass\u00f3i n\u00e9met nyelv\u0171 Kereskedelmi Iskol\u00e1ban tanult, textilipari ismereteit a brass\u00f3i Scherg posztsz\u00f6v\u0151 gy\u00e1rban \u00e9s a csepeli poszt\u00f3gy\u00e1rban t\u00f6k\u00e9letes\u00edtette. \u00c9desapj\u00e1val fel\u00e9p\u00edtett\u00e9k textilgy\u00e1rukat Mv.-en (1925), amelynek a vezet\u00e9s\u00e9t \u00e1tvette (1932\u2013), a Textila Mures sz\u00f6vetkezetbe k\u00e9nyszer\u00edtett\u00e9k (1948\u2013). Akt\u00edvan r\u00e9szt vett Mv. m\u0171vel\u0151d\u00e9si, t\u00e1rsadalmi \u00e9s sport\u00e9let\u00e9ben \u00e9s t\u00e1mogatta fejl\u0151d\u00e9s\u00e9t. <br \/><strong>Irod.:<\/strong> Keresztes Zsombor: K. B.-ra emk\u00e9kezve, sz\u00fclet\u00e9s\u00e9nek 100. \u00e9vfordul\u00f3j\u00e1n (N\u00fa., 2004. szept. 2.)<\/br><\/p>\n","protected":false},"excerpt":{"rendered":"<p>Mv., 1904. szept. 3., \u2020 Mv., 1987.: textiltechnikus, gy\u00e1ros. \u2013 A brass\u00f3i n\u00e9met nyelv\u0171 Kereskedelmi Iskol\u00e1ban tanult, textilipari ismereteit a brass\u00f3i Scherg posztsz\u00f6v\u0151 gy\u00e1rban \u00e9s a csepeli poszt\u00f3gy\u00e1rban t\u00f6k\u00e9letes\u00edtette. \u00c9desapj\u00e1val fel\u00e9p\u00edtett\u00e9k textilgy\u00e1rukat Mv.-en (1925), amelynek a vezet\u00e9s\u00e9t \u00e1tvette (1932\u2013), a Textila Mures sz\u00f6vetkezetbe k\u00e9nyszer\u00edtett\u00e9k (1948\u2013). Akt\u00edvan r\u00e9szt vett Mv. m\u0171vel\u0151d\u00e9si, t\u00e1rsadalmi \u00e9s sport\u00e9let\u00e9ben \u00e9s t\u00e1mogatta [&hellip;]<\/p>\n","protected":false},"featured_media":0,"comment_status":"open","ping_status":"closed","template":"","meta":[],"product_brand":[],"product_cat":[137],"product_tag":[],"class_list":{"0":"post-11760","1":"product","2":"type-product","3":"status-publish","5":"product_cat-maros-megyei-eletrajzi-lexikon","7":"first","8":"instock","9":"shipping-taxable","10":"product-type-simple"},"_links":{"self":[{"href":"https:\/\/uj.adatbank.ro\/lexikon\/wp-json\/wp\/v2\/product\/11760","targetHints":{"allow":["GET"]}}],"collection":[{"href":"https:\/\/uj.adatbank.ro\/lexikon\/wp-json\/wp\/v2\/product"}],"about":[{"href":"https:\/\/uj.adatbank.ro\/lexikon\/wp-json\/wp\/v2\/types\/product"}],"replies":[{"embeddable":true,"href":"https:\/\/uj.adatbank.ro\/lexikon\/wp-json\/wp\/v2\/comments?post=11760"}],"wp:attachment":[{"href":"https:\/\/uj.adatbank.ro\/lexikon\/wp-json\/wp\/v2\/media?parent=11760"}],"wp:term":[{"taxonomy":"product_brand","embeddable":true,"href":"https:\/\/uj.adatbank.ro\/lexikon\/wp-json\/wp\/v2\/product_brand?post=11760"},{"taxonomy":"product_cat","embeddable":true,"href":"https:\/\/uj.adatbank.ro\/lexikon\/wp-json\/wp\/v2\/product_cat?post=11760"},{"taxonomy":"product_tag","embeddable":true,"href":"https:\/\/uj.adatbank.ro\/lexikon\/wp-json\/wp\/v2\/product_tag?post=11760"}],"curies":[{"name":"wp","href":"https:\/\/api.w.org\/{rel}","templated":true}]}}