{"id":11780,"date":"2025-06-29T14:04:40","date_gmt":"2025-06-29T12:04:40","guid":{"rendered":"https:\/\/uj.adatbank.ro\/lexikon\/termek\/keresztesi-gyula-2\/"},"modified":"2025-06-29T14:04:40","modified_gmt":"2025-06-29T12:04:40","slug":"keresztesi-gyula-2","status":"publish","type":"product","link":"https:\/\/uj.adatbank.ro\/lexikon\/termek\/keresztesi-gyula-2\/","title":{"rendered":"KERESZTESI Gyula"},"content":{"rendered":"<p>Sz\u00e1szr\u00e9gen. 1865. m\u00e1rc. 12., \u2020 ?: pap. \u2013 Apja szab\u00f3mester- Tanult Mv.-en., A Marburgi Egy. Hittud. Kar\u00e1n (1891\u201392). Nagyercs\u00e9n paptan\u00edt\u00f3 (1892), Kisily\u00e9nek egyik beszolg\u00e1l\u00f3 lelk\u00e9sze az erd\u0151csin\u00e1di \u00e9s marosj\u00e1rai gy\u00fclekezetb\u0151l (1924\u201325) A G\u00f6rg\u00e9nyi Egyh\u00e1zmegye egyik egyh\u00e1zker\u00fcleti k\u00e9pvisel\u0151je volt a zsinaton (1927, 1929, 1931). <br \/><strong>Irod.:<\/strong> Szab\u00f3\u2013Simon\u2013Sz\u00f6gi<\/br><\/p>\n","protected":false},"excerpt":{"rendered":"<p>Sz\u00e1szr\u00e9gen. 1865. m\u00e1rc. 12., \u2020 ?: pap. \u2013 Apja szab\u00f3mester- Tanult Mv.-en., A Marburgi Egy. Hittud. Kar\u00e1n (1891\u201392). Nagyercs\u00e9n paptan\u00edt\u00f3 (1892), Kisily\u00e9nek egyik beszolg\u00e1l\u00f3 lelk\u00e9sze az erd\u0151csin\u00e1di \u00e9s marosj\u00e1rai gy\u00fclekezetb\u0151l (1924\u201325) A G\u00f6rg\u00e9nyi Egyh\u00e1zmegye egyik egyh\u00e1zker\u00fcleti k\u00e9pvisel\u0151je volt a zsinaton (1927, 1929, 1931). Irod.: Szab\u00f3\u2013Simon\u2013Sz\u00f6gi<\/p>\n","protected":false},"featured_media":0,"comment_status":"open","ping_status":"closed","template":"","meta":[],"product_brand":[],"product_cat":[137],"product_tag":[],"class_list":{"0":"post-11780","1":"product","2":"type-product","3":"status-publish","5":"product_cat-maros-megyei-eletrajzi-lexikon","7":"first","8":"instock","9":"shipping-taxable","10":"product-type-simple"},"_links":{"self":[{"href":"https:\/\/uj.adatbank.ro\/lexikon\/wp-json\/wp\/v2\/product\/11780","targetHints":{"allow":["GET"]}}],"collection":[{"href":"https:\/\/uj.adatbank.ro\/lexikon\/wp-json\/wp\/v2\/product"}],"about":[{"href":"https:\/\/uj.adatbank.ro\/lexikon\/wp-json\/wp\/v2\/types\/product"}],"replies":[{"embeddable":true,"href":"https:\/\/uj.adatbank.ro\/lexikon\/wp-json\/wp\/v2\/comments?post=11780"}],"wp:attachment":[{"href":"https:\/\/uj.adatbank.ro\/lexikon\/wp-json\/wp\/v2\/media?parent=11780"}],"wp:term":[{"taxonomy":"product_brand","embeddable":true,"href":"https:\/\/uj.adatbank.ro\/lexikon\/wp-json\/wp\/v2\/product_brand?post=11780"},{"taxonomy":"product_cat","embeddable":true,"href":"https:\/\/uj.adatbank.ro\/lexikon\/wp-json\/wp\/v2\/product_cat?post=11780"},{"taxonomy":"product_tag","embeddable":true,"href":"https:\/\/uj.adatbank.ro\/lexikon\/wp-json\/wp\/v2\/product_tag?post=11780"}],"curies":[{"name":"wp","href":"https:\/\/api.w.org\/{rel}","templated":true}]}}