{"id":11781,"date":"2025-06-29T14:04:44","date_gmt":"2025-06-29T12:04:44","guid":{"rendered":"https:\/\/uj.adatbank.ro\/lexikon\/termek\/keresztesi-gyula-3\/"},"modified":"2025-06-29T14:04:44","modified_gmt":"2025-06-29T12:04:44","slug":"keresztesi-gyula-3","status":"publish","type":"product","link":"https:\/\/uj.adatbank.ro\/lexikon\/termek\/keresztesi-gyula-3\/","title":{"rendered":"KERESZTESI Gyula"},"content":{"rendered":"<p>Mv., 1913. m\u00e1j. 17., \u2020 Kolozsv\u00e1rt, 1943. j\u00fal. 24.: honv\u00e9d. \u2013 A 27. k\u00f6nny\u0171 \u00e1gy\u00fas \u00fctegben honv\u00e9d. Sz\u00edvl\u0151v\u00e9s miatt halt meg. Eltemetve: Sirokij. <br \/><strong>Irod.:<\/strong> Berekm\u00e9ri 2015; Eml\u00e9kk\u00f6nyv a Don-kanyari \u00e1ldozatok\u00e9rt<\/br><\/p>\n","protected":false},"excerpt":{"rendered":"<p>Mv., 1913. m\u00e1j. 17., \u2020 Kolozsv\u00e1rt, 1943. j\u00fal. 24.: honv\u00e9d. \u2013 A 27. k\u00f6nny\u0171 \u00e1gy\u00fas \u00fctegben honv\u00e9d. Sz\u00edvl\u0151v\u00e9s miatt halt meg. Eltemetve: Sirokij. Irod.: Berekm\u00e9ri 2015; Eml\u00e9kk\u00f6nyv a Don-kanyari \u00e1ldozatok\u00e9rt<\/p>\n","protected":false},"featured_media":0,"comment_status":"open","ping_status":"closed","template":"","meta":[],"product_brand":[],"product_cat":[137],"product_tag":[],"class_list":{"0":"post-11781","1":"product","2":"type-product","3":"status-publish","5":"product_cat-maros-megyei-eletrajzi-lexikon","7":"first","8":"instock","9":"shipping-taxable","10":"product-type-simple"},"_links":{"self":[{"href":"https:\/\/uj.adatbank.ro\/lexikon\/wp-json\/wp\/v2\/product\/11781","targetHints":{"allow":["GET"]}}],"collection":[{"href":"https:\/\/uj.adatbank.ro\/lexikon\/wp-json\/wp\/v2\/product"}],"about":[{"href":"https:\/\/uj.adatbank.ro\/lexikon\/wp-json\/wp\/v2\/types\/product"}],"replies":[{"embeddable":true,"href":"https:\/\/uj.adatbank.ro\/lexikon\/wp-json\/wp\/v2\/comments?post=11781"}],"wp:attachment":[{"href":"https:\/\/uj.adatbank.ro\/lexikon\/wp-json\/wp\/v2\/media?parent=11781"}],"wp:term":[{"taxonomy":"product_brand","embeddable":true,"href":"https:\/\/uj.adatbank.ro\/lexikon\/wp-json\/wp\/v2\/product_brand?post=11781"},{"taxonomy":"product_cat","embeddable":true,"href":"https:\/\/uj.adatbank.ro\/lexikon\/wp-json\/wp\/v2\/product_cat?post=11781"},{"taxonomy":"product_tag","embeddable":true,"href":"https:\/\/uj.adatbank.ro\/lexikon\/wp-json\/wp\/v2\/product_tag?post=11781"}],"curies":[{"name":"wp","href":"https:\/\/api.w.org\/{rel}","templated":true}]}}