{"id":11811,"date":"2025-06-29T14:05:43","date_gmt":"2025-06-29T12:05:43","guid":{"rendered":"https:\/\/uj.adatbank.ro\/lexikon\/termek\/kertesz-mor-%c2%a7\/"},"modified":"2025-06-29T14:05:43","modified_gmt":"2025-06-29T12:05:43","slug":"kertesz-mor-%c2%a7","status":"publish","type":"product","link":"https:\/\/uj.adatbank.ro\/lexikon\/termek\/kertesz-mor-%c2%a7\/","title":{"rendered":"KERT\u00c9SZ M\u00f3r, \u00a7"},"content":{"rendered":"<p>1876., \u2020 ? 1936. aug. 20.: orvos. \u2013 A mv.-i Statusquo zsid\u00f3 hitk\u00f6zs\u00e9g \u00e9s szentegylet orvosa. Belgy\u00f3gy\u00e1sz (1928) \u00e9s b\u0151rgy\u00f3gy\u00e1sz szakorvos. A gyergy\u00f3szentmikl\u00f3si \u00c1llami Gyermekmenhelyen is dolgozott. <br \/><strong>Irod.:<\/strong> Kiss Cs. M 3.; Mv. zsid\u00f3s\u00e1ga; Mv.-i zsid\u00f3 temet\u0151 dok.<\/br><\/p>\n","protected":false},"excerpt":{"rendered":"<p>1876., \u2020 ? 1936. aug. 20.: orvos. \u2013 A mv.-i Statusquo zsid\u00f3 hitk\u00f6zs\u00e9g \u00e9s szentegylet orvosa. Belgy\u00f3gy\u00e1sz (1928) \u00e9s b\u0151rgy\u00f3gy\u00e1sz szakorvos. A gyergy\u00f3szentmikl\u00f3si \u00c1llami Gyermekmenhelyen is dolgozott. Irod.: Kiss Cs. M 3.; Mv. zsid\u00f3s\u00e1ga; Mv.-i zsid\u00f3 temet\u0151 dok.<\/p>\n","protected":false},"featured_media":0,"comment_status":"open","ping_status":"closed","template":"","meta":[],"product_brand":[],"product_cat":[137],"product_tag":[],"class_list":{"0":"post-11811","1":"product","2":"type-product","3":"status-publish","5":"product_cat-maros-megyei-eletrajzi-lexikon","7":"first","8":"instock","9":"shipping-taxable","10":"product-type-simple"},"_links":{"self":[{"href":"https:\/\/uj.adatbank.ro\/lexikon\/wp-json\/wp\/v2\/product\/11811","targetHints":{"allow":["GET"]}}],"collection":[{"href":"https:\/\/uj.adatbank.ro\/lexikon\/wp-json\/wp\/v2\/product"}],"about":[{"href":"https:\/\/uj.adatbank.ro\/lexikon\/wp-json\/wp\/v2\/types\/product"}],"replies":[{"embeddable":true,"href":"https:\/\/uj.adatbank.ro\/lexikon\/wp-json\/wp\/v2\/comments?post=11811"}],"wp:attachment":[{"href":"https:\/\/uj.adatbank.ro\/lexikon\/wp-json\/wp\/v2\/media?parent=11811"}],"wp:term":[{"taxonomy":"product_brand","embeddable":true,"href":"https:\/\/uj.adatbank.ro\/lexikon\/wp-json\/wp\/v2\/product_brand?post=11811"},{"taxonomy":"product_cat","embeddable":true,"href":"https:\/\/uj.adatbank.ro\/lexikon\/wp-json\/wp\/v2\/product_cat?post=11811"},{"taxonomy":"product_tag","embeddable":true,"href":"https:\/\/uj.adatbank.ro\/lexikon\/wp-json\/wp\/v2\/product_tag?post=11811"}],"curies":[{"name":"wp","href":"https:\/\/api.w.org\/{rel}","templated":true}]}}