{"id":11819,"date":"2025-06-29T14:05:57","date_gmt":"2025-06-29T12:05:57","guid":{"rendered":"https:\/\/uj.adatbank.ro\/lexikon\/termek\/keseru-ferenc\/"},"modified":"2025-06-29T14:05:57","modified_gmt":"2025-06-29T12:05:57","slug":"keseru-ferenc","status":"publish","type":"product","link":"https:\/\/uj.adatbank.ro\/lexikon\/termek\/keseru-ferenc\/","title":{"rendered":"KESER\u0170 Ferenc"},"content":{"rendered":"<p>Bar\u00f3t, ?, \u2020 1809. szept. 27.: r. k. pap. \u2013 Kv.-on \u00e9s Nagyszombaton tanult. Pl\u00e9b\u00e1nos Sz\u00e9kelyv\u00e9ck\u00e9n (1766 v. 1753, 1767, 1773), majd Ny\u00fajt\u00f3don (1788) \u00e9s Esztelneken (1795). <br \/><strong>Irod.:<\/strong> Ferenczi S\u00e1ndor 2009<\/br><\/p>\n","protected":false},"excerpt":{"rendered":"<p>Bar\u00f3t, ?, \u2020 1809. szept. 27.: r. k. pap. \u2013 Kv.-on \u00e9s Nagyszombaton tanult. Pl\u00e9b\u00e1nos Sz\u00e9kelyv\u00e9ck\u00e9n (1766 v. 1753, 1767, 1773), majd Ny\u00fajt\u00f3don (1788) \u00e9s Esztelneken (1795). Irod.: Ferenczi S\u00e1ndor 2009<\/p>\n","protected":false},"featured_media":0,"comment_status":"open","ping_status":"closed","template":"","meta":[],"product_brand":[],"product_cat":[137],"product_tag":[],"class_list":{"0":"post-11819","1":"product","2":"type-product","3":"status-publish","5":"product_cat-maros-megyei-eletrajzi-lexikon","7":"first","8":"instock","9":"shipping-taxable","10":"product-type-simple"},"_links":{"self":[{"href":"https:\/\/uj.adatbank.ro\/lexikon\/wp-json\/wp\/v2\/product\/11819","targetHints":{"allow":["GET"]}}],"collection":[{"href":"https:\/\/uj.adatbank.ro\/lexikon\/wp-json\/wp\/v2\/product"}],"about":[{"href":"https:\/\/uj.adatbank.ro\/lexikon\/wp-json\/wp\/v2\/types\/product"}],"replies":[{"embeddable":true,"href":"https:\/\/uj.adatbank.ro\/lexikon\/wp-json\/wp\/v2\/comments?post=11819"}],"wp:attachment":[{"href":"https:\/\/uj.adatbank.ro\/lexikon\/wp-json\/wp\/v2\/media?parent=11819"}],"wp:term":[{"taxonomy":"product_brand","embeddable":true,"href":"https:\/\/uj.adatbank.ro\/lexikon\/wp-json\/wp\/v2\/product_brand?post=11819"},{"taxonomy":"product_cat","embeddable":true,"href":"https:\/\/uj.adatbank.ro\/lexikon\/wp-json\/wp\/v2\/product_cat?post=11819"},{"taxonomy":"product_tag","embeddable":true,"href":"https:\/\/uj.adatbank.ro\/lexikon\/wp-json\/wp\/v2\/product_tag?post=11819"}],"curies":[{"name":"wp","href":"https:\/\/api.w.org\/{rel}","templated":true}]}}