{"id":11828,"date":"2025-06-29T14:06:15","date_gmt":"2025-06-29T12:06:15","guid":{"rendered":"https:\/\/uj.adatbank.ro\/lexikon\/termek\/kessler-michael-christian\/"},"modified":"2025-06-29T14:06:15","modified_gmt":"2025-06-29T12:06:15","slug":"kessler-michael-christian","status":"publish","type":"product","link":"https:\/\/uj.adatbank.ro\/lexikon\/termek\/kessler-michael-christian\/","title":{"rendered":"KESSLER, Michael Christian"},"content":{"rendered":"<p>Segesv\u00e1r, ? \u2020 ?: lelk\u00e9sz. \u2013 Tanult B\u00e9csben (1830). <br \/><strong>Irod.:<\/strong> Szab\u00f3 Sz\u00f6gi<\/br><\/p>\n","protected":false},"excerpt":{"rendered":"<p>Segesv\u00e1r, ? \u2020 ?: lelk\u00e9sz. \u2013 Tanult B\u00e9csben (1830). Irod.: Szab\u00f3 Sz\u00f6gi<\/p>\n","protected":false},"featured_media":0,"comment_status":"open","ping_status":"closed","template":"","meta":[],"product_brand":[],"product_cat":[137],"product_tag":[],"class_list":{"0":"post-11828","1":"product","2":"type-product","3":"status-publish","5":"product_cat-maros-megyei-eletrajzi-lexikon","7":"first","8":"instock","9":"shipping-taxable","10":"product-type-simple"},"_links":{"self":[{"href":"https:\/\/uj.adatbank.ro\/lexikon\/wp-json\/wp\/v2\/product\/11828","targetHints":{"allow":["GET"]}}],"collection":[{"href":"https:\/\/uj.adatbank.ro\/lexikon\/wp-json\/wp\/v2\/product"}],"about":[{"href":"https:\/\/uj.adatbank.ro\/lexikon\/wp-json\/wp\/v2\/types\/product"}],"replies":[{"embeddable":true,"href":"https:\/\/uj.adatbank.ro\/lexikon\/wp-json\/wp\/v2\/comments?post=11828"}],"wp:attachment":[{"href":"https:\/\/uj.adatbank.ro\/lexikon\/wp-json\/wp\/v2\/media?parent=11828"}],"wp:term":[{"taxonomy":"product_brand","embeddable":true,"href":"https:\/\/uj.adatbank.ro\/lexikon\/wp-json\/wp\/v2\/product_brand?post=11828"},{"taxonomy":"product_cat","embeddable":true,"href":"https:\/\/uj.adatbank.ro\/lexikon\/wp-json\/wp\/v2\/product_cat?post=11828"},{"taxonomy":"product_tag","embeddable":true,"href":"https:\/\/uj.adatbank.ro\/lexikon\/wp-json\/wp\/v2\/product_tag?post=11828"}],"curies":[{"name":"wp","href":"https:\/\/api.w.org\/{rel}","templated":true}]}}