{"id":11831,"date":"2025-06-29T14:06:25","date_gmt":"2025-06-29T12:06:25","guid":{"rendered":"https:\/\/uj.adatbank.ro\/lexikon\/termek\/keszegi-janos\/"},"modified":"2025-06-29T14:06:25","modified_gmt":"2025-06-29T12:06:25","slug":"keszegi-janos","status":"publish","type":"product","link":"https:\/\/uj.adatbank.ro\/lexikon\/termek\/keszegi-janos\/","title":{"rendered":"KESZEGI J\u00e1nos"},"content":{"rendered":"<p>? \u2020 ?: ref. tan\u00edt\u00f3. \u2013 Enyeden subscrib\u00e1lt (1720), Beresztelk\u00e9n (1737), K\u00f6rtv\u00e9lyf\u00e1j\u00e1n (1741) \u00e9s G\u00f6rg\u00e9nyszentimr\u00e9n (1742\u20131746) volt mester. <br \/><strong>Irod.:<\/strong> \u0150sz<\/br><\/p>\n","protected":false},"excerpt":{"rendered":"<p>? \u2020 ?: ref. tan\u00edt\u00f3. \u2013 Enyeden subscrib\u00e1lt (1720), Beresztelk\u00e9n (1737), K\u00f6rtv\u00e9lyf\u00e1j\u00e1n (1741) \u00e9s G\u00f6rg\u00e9nyszentimr\u00e9n (1742\u20131746) volt mester. Irod.: \u0150sz<\/p>\n","protected":false},"featured_media":0,"comment_status":"open","ping_status":"closed","template":"","meta":[],"product_brand":[],"product_cat":[137],"product_tag":[],"class_list":{"0":"post-11831","1":"product","2":"type-product","3":"status-publish","5":"product_cat-maros-megyei-eletrajzi-lexikon","7":"first","8":"instock","9":"shipping-taxable","10":"product-type-simple"},"_links":{"self":[{"href":"https:\/\/uj.adatbank.ro\/lexikon\/wp-json\/wp\/v2\/product\/11831","targetHints":{"allow":["GET"]}}],"collection":[{"href":"https:\/\/uj.adatbank.ro\/lexikon\/wp-json\/wp\/v2\/product"}],"about":[{"href":"https:\/\/uj.adatbank.ro\/lexikon\/wp-json\/wp\/v2\/types\/product"}],"replies":[{"embeddable":true,"href":"https:\/\/uj.adatbank.ro\/lexikon\/wp-json\/wp\/v2\/comments?post=11831"}],"wp:attachment":[{"href":"https:\/\/uj.adatbank.ro\/lexikon\/wp-json\/wp\/v2\/media?parent=11831"}],"wp:term":[{"taxonomy":"product_brand","embeddable":true,"href":"https:\/\/uj.adatbank.ro\/lexikon\/wp-json\/wp\/v2\/product_brand?post=11831"},{"taxonomy":"product_cat","embeddable":true,"href":"https:\/\/uj.adatbank.ro\/lexikon\/wp-json\/wp\/v2\/product_cat?post=11831"},{"taxonomy":"product_tag","embeddable":true,"href":"https:\/\/uj.adatbank.ro\/lexikon\/wp-json\/wp\/v2\/product_tag?post=11831"}],"curies":[{"name":"wp","href":"https:\/\/api.w.org\/{rel}","templated":true}]}}