{"id":11836,"date":"2025-06-29T14:06:36","date_gmt":"2025-06-29T12:06:36","guid":{"rendered":"https:\/\/uj.adatbank.ro\/lexikon\/termek\/kesztenbaum-ervin-%c2%a7\/"},"modified":"2025-06-29T14:06:36","modified_gmt":"2025-06-29T12:06:36","slug":"kesztenbaum-ervin-%c2%a7","status":"publish","type":"product","link":"https:\/\/uj.adatbank.ro\/lexikon\/termek\/kesztenbaum-ervin-%c2%a7\/","title":{"rendered":"KESZTENBAUM Ervin, \u00a7"},"content":{"rendered":"<p>Fogaras, 1924., \u2020 Mv., 2007.: f\u0151orvos. \u2013 A MOGYE-n v\u00e9gzett (1949). Anaszteziol\u00f3gus \u00e9s intenz\u00edv ter\u00e1pi\u00e1s seb\u00e9sz f\u0151orvos Mv.-en, a s\u00falyos \u00e1llapotban l\u00e9v\u0151 betegek el\u0151k\u00e9sz\u00edt\u00e9se a m\u0171t\u00e9tre. A mv.-i intenzivter\u00e1pi\u00e1s oszt\u00e1ly megteremt\u0151je, a transzf\u00fazi\u00f3s csoport v\u00e9gzi el a sz\u00fcks\u00e9ges mennyis\u00e9g\u0171 v\u00e9rp\u00f3tl\u00e1st. A MOGYE aranyoklev\u00e9llel t\u00fcntette ki 50 \u00e9ves munk\u00e1ss\u00e1g\u00e1t (1999); <br \/><strong>Irod.:<\/strong> Genersich; Gy\u00e1rf\u00e1s L. Mikl\u00f3s: Dr. K. E. (V. Z., 1980. okt. 12.); Gy\u00e1rf\u00e1s 2013; Mv.-i zsid\u00f3 temet\u0151 dok; N\u00fa., (1999. szept. 3.)<\/br><\/p>\n","protected":false},"excerpt":{"rendered":"<p>Fogaras, 1924., \u2020 Mv., 2007.: f\u0151orvos. \u2013 A MOGYE-n v\u00e9gzett (1949). Anaszteziol\u00f3gus \u00e9s intenz\u00edv ter\u00e1pi\u00e1s seb\u00e9sz f\u0151orvos Mv.-en, a s\u00falyos \u00e1llapotban l\u00e9v\u0151 betegek el\u0151k\u00e9sz\u00edt\u00e9se a m\u0171t\u00e9tre. A mv.-i intenzivter\u00e1pi\u00e1s oszt\u00e1ly megteremt\u0151je, a transzf\u00fazi\u00f3s csoport v\u00e9gzi el a sz\u00fcks\u00e9ges mennyis\u00e9g\u0171 v\u00e9rp\u00f3tl\u00e1st. A MOGYE aranyoklev\u00e9llel t\u00fcntette ki 50 \u00e9ves munk\u00e1ss\u00e1g\u00e1t (1999); Irod.: Genersich; Gy\u00e1rf\u00e1s L. Mikl\u00f3s: Dr. [&hellip;]<\/p>\n","protected":false},"featured_media":0,"comment_status":"open","ping_status":"closed","template":"","meta":[],"product_brand":[],"product_cat":[137],"product_tag":[],"class_list":{"0":"post-11836","1":"product","2":"type-product","3":"status-publish","5":"product_cat-maros-megyei-eletrajzi-lexikon","7":"first","8":"instock","9":"shipping-taxable","10":"product-type-simple"},"_links":{"self":[{"href":"https:\/\/uj.adatbank.ro\/lexikon\/wp-json\/wp\/v2\/product\/11836","targetHints":{"allow":["GET"]}}],"collection":[{"href":"https:\/\/uj.adatbank.ro\/lexikon\/wp-json\/wp\/v2\/product"}],"about":[{"href":"https:\/\/uj.adatbank.ro\/lexikon\/wp-json\/wp\/v2\/types\/product"}],"replies":[{"embeddable":true,"href":"https:\/\/uj.adatbank.ro\/lexikon\/wp-json\/wp\/v2\/comments?post=11836"}],"wp:attachment":[{"href":"https:\/\/uj.adatbank.ro\/lexikon\/wp-json\/wp\/v2\/media?parent=11836"}],"wp:term":[{"taxonomy":"product_brand","embeddable":true,"href":"https:\/\/uj.adatbank.ro\/lexikon\/wp-json\/wp\/v2\/product_brand?post=11836"},{"taxonomy":"product_cat","embeddable":true,"href":"https:\/\/uj.adatbank.ro\/lexikon\/wp-json\/wp\/v2\/product_cat?post=11836"},{"taxonomy":"product_tag","embeddable":true,"href":"https:\/\/uj.adatbank.ro\/lexikon\/wp-json\/wp\/v2\/product_tag?post=11836"}],"curies":[{"name":"wp","href":"https:\/\/api.w.org\/{rel}","templated":true}]}}