{"id":11837,"date":"2025-06-29T14:06:37","date_gmt":"2025-06-29T12:06:37","guid":{"rendered":"https:\/\/uj.adatbank.ro\/lexikon\/termek\/keszy-jozsef\/"},"modified":"2025-06-29T14:06:37","modified_gmt":"2025-06-29T12:06:37","slug":"keszy-jozsef","status":"publish","type":"product","link":"https:\/\/uj.adatbank.ro\/lexikon\/termek\/keszy-jozsef\/","title":{"rendered":"KESZY J\u00f3zsef"},"content":{"rendered":"<p>? \u2020 ?: sz\u00edn\u00e9sz. \u2013 Mv.-en volt sz\u00ednh\u00e1z-igazgat\u00f3 (1831\u201332). \u2013 <strong>F. m.:<\/strong> A k\u00e9t \u00f6zvegy (Mv., 1832); Par\u00e1di eml\u00e9k (Eger, 1853). <br \/><strong>Irod.:<\/strong> Szinnyei<\/br><\/p>\n","protected":false},"excerpt":{"rendered":"<p>? \u2020 ?: sz\u00edn\u00e9sz. \u2013 Mv.-en volt sz\u00ednh\u00e1z-igazgat\u00f3 (1831\u201332). \u2013 F. m.: A k\u00e9t \u00f6zvegy (Mv., 1832); Par\u00e1di eml\u00e9k (Eger, 1853). Irod.: Szinnyei<\/p>\n","protected":false},"featured_media":0,"comment_status":"open","ping_status":"closed","template":"","meta":[],"product_brand":[],"product_cat":[137],"product_tag":[],"class_list":{"0":"post-11837","1":"product","2":"type-product","3":"status-publish","5":"product_cat-maros-megyei-eletrajzi-lexikon","7":"first","8":"instock","9":"shipping-taxable","10":"product-type-simple"},"_links":{"self":[{"href":"https:\/\/uj.adatbank.ro\/lexikon\/wp-json\/wp\/v2\/product\/11837","targetHints":{"allow":["GET"]}}],"collection":[{"href":"https:\/\/uj.adatbank.ro\/lexikon\/wp-json\/wp\/v2\/product"}],"about":[{"href":"https:\/\/uj.adatbank.ro\/lexikon\/wp-json\/wp\/v2\/types\/product"}],"replies":[{"embeddable":true,"href":"https:\/\/uj.adatbank.ro\/lexikon\/wp-json\/wp\/v2\/comments?post=11837"}],"wp:attachment":[{"href":"https:\/\/uj.adatbank.ro\/lexikon\/wp-json\/wp\/v2\/media?parent=11837"}],"wp:term":[{"taxonomy":"product_brand","embeddable":true,"href":"https:\/\/uj.adatbank.ro\/lexikon\/wp-json\/wp\/v2\/product_brand?post=11837"},{"taxonomy":"product_cat","embeddable":true,"href":"https:\/\/uj.adatbank.ro\/lexikon\/wp-json\/wp\/v2\/product_cat?post=11837"},{"taxonomy":"product_tag","embeddable":true,"href":"https:\/\/uj.adatbank.ro\/lexikon\/wp-json\/wp\/v2\/product_tag?post=11837"}],"curies":[{"name":"wp","href":"https:\/\/api.w.org\/{rel}","templated":true}]}}