{"id":11838,"date":"2025-06-29T14:06:39","date_gmt":"2025-06-29T12:06:39","guid":{"rendered":"https:\/\/uj.adatbank.ro\/lexikon\/termek\/keszy-harmath-sandor\/"},"modified":"2025-06-29T14:06:39","modified_gmt":"2025-06-29T12:06:39","slug":"keszy-harmath-sandor","status":"publish","type":"product","link":"https:\/\/uj.adatbank.ro\/lexikon\/termek\/keszy-harmath-sandor\/","title":{"rendered":"KESZY-HARMATH S\u00e1ndor"},"content":{"rendered":"<p>Torda, 1926. m\u00e1rc. 14. \u2020 ? \u2013 k\u00f6zgazdas\u00e1gi \u00e9s demogr\u00e1fiai szak\u00edr\u00f3. ~ Vera apja. K\u00f6z\u00e9piskol\u00e1it Kolozsv\u00e1rt a R\u00f3m. Kat. F\u0151gimn\u00e1ziumban (1945), fels\u0151bb tanulm\u00e1nyait a BTE jogi \u00e9s k\u00f6zgazdas\u00e1gi kar\u00e1n (1949) v\u00e9gezte. A M\u00f3ricz Zsigmond Koll\u00e9gium tagja volt. A BTE politikai gazdas\u00e1gtani tansz\u00e9k\u00e9n asszisztens, majd lektor, tagja az id\u0151szer\u0171 gazdas\u00e1gi k\u00e9rd\u00e9seket kutat\u00f3 csoportnak. Mv.-en a Tartom\u00e1nyi N\u00e9ptan\u00e1cs tervoszt\u00e1ly\u00e1n dolgozott (1957\u2013), aTartom\u00e1nyi P\u00e1rtiskola gazdas\u00e1gi tansz\u00e9kvezet\u0151je, K\u00f6zrem\u0171k\u00f6d\u00f6tt a tartom\u00e1nyr\u00f3l sz\u00f3l\u00f3 monogr\u00e1fia \u00f6ssze\u00e1ll\u00edt\u00e1s\u00e1ban: A Magyar Autonom Tartom\u00e1ny a fejl\u0151d\u00e9s \u00fatj\u00e1n, majd irredentizmussal \u00e9s szeparatizmussal v\u00e1dolva \u00e1ll\u00e1s\u00e1b\u00f3l elt\u00e1vol\u00edtott\u00e1k \u00e9s kiz\u00e1rt\u00e1k a p\u00e1rtb\u00f3l (1959. dec. -ben); az 5. sz\u00e1m\u00fa Aut\u00f3jav\u00edt\u00f3 V\u00e1llalat munkaszervez\u00e9si oszt\u00e1ly\u00e1t vezette (1960\u2013); a Kolozs megyei Tervez\u0151 \u00e9s Kutat\u00f3 Int\u00e9zet ter\u00fcletrendez\u00e9si r\u00e9szleg\u00e9nek k\u00f6zgazd\u00e1sza (1971\u2013). Els\u0151 \u00edr\u00e1sa 1947-ben jelent meg a Vil\u00e1goss\u00e1gban. Az Igazs\u00e1g, Rom\u00e1niai Magyar Sz\u00f3, ill. El\u0151re, V\u00f6r\u00f6s Z\u00e1szl\u00f3, V\u00f6r\u00f6s Lobog\u00f3 napilapok, a Korunk, Probleme Economice, Via\u0163a Economic\u0103 foly\u00f3iratok munkat\u00e1rsa. Feles\u00e9g\u00e9vel, K. Moravszky Edittel k\u00f6z\u00f6sen elemezte A kalotaszegi egyk\u00e9r\u0151l c. tanulm\u00e1nyban (Korunk 1957\/6) n\u00e9gy Kolozs megyei k\u00f6zs\u00e9g n\u00e9pmozgalmi adatait. Gy\u0171jtem\u00e9nyes k\u00f6tetekben szakdolgozatai jelentek meg. Tanulm\u00e1nyaival r\u00e9szt vett a Helsinkiben (1981) \u00e9s Budapesten (1983) megtartott eur\u00f3pai szociol\u00f3giai kongresszusokon; ut\u00f3bbin Dimitrie Gusti szociol\u00f3giai iskol\u00e1j\u00e1nak \u00e9s m\u00f3dszereinek a falusi ter\u00fcletek \u00f6vezetes\u00edt\u00e9s\u00e9ben val\u00f3 felhaszn\u00e1l\u00e1s\u00e1r\u00f3l \u00e9rtekezett. A Kolozs Megyei Tervez\u0151 \u00e9s Kutat\u00f3 Int\u00e9zet keret\u00e9ben a k\u00f6vetkez\u0151 tervek f\u0151n\u00f6ke volt: Kolozs megye v\u00e1rosainak fejl\u0151d\u00e9se a k\u00f6vetkez\u0151 h\u00fasz \u00e9vben; A falusi telep\u00fcl\u00e9sek fejleszt\u00e9s\u00e9nek k\u00e9rd\u00e9sei Kolozs megy\u00e9ben; A j\u00f6v\u0151beni v\u00e1rosok h\u00e1l\u00f3zata Kolozs megy\u00e9ben; A kisipar fejleszt\u00e9s\u00e9t szolg\u00e1l\u00f3 nyersanyagok azonos\u00edt\u00e1sa. A Babe\u015f\u2013Bolyai Egyetemmel k\u00f6z\u00f6sen dolgozott a Nyugati Szigethegys\u00e9g komplex fejleszt\u00e9si terv\u00e9n. \u2013 <strong>F. m.:<\/strong> <strong>t\u00e1rssz.:<\/strong> Kizs\u00e1km\u00e1nyol\u00e1s a t\u0151k\u00e9s Dermat\u00e1ban (Kv., 1953); Id\u0151szer\u0171 gazdas\u00e1gi k\u00e9rd\u00e9sek (Buk., 1955), N\u00e9pgazdas\u00e1gi tanulm\u00e1nyok (Buk., 1957); V\u00e1ltoz\u00f3 val\u00f3s\u00e1g (szociogr\u00e1fiai tanulm\u00e1nyok. Szerk. Imreh Istv\u00e1n; Buk., 1978, 1979); V\u00e1ltoz\u00f3 val\u00f3s\u00e1g1984 (V\u00e1roskutat\u00e1s. Szerk Egyed P\u00e9ter; Buk., 1984). <br \/><strong>Irod.:<\/strong> Bottoni 2008, Kiss Csekme; R\u00e9thy\u2013\u00dajv\u00e1ri\u2013V\u00e1czi; RMIL<\/br><\/p>\n","protected":false},"excerpt":{"rendered":"<p>Torda, 1926. m\u00e1rc. 14. \u2020 ? \u2013 k\u00f6zgazdas\u00e1gi \u00e9s demogr\u00e1fiai szak\u00edr\u00f3. ~ Vera apja. K\u00f6z\u00e9piskol\u00e1it Kolozsv\u00e1rt a R\u00f3m. Kat. F\u0151gimn\u00e1ziumban (1945), fels\u0151bb tanulm\u00e1nyait a BTE jogi \u00e9s k\u00f6zgazdas\u00e1gi kar\u00e1n (1949) v\u00e9gezte. A M\u00f3ricz Zsigmond Koll\u00e9gium tagja volt. A BTE politikai gazdas\u00e1gtani tansz\u00e9k\u00e9n asszisztens, majd lektor, tagja az id\u0151szer\u0171 gazdas\u00e1gi k\u00e9rd\u00e9seket kutat\u00f3 csoportnak. Mv.-en a Tartom\u00e1nyi [&hellip;]<\/p>\n","protected":false},"featured_media":0,"comment_status":"open","ping_status":"closed","template":"","meta":[],"product_brand":[],"product_cat":[137],"product_tag":[],"class_list":{"0":"post-11838","1":"product","2":"type-product","3":"status-publish","5":"product_cat-maros-megyei-eletrajzi-lexikon","7":"first","8":"instock","9":"shipping-taxable","10":"product-type-simple"},"_links":{"self":[{"href":"https:\/\/uj.adatbank.ro\/lexikon\/wp-json\/wp\/v2\/product\/11838","targetHints":{"allow":["GET"]}}],"collection":[{"href":"https:\/\/uj.adatbank.ro\/lexikon\/wp-json\/wp\/v2\/product"}],"about":[{"href":"https:\/\/uj.adatbank.ro\/lexikon\/wp-json\/wp\/v2\/types\/product"}],"replies":[{"embeddable":true,"href":"https:\/\/uj.adatbank.ro\/lexikon\/wp-json\/wp\/v2\/comments?post=11838"}],"wp:attachment":[{"href":"https:\/\/uj.adatbank.ro\/lexikon\/wp-json\/wp\/v2\/media?parent=11838"}],"wp:term":[{"taxonomy":"product_brand","embeddable":true,"href":"https:\/\/uj.adatbank.ro\/lexikon\/wp-json\/wp\/v2\/product_brand?post=11838"},{"taxonomy":"product_cat","embeddable":true,"href":"https:\/\/uj.adatbank.ro\/lexikon\/wp-json\/wp\/v2\/product_cat?post=11838"},{"taxonomy":"product_tag","embeddable":true,"href":"https:\/\/uj.adatbank.ro\/lexikon\/wp-json\/wp\/v2\/product_tag?post=11838"}],"curies":[{"name":"wp","href":"https:\/\/api.w.org\/{rel}","templated":true}]}}