{"id":11841,"date":"2025-06-29T14:06:45","date_gmt":"2025-06-29T12:06:45","guid":{"rendered":"https:\/\/uj.adatbank.ro\/lexikon\/termek\/kezdi-gyula\/"},"modified":"2025-06-29T14:06:45","modified_gmt":"2025-06-29T12:06:45","slug":"kezdi-gyula","status":"publish","type":"product","link":"https:\/\/uj.adatbank.ro\/lexikon\/termek\/kezdi-gyula\/","title":{"rendered":"K\u00c9ZDI Gyula"},"content":{"rendered":"<p>Teker\u0151patak, 1933. m\u00e1rc. 11., \u2020 Mv., 2008. m\u00e1j.: orvos, gyermek ortop\u00e9dseb\u00e9sz. \u2013 K. J\u00e1nos \u00e9s Farkas Julianna fia. Feles\u00e9ge Bern\u00e1d Erzs\u00e9bet (1932\u20132012), \u00e1ltal\u00e1nos orvos, allergi\u00e1s betegs\u00e9ge miatt r\u00f6vid ideig rendelt Mv.-en. \u2013 A MOGYI orvosszak\u00e1n v\u00e9gzett (1957). Cs\u00edkkarcfalv\u00e1n volt gyermekgy\u00f3gy\u00e1sz \u00e9s a falu k\u00f3rh\u00e1z\u00e1nak igazgat\u00f3ja (1957\u201362), a mv.-i Gyermekseb\u00e9szeti \u00e9s Ortop\u00e9diai klinika szakorvosa (1962\u201373), Tun\u00e9zi\u00e1ban az Orsz\u00e1gos Gyermekv\u00e9d\u0151 Int\u00e9zet szakorvosa (1973\u201375). Tanulm\u00e1nyait az Orvosi Szemle k\u00f6z\u00f6lte. Az Orvostud. T\u00e1rsas\u00e1g tagja. <br \/><strong>Irod.:<\/strong> EMKK; Kiss\u2013P\u00e9terffy\u2013P\u00e9terffy; Nagy L.<\/br><\/p>\n","protected":false},"excerpt":{"rendered":"<p>Teker\u0151patak, 1933. m\u00e1rc. 11., \u2020 Mv., 2008. m\u00e1j.: orvos, gyermek ortop\u00e9dseb\u00e9sz. \u2013 K. J\u00e1nos \u00e9s Farkas Julianna fia. Feles\u00e9ge Bern\u00e1d Erzs\u00e9bet (1932\u20132012), \u00e1ltal\u00e1nos orvos, allergi\u00e1s betegs\u00e9ge miatt r\u00f6vid ideig rendelt Mv.-en. \u2013 A MOGYI orvosszak\u00e1n v\u00e9gzett (1957). Cs\u00edkkarcfalv\u00e1n volt gyermekgy\u00f3gy\u00e1sz \u00e9s a falu k\u00f3rh\u00e1z\u00e1nak igazgat\u00f3ja (1957\u201362), a mv.-i Gyermekseb\u00e9szeti \u00e9s Ortop\u00e9diai klinika szakorvosa (1962\u201373), Tun\u00e9zi\u00e1ban [&hellip;]<\/p>\n","protected":false},"featured_media":0,"comment_status":"open","ping_status":"closed","template":"","meta":[],"product_brand":[],"product_cat":[137],"product_tag":[],"class_list":{"0":"post-11841","1":"product","2":"type-product","3":"status-publish","5":"product_cat-maros-megyei-eletrajzi-lexikon","7":"first","8":"instock","9":"shipping-taxable","10":"product-type-simple"},"_links":{"self":[{"href":"https:\/\/uj.adatbank.ro\/lexikon\/wp-json\/wp\/v2\/product\/11841","targetHints":{"allow":["GET"]}}],"collection":[{"href":"https:\/\/uj.adatbank.ro\/lexikon\/wp-json\/wp\/v2\/product"}],"about":[{"href":"https:\/\/uj.adatbank.ro\/lexikon\/wp-json\/wp\/v2\/types\/product"}],"replies":[{"embeddable":true,"href":"https:\/\/uj.adatbank.ro\/lexikon\/wp-json\/wp\/v2\/comments?post=11841"}],"wp:attachment":[{"href":"https:\/\/uj.adatbank.ro\/lexikon\/wp-json\/wp\/v2\/media?parent=11841"}],"wp:term":[{"taxonomy":"product_brand","embeddable":true,"href":"https:\/\/uj.adatbank.ro\/lexikon\/wp-json\/wp\/v2\/product_brand?post=11841"},{"taxonomy":"product_cat","embeddable":true,"href":"https:\/\/uj.adatbank.ro\/lexikon\/wp-json\/wp\/v2\/product_cat?post=11841"},{"taxonomy":"product_tag","embeddable":true,"href":"https:\/\/uj.adatbank.ro\/lexikon\/wp-json\/wp\/v2\/product_tag?post=11841"}],"curies":[{"name":"wp","href":"https:\/\/api.w.org\/{rel}","templated":true}]}}