{"id":11866,"date":"2025-06-29T14:07:33","date_gmt":"2025-06-29T12:07:33","guid":{"rendered":"https:\/\/uj.adatbank.ro\/lexikon\/termek\/kibedi-janos-2\/"},"modified":"2025-06-29T14:07:33","modified_gmt":"2025-06-29T12:07:33","slug":"kibedi-janos-2","status":"publish","type":"product","link":"https:\/\/uj.adatbank.ro\/lexikon\/termek\/kibedi-janos-2\/","title":{"rendered":"KIB\u00c9DI J\u00e1nos"},"content":{"rendered":"<p>? \u2020 Szab\u00e9d, ? : tan\u00edt\u00f3. \u2013 Tan\u00edtott Ny\u00e1r\u00e1dszentm\u00e1rtonban \u00e9s ell\u00e1tta a klk\u00e1ntori, harangoz\u00f3i feladatokat, alkalmakk\u00e9nt a lelk\u00e9szt is helyetes\u00edtette, gy\u00fcm\u00f6lcsf\u00e1kat \u00fcltetett (1828\u201338), elt\u00e1voz\u00e1sa el\u0151tt fellelt\u00e1rozt\u00e1k a szentm\u00e1rtoni mesteri h\u00e1zat, ez \u00e9rt\u00e9kes kordokumentum (1838). A szab\u00e9di iskol\u00e1ban folytatta a tan\u00edt\u00e1st. R\u00e9szt vett Pesty Frigyes eg\u00e9sz Mo.-ra \u00e9s Erd\u00e9lyre kiterjedt helyn\u00e9vgy\u0171jt\u00e9s\u00e9ben (1864\u201365). <br \/><strong>Irod.:<\/strong> Cs\u00edkfalva; Pesty 2014<\/br><\/p>\n","protected":false},"excerpt":{"rendered":"<p>? \u2020 Szab\u00e9d, ? : tan\u00edt\u00f3. \u2013 Tan\u00edtott Ny\u00e1r\u00e1dszentm\u00e1rtonban \u00e9s ell\u00e1tta a klk\u00e1ntori, harangoz\u00f3i feladatokat, alkalmakk\u00e9nt a lelk\u00e9szt is helyetes\u00edtette, gy\u00fcm\u00f6lcsf\u00e1kat \u00fcltetett (1828\u201338), elt\u00e1voz\u00e1sa el\u0151tt fellelt\u00e1rozt\u00e1k a szentm\u00e1rtoni mesteri h\u00e1zat, ez \u00e9rt\u00e9kes kordokumentum (1838). A szab\u00e9di iskol\u00e1ban folytatta a tan\u00edt\u00e1st. R\u00e9szt vett Pesty Frigyes eg\u00e9sz Mo.-ra \u00e9s Erd\u00e9lyre kiterjedt helyn\u00e9vgy\u0171jt\u00e9s\u00e9ben (1864\u201365). Irod.: Cs\u00edkfalva; Pesty 2014<\/p>\n","protected":false},"featured_media":0,"comment_status":"open","ping_status":"closed","template":"","meta":[],"product_brand":[],"product_cat":[137],"product_tag":[],"class_list":{"0":"post-11866","1":"product","2":"type-product","3":"status-publish","5":"product_cat-maros-megyei-eletrajzi-lexikon","7":"first","8":"instock","9":"shipping-taxable","10":"product-type-simple"},"_links":{"self":[{"href":"https:\/\/uj.adatbank.ro\/lexikon\/wp-json\/wp\/v2\/product\/11866","targetHints":{"allow":["GET"]}}],"collection":[{"href":"https:\/\/uj.adatbank.ro\/lexikon\/wp-json\/wp\/v2\/product"}],"about":[{"href":"https:\/\/uj.adatbank.ro\/lexikon\/wp-json\/wp\/v2\/types\/product"}],"replies":[{"embeddable":true,"href":"https:\/\/uj.adatbank.ro\/lexikon\/wp-json\/wp\/v2\/comments?post=11866"}],"wp:attachment":[{"href":"https:\/\/uj.adatbank.ro\/lexikon\/wp-json\/wp\/v2\/media?parent=11866"}],"wp:term":[{"taxonomy":"product_brand","embeddable":true,"href":"https:\/\/uj.adatbank.ro\/lexikon\/wp-json\/wp\/v2\/product_brand?post=11866"},{"taxonomy":"product_cat","embeddable":true,"href":"https:\/\/uj.adatbank.ro\/lexikon\/wp-json\/wp\/v2\/product_cat?post=11866"},{"taxonomy":"product_tag","embeddable":true,"href":"https:\/\/uj.adatbank.ro\/lexikon\/wp-json\/wp\/v2\/product_tag?post=11866"}],"curies":[{"name":"wp","href":"https:\/\/api.w.org\/{rel}","templated":true}]}}