{"id":11888,"date":"2025-06-29T14:08:15","date_gmt":"2025-06-29T12:08:15","guid":{"rendered":"https:\/\/uj.adatbank.ro\/lexikon\/termek\/kicsid-geza\/"},"modified":"2025-06-29T14:08:15","modified_gmt":"2025-06-29T12:08:15","slug":"kicsid-geza","status":"publish","type":"product","link":"https:\/\/uj.adatbank.ro\/lexikon\/termek\/kicsid-geza\/","title":{"rendered":"KICSID G\u00e9za"},"content":{"rendered":"<p>? \u2020 ?: r. k. pap. \u2013 Mv.-en volt seg\u00e9dlelk\u00e9sz, kinevezt\u00e9k Marosj\u00e1ra els\u0151 pl\u00e9b\u00e1nos\u00e1nak (1918\u201320), csak r\u00f6vid ideig, betegs\u00e9ge miatt. Az \u00faj pl\u00e9b\u00e1nia felt\u00e9teleit: templom, papi lak, iskola, anyagi alap Szab\u00f3 Gy\u00f6rgy f\u0151esperes-pl\u00e9b\u00e1nos el\u0151k\u00e9sz\u00edt\u0151 munk\u00e1j\u00e1nak lehetett k\u00f6vetkezm\u00e9nye. A pl\u00e9b\u00e1nia bet\u00f6ltetlen maradt (1930-ig). <br \/><strong>Irod.:<\/strong> Maros-k\u00fck\u00fcll\u0151i f\u0151esp.<\/br><\/p>\n","protected":false},"excerpt":{"rendered":"<p>? \u2020 ?: r. k. pap. \u2013 Mv.-en volt seg\u00e9dlelk\u00e9sz, kinevezt\u00e9k Marosj\u00e1ra els\u0151 pl\u00e9b\u00e1nos\u00e1nak (1918\u201320), csak r\u00f6vid ideig, betegs\u00e9ge miatt. Az \u00faj pl\u00e9b\u00e1nia felt\u00e9teleit: templom, papi lak, iskola, anyagi alap Szab\u00f3 Gy\u00f6rgy f\u0151esperes-pl\u00e9b\u00e1nos el\u0151k\u00e9sz\u00edt\u0151 munk\u00e1j\u00e1nak lehetett k\u00f6vetkezm\u00e9nye. A pl\u00e9b\u00e1nia bet\u00f6ltetlen maradt (1930-ig). Irod.: Maros-k\u00fck\u00fcll\u0151i f\u0151esp.<\/p>\n","protected":false},"featured_media":0,"comment_status":"open","ping_status":"closed","template":"","meta":[],"product_brand":[],"product_cat":[137],"product_tag":[],"class_list":{"0":"post-11888","1":"product","2":"type-product","3":"status-publish","5":"product_cat-maros-megyei-eletrajzi-lexikon","7":"first","8":"instock","9":"shipping-taxable","10":"product-type-simple"},"_links":{"self":[{"href":"https:\/\/uj.adatbank.ro\/lexikon\/wp-json\/wp\/v2\/product\/11888","targetHints":{"allow":["GET"]}}],"collection":[{"href":"https:\/\/uj.adatbank.ro\/lexikon\/wp-json\/wp\/v2\/product"}],"about":[{"href":"https:\/\/uj.adatbank.ro\/lexikon\/wp-json\/wp\/v2\/types\/product"}],"replies":[{"embeddable":true,"href":"https:\/\/uj.adatbank.ro\/lexikon\/wp-json\/wp\/v2\/comments?post=11888"}],"wp:attachment":[{"href":"https:\/\/uj.adatbank.ro\/lexikon\/wp-json\/wp\/v2\/media?parent=11888"}],"wp:term":[{"taxonomy":"product_brand","embeddable":true,"href":"https:\/\/uj.adatbank.ro\/lexikon\/wp-json\/wp\/v2\/product_brand?post=11888"},{"taxonomy":"product_cat","embeddable":true,"href":"https:\/\/uj.adatbank.ro\/lexikon\/wp-json\/wp\/v2\/product_cat?post=11888"},{"taxonomy":"product_tag","embeddable":true,"href":"https:\/\/uj.adatbank.ro\/lexikon\/wp-json\/wp\/v2\/product_tag?post=11888"}],"curies":[{"name":"wp","href":"https:\/\/api.w.org\/{rel}","templated":true}]}}