{"id":11891,"date":"2025-06-29T14:08:23","date_gmt":"2025-06-29T12:08:23","guid":{"rendered":"https:\/\/uj.adatbank.ro\/lexikon\/termek\/kieselstein-kalman-%c2%a7\/"},"modified":"2025-06-29T14:08:23","modified_gmt":"2025-06-29T12:08:23","slug":"kieselstein-kalman-%c2%a7","status":"publish","type":"product","link":"https:\/\/uj.adatbank.ro\/lexikon\/termek\/kieselstein-kalman-%c2%a7\/","title":{"rendered":"KIESELSTEIN K\u00e1lm\u00e1n, \u00a7"},"content":{"rendered":"<p>Palotailva, 1894., \u2020 ? : \u00fcvegkeresked\u0151. \u2013 Iskol\u00e1it Mv.-en a Ref. Koll.-ban v\u00e9gezte, a keresked\u00e9st \u00e9desapja \u00fczlet\u00e9ben tanulta. Az els\u0151 vh.-ban bevonult a mv.-i 62. gy. ezredhez (1915. dec. &#8211; 18. dec.), az alb\u00e1n fronton harcolt (1915\u201318), tizedesk\u00e9nt szerelt le. Kit\u00fcntet\u00e9se: K\u00e1roly cs. k. ig. a. \u00d6n\u00e1ll\u00f3an nyitott \u00fczletet Mv.-en (1924), ahol 6 alkalmazottat foglalkoztatott. Minden m. szoci\u00e1lis \u00e9s kultur\u00e1lis \u00fcgy t\u00e1mogat\u00f3ja volt. Mv.-r\u0151l deport\u00e1lt\u00e1k feles\u00e9g\u00e9vel (1900\u2013) egy\u00fctt (1944. m\u00e1j. 29.). <br \/><strong>Irod.:<\/strong> M. hadviselt zsid\u00f3k; Mv. zsid\u00f3s\u00e1ga; Sz\u00e9kelyf\u00f6ld \u00ed. k.<\/br><\/p>\n","protected":false},"excerpt":{"rendered":"<p>Palotailva, 1894., \u2020 ? : \u00fcvegkeresked\u0151. \u2013 Iskol\u00e1it Mv.-en a Ref. Koll.-ban v\u00e9gezte, a keresked\u00e9st \u00e9desapja \u00fczlet\u00e9ben tanulta. Az els\u0151 vh.-ban bevonult a mv.-i 62. gy. ezredhez (1915. dec. &#8211; 18. dec.), az alb\u00e1n fronton harcolt (1915\u201318), tizedesk\u00e9nt szerelt le. Kit\u00fcntet\u00e9se: K\u00e1roly cs. k. ig. a. \u00d6n\u00e1ll\u00f3an nyitott \u00fczletet Mv.-en (1924), ahol 6 alkalmazottat foglalkoztatott. [&hellip;]<\/p>\n","protected":false},"featured_media":0,"comment_status":"open","ping_status":"closed","template":"","meta":[],"product_brand":[],"product_cat":[137],"product_tag":[],"class_list":{"0":"post-11891","1":"product","2":"type-product","3":"status-publish","5":"product_cat-maros-megyei-eletrajzi-lexikon","7":"first","8":"instock","9":"shipping-taxable","10":"product-type-simple"},"_links":{"self":[{"href":"https:\/\/uj.adatbank.ro\/lexikon\/wp-json\/wp\/v2\/product\/11891","targetHints":{"allow":["GET"]}}],"collection":[{"href":"https:\/\/uj.adatbank.ro\/lexikon\/wp-json\/wp\/v2\/product"}],"about":[{"href":"https:\/\/uj.adatbank.ro\/lexikon\/wp-json\/wp\/v2\/types\/product"}],"replies":[{"embeddable":true,"href":"https:\/\/uj.adatbank.ro\/lexikon\/wp-json\/wp\/v2\/comments?post=11891"}],"wp:attachment":[{"href":"https:\/\/uj.adatbank.ro\/lexikon\/wp-json\/wp\/v2\/media?parent=11891"}],"wp:term":[{"taxonomy":"product_brand","embeddable":true,"href":"https:\/\/uj.adatbank.ro\/lexikon\/wp-json\/wp\/v2\/product_brand?post=11891"},{"taxonomy":"product_cat","embeddable":true,"href":"https:\/\/uj.adatbank.ro\/lexikon\/wp-json\/wp\/v2\/product_cat?post=11891"},{"taxonomy":"product_tag","embeddable":true,"href":"https:\/\/uj.adatbank.ro\/lexikon\/wp-json\/wp\/v2\/product_tag?post=11891"}],"curies":[{"name":"wp","href":"https:\/\/api.w.org\/{rel}","templated":true}]}}