{"id":11907,"date":"2025-06-29T14:08:55","date_gmt":"2025-06-29T12:08:55","guid":{"rendered":"https:\/\/uj.adatbank.ro\/lexikon\/termek\/kilyen-mozes\/"},"modified":"2025-06-29T14:08:55","modified_gmt":"2025-06-29T12:08:55","slug":"kilyen-mozes","status":"publish","type":"product","link":"https:\/\/uj.adatbank.ro\/lexikon\/termek\/kilyen-mozes\/","title":{"rendered":"KILY\u00c9N M\u00f3zes"},"content":{"rendered":"<p>Ikland, 1880., \u2020 ?: gazd\u00e1lkod\u00f3, f\u00f6ldm\u0171ves. \u2013 \u00d6n\u00e1ll\u00f3 gazda volt (1906\u2013), 30 holdas birtok\u00e1n sz\u00fcl\u0151faluj\u00e1ban. Az els\u0151 vh.-ban a 12. t\u00fcz\u00e9rezredben harcolt, t\u00f6bb kit\u00fcntet\u00e9st kapott. 9 \u00e9vig volt a k\u00f6zs\u00e9g bir\u00e1ja, a Sz\u00f6vetkezet vezet\u0151s\u00e9gi tagja, \u00e9s t\u00f6bb k\u00f6z\u00e9rdek\u0171 egyes\u00fcletben volt vezet\u0151. <br \/><strong>Irod.:<\/strong> Sz\u00e9kelyf\u00f6ld \u00ed. k<\/br><\/p>\n","protected":false},"excerpt":{"rendered":"<p>Ikland, 1880., \u2020 ?: gazd\u00e1lkod\u00f3, f\u00f6ldm\u0171ves. \u2013 \u00d6n\u00e1ll\u00f3 gazda volt (1906\u2013), 30 holdas birtok\u00e1n sz\u00fcl\u0151faluj\u00e1ban. Az els\u0151 vh.-ban a 12. t\u00fcz\u00e9rezredben harcolt, t\u00f6bb kit\u00fcntet\u00e9st kapott. 9 \u00e9vig volt a k\u00f6zs\u00e9g bir\u00e1ja, a Sz\u00f6vetkezet vezet\u0151s\u00e9gi tagja, \u00e9s t\u00f6bb k\u00f6z\u00e9rdek\u0171 egyes\u00fcletben volt vezet\u0151. Irod.: Sz\u00e9kelyf\u00f6ld \u00ed. k<\/p>\n","protected":false},"featured_media":0,"comment_status":"open","ping_status":"closed","template":"","meta":[],"product_brand":[],"product_cat":[137],"product_tag":[],"class_list":{"0":"post-11907","1":"product","2":"type-product","3":"status-publish","5":"product_cat-maros-megyei-eletrajzi-lexikon","7":"first","8":"instock","9":"shipping-taxable","10":"product-type-simple"},"_links":{"self":[{"href":"https:\/\/uj.adatbank.ro\/lexikon\/wp-json\/wp\/v2\/product\/11907","targetHints":{"allow":["GET"]}}],"collection":[{"href":"https:\/\/uj.adatbank.ro\/lexikon\/wp-json\/wp\/v2\/product"}],"about":[{"href":"https:\/\/uj.adatbank.ro\/lexikon\/wp-json\/wp\/v2\/types\/product"}],"replies":[{"embeddable":true,"href":"https:\/\/uj.adatbank.ro\/lexikon\/wp-json\/wp\/v2\/comments?post=11907"}],"wp:attachment":[{"href":"https:\/\/uj.adatbank.ro\/lexikon\/wp-json\/wp\/v2\/media?parent=11907"}],"wp:term":[{"taxonomy":"product_brand","embeddable":true,"href":"https:\/\/uj.adatbank.ro\/lexikon\/wp-json\/wp\/v2\/product_brand?post=11907"},{"taxonomy":"product_cat","embeddable":true,"href":"https:\/\/uj.adatbank.ro\/lexikon\/wp-json\/wp\/v2\/product_cat?post=11907"},{"taxonomy":"product_tag","embeddable":true,"href":"https:\/\/uj.adatbank.ro\/lexikon\/wp-json\/wp\/v2\/product_tag?post=11907"}],"curies":[{"name":"wp","href":"https:\/\/api.w.org\/{rel}","templated":true}]}}