{"id":11930,"date":"2025-06-29T14:09:44","date_gmt":"2025-06-29T12:09:44","guid":{"rendered":"https:\/\/uj.adatbank.ro\/lexikon\/termek\/kinizsi-mihaly-kinizsy-mihaly\/"},"modified":"2025-06-29T14:09:44","modified_gmt":"2025-06-29T12:09:44","slug":"kinizsi-mihaly-kinizsy-mihaly","status":"publish","type":"product","link":"https:\/\/uj.adatbank.ro\/lexikon\/termek\/kinizsi-mihaly-kinizsy-mihaly\/","title":{"rendered":"KINIZSI Mih\u00e1ly, Kinizsy Mih\u00e1ly"},"content":{"rendered":"<p>1823., \u2020 1890.: birtokos. \u2013 Feles\u00e9ge: Uttz\u00e1s Katalin (1824. \u2020 1906. m\u00e1rc. 2). Le\u00e1nyuk: Zsuzsa, gr. Hallern\u00e9. \u2013 Dics\u0151szentm\u00e1rtoni birtokos. Eml\u00e9k\u00fckre le\u00e1nyuk keny\u00e9roszt\u00f3 t\u00e1ny\u00e9rt \u00e9s ez\u00fcst serleget aj\u00e1nd\u00e9kozott a sz\u00f6kefalvi ref. egyh\u00e1zk\u00f6zs\u00e9gnek (1907 k.). <br \/><strong>Irod.:<\/strong> Az Erd\u00e9lyi Gazd\u00e1k 1879-ik \u00e9vi okt\u00f3ber h\u00f3 2- 5-\u00e9n Sepsiszentgy\u00f6rgy\u00f6n tartott \u00f6t\u00f6dik v\u00e1ndorgy\u0171l\u00e9s\u00e9nek jegyz\u0151k\u00f6nyve (Kv., 1879); K\u00fck\u00fcll\u0151i Ref. Egyh\u00e1zm. 4.<\/br><\/p>\n","protected":false},"excerpt":{"rendered":"<p>1823., \u2020 1890.: birtokos. \u2013 Feles\u00e9ge: Uttz\u00e1s Katalin (1824. \u2020 1906. m\u00e1rc. 2). Le\u00e1nyuk: Zsuzsa, gr. Hallern\u00e9. \u2013 Dics\u0151szentm\u00e1rtoni birtokos. Eml\u00e9k\u00fckre le\u00e1nyuk keny\u00e9roszt\u00f3 t\u00e1ny\u00e9rt \u00e9s ez\u00fcst serleget aj\u00e1nd\u00e9kozott a sz\u00f6kefalvi ref. egyh\u00e1zk\u00f6zs\u00e9gnek (1907 k.). Irod.: Az Erd\u00e9lyi Gazd\u00e1k 1879-ik \u00e9vi okt\u00f3ber h\u00f3 2- 5-\u00e9n Sepsiszentgy\u00f6rgy\u00f6n tartott \u00f6t\u00f6dik v\u00e1ndorgy\u0171l\u00e9s\u00e9nek jegyz\u0151k\u00f6nyve (Kv., 1879); K\u00fck\u00fcll\u0151i Ref. Egyh\u00e1zm. 4.<\/p>\n","protected":false},"featured_media":0,"comment_status":"open","ping_status":"closed","template":"","meta":[],"product_brand":[],"product_cat":[137],"product_tag":[],"class_list":{"0":"post-11930","1":"product","2":"type-product","3":"status-publish","5":"product_cat-maros-megyei-eletrajzi-lexikon","7":"first","8":"instock","9":"shipping-taxable","10":"product-type-simple"},"_links":{"self":[{"href":"https:\/\/uj.adatbank.ro\/lexikon\/wp-json\/wp\/v2\/product\/11930","targetHints":{"allow":["GET"]}}],"collection":[{"href":"https:\/\/uj.adatbank.ro\/lexikon\/wp-json\/wp\/v2\/product"}],"about":[{"href":"https:\/\/uj.adatbank.ro\/lexikon\/wp-json\/wp\/v2\/types\/product"}],"replies":[{"embeddable":true,"href":"https:\/\/uj.adatbank.ro\/lexikon\/wp-json\/wp\/v2\/comments?post=11930"}],"wp:attachment":[{"href":"https:\/\/uj.adatbank.ro\/lexikon\/wp-json\/wp\/v2\/media?parent=11930"}],"wp:term":[{"taxonomy":"product_brand","embeddable":true,"href":"https:\/\/uj.adatbank.ro\/lexikon\/wp-json\/wp\/v2\/product_brand?post=11930"},{"taxonomy":"product_cat","embeddable":true,"href":"https:\/\/uj.adatbank.ro\/lexikon\/wp-json\/wp\/v2\/product_cat?post=11930"},{"taxonomy":"product_tag","embeddable":true,"href":"https:\/\/uj.adatbank.ro\/lexikon\/wp-json\/wp\/v2\/product_tag?post=11930"}],"curies":[{"name":"wp","href":"https:\/\/api.w.org\/{rel}","templated":true}]}}