{"id":11940,"date":"2025-06-29T14:10:07","date_gmt":"2025-06-29T12:10:07","guid":{"rendered":"https:\/\/uj.adatbank.ro\/lexikon\/termek\/kiovini-iacob\/"},"modified":"2025-06-29T14:10:07","modified_gmt":"2025-06-29T12:10:07","slug":"kiovini-iacob","status":"publish","type":"product","link":"https:\/\/uj.adatbank.ro\/lexikon\/termek\/kiovini-iacob\/","title":{"rendered":"KIOVINI, Iacob"},"content":{"rendered":"<p>? \u2020 ? : \u00f3n\u00f6nt\u0151. \u2013 Mv.-en Nemes J\u00e1nos rendelt t\u0151le egy keny\u00e9roszt\u00f3 t\u00e1ny\u00e9rt, amit a mez\u0151bodoni egyh\u00e1zk\u00f6zs\u00e9gnek adom\u00e1nyozott (1827). Felirata: \u201eMarosv\u00e1s\u00e1rhelyi hites plog\u00e1r Nemes J\u00e1nos \u00e9s feles\u00e9ge B\u00e9res Erzs\u00e9bet. <br \/><strong>Irod.:<\/strong> K\u00fck\u00fcll\u0151i Ref. Egyh\u00e1zm. 4.<\/br><\/p>\n","protected":false},"excerpt":{"rendered":"<p>? \u2020 ? : \u00f3n\u00f6nt\u0151. \u2013 Mv.-en Nemes J\u00e1nos rendelt t\u0151le egy keny\u00e9roszt\u00f3 t\u00e1ny\u00e9rt, amit a mez\u0151bodoni egyh\u00e1zk\u00f6zs\u00e9gnek adom\u00e1nyozott (1827). Felirata: \u201eMarosv\u00e1s\u00e1rhelyi hites plog\u00e1r Nemes J\u00e1nos \u00e9s feles\u00e9ge B\u00e9res Erzs\u00e9bet. Irod.: K\u00fck\u00fcll\u0151i Ref. Egyh\u00e1zm. 4.<\/p>\n","protected":false},"featured_media":0,"comment_status":"open","ping_status":"closed","template":"","meta":[],"product_brand":[],"product_cat":[137],"product_tag":[],"class_list":{"0":"post-11940","1":"product","2":"type-product","3":"status-publish","5":"product_cat-maros-megyei-eletrajzi-lexikon","7":"first","8":"instock","9":"shipping-taxable","10":"product-type-simple"},"_links":{"self":[{"href":"https:\/\/uj.adatbank.ro\/lexikon\/wp-json\/wp\/v2\/product\/11940","targetHints":{"allow":["GET"]}}],"collection":[{"href":"https:\/\/uj.adatbank.ro\/lexikon\/wp-json\/wp\/v2\/product"}],"about":[{"href":"https:\/\/uj.adatbank.ro\/lexikon\/wp-json\/wp\/v2\/types\/product"}],"replies":[{"embeddable":true,"href":"https:\/\/uj.adatbank.ro\/lexikon\/wp-json\/wp\/v2\/comments?post=11940"}],"wp:attachment":[{"href":"https:\/\/uj.adatbank.ro\/lexikon\/wp-json\/wp\/v2\/media?parent=11940"}],"wp:term":[{"taxonomy":"product_brand","embeddable":true,"href":"https:\/\/uj.adatbank.ro\/lexikon\/wp-json\/wp\/v2\/product_brand?post=11940"},{"taxonomy":"product_cat","embeddable":true,"href":"https:\/\/uj.adatbank.ro\/lexikon\/wp-json\/wp\/v2\/product_cat?post=11940"},{"taxonomy":"product_tag","embeddable":true,"href":"https:\/\/uj.adatbank.ro\/lexikon\/wp-json\/wp\/v2\/product_tag?post=11940"}],"curies":[{"name":"wp","href":"https:\/\/api.w.org\/{rel}","templated":true}]}}