{"id":11947,"date":"2025-06-29T14:10:20","date_gmt":"2025-06-29T12:10:20","guid":{"rendered":"https:\/\/uj.adatbank.ro\/lexikon\/termek\/kiraly-laszlo\/"},"modified":"2025-06-29T14:10:20","modified_gmt":"2025-06-29T12:10:20","slug":"kiraly-laszlo","status":"publish","type":"product","link":"https:\/\/uj.adatbank.ro\/lexikon\/termek\/kiraly-laszlo\/","title":{"rendered":"KIR\u00c1LY L\u00e1szl\u00f3"},"content":{"rendered":"<p>1918., \u2020 S\u00f3v\u00e1rad, 1987. aug. 11.: tan\u00edt\u00f3-igazgat\u00f3. \u2013 Tanulm\u00e1nyait Nagyenyeden a Bethlen Koll.-ban \u00e9s a tan\u00edt\u00f3k\u00e9pz\u0151ben v\u00e9gezte el. Pedag\u00f3giai munk\u00e1ss\u00e1g\u00e1t S\u00f3v\u00e1radon kezdte, tan\u00edt\u00f3-igazgat\u00f3 (1940\u2013). Tan\u00edtott Ny\u00e1r\u00e1dg\u00e1lfalv\u00e1n (1948\u201351), onnan Cs\u00edkfalv\u00e1ra helyezt\u00e9k (1951\u201356), majd hazaker\u00fclt S\u00f3v\u00e1radra. A k\u00f6z\u00f6ktat\u00e1si miniszt\u00e9rium \u00e1ltalal beind\u00edtott programot, a tehets\u00e9ges gyermekek felkutat\u00e1s\u00e1t v\u00e9gezte Parajd, Szov\u00e1ta, S\u00f3v\u00e1rad, Kib\u00e9d, Makfalva, Atosfalva, Szentistv\u00e1n, Cs\u00f3kfalva \u00e9s a Kis-K\u00fck\u00fcll\u0151 ter\u00fclet\u00e9n, a mv.-i Ref. Koll.-ban T\u00f3th S\u00e1ndor sz\u00e1mtantan\u00e1r javaslat\u00e1ra v\u00e1lasztott\u00e1k ki B\u00f3di K\u00e1lm\u00e1nt \u00e9s T\u00f3th Gyul\u00e1t \u00f6szt\u00f6nd\u00edjasnak. Az Ifj\u00fas\u00e1gi Kereszt\u00e9ny Egyes\u00fclet eln\u00f6ke, a szoci\u00e1lis szervezetek helyi tagozat\u00e1nak jegyz\u0151je, a MP tagja volt. <br \/><strong>Irod.:<\/strong> Makfalvi okt. t\u00f6rt.; Ny\u00e1r\u00e1dg\u00e1lfalva; Sz\u00e9kelyf\u00f6ld \u00ed. k.; [Nekrol\u00f3g] (V. Z., 1987. j\u00fal. 12).<\/br><\/p>\n","protected":false},"excerpt":{"rendered":"<p>1918., \u2020 S\u00f3v\u00e1rad, 1987. aug. 11.: tan\u00edt\u00f3-igazgat\u00f3. \u2013 Tanulm\u00e1nyait Nagyenyeden a Bethlen Koll.-ban \u00e9s a tan\u00edt\u00f3k\u00e9pz\u0151ben v\u00e9gezte el. Pedag\u00f3giai munk\u00e1ss\u00e1g\u00e1t S\u00f3v\u00e1radon kezdte, tan\u00edt\u00f3-igazgat\u00f3 (1940\u2013). Tan\u00edtott Ny\u00e1r\u00e1dg\u00e1lfalv\u00e1n (1948\u201351), onnan Cs\u00edkfalv\u00e1ra helyezt\u00e9k (1951\u201356), majd hazaker\u00fclt S\u00f3v\u00e1radra. A k\u00f6z\u00f6ktat\u00e1si miniszt\u00e9rium \u00e1ltalal beind\u00edtott programot, a tehets\u00e9ges gyermekek felkutat\u00e1s\u00e1t v\u00e9gezte Parajd, Szov\u00e1ta, S\u00f3v\u00e1rad, Kib\u00e9d, Makfalva, Atosfalva, Szentistv\u00e1n, Cs\u00f3kfalva \u00e9s a [&hellip;]<\/p>\n","protected":false},"featured_media":0,"comment_status":"open","ping_status":"closed","template":"","meta":[],"product_brand":[],"product_cat":[137],"product_tag":[],"class_list":{"0":"post-11947","1":"product","2":"type-product","3":"status-publish","5":"product_cat-maros-megyei-eletrajzi-lexikon","7":"first","8":"instock","9":"shipping-taxable","10":"product-type-simple"},"_links":{"self":[{"href":"https:\/\/uj.adatbank.ro\/lexikon\/wp-json\/wp\/v2\/product\/11947","targetHints":{"allow":["GET"]}}],"collection":[{"href":"https:\/\/uj.adatbank.ro\/lexikon\/wp-json\/wp\/v2\/product"}],"about":[{"href":"https:\/\/uj.adatbank.ro\/lexikon\/wp-json\/wp\/v2\/types\/product"}],"replies":[{"embeddable":true,"href":"https:\/\/uj.adatbank.ro\/lexikon\/wp-json\/wp\/v2\/comments?post=11947"}],"wp:attachment":[{"href":"https:\/\/uj.adatbank.ro\/lexikon\/wp-json\/wp\/v2\/media?parent=11947"}],"wp:term":[{"taxonomy":"product_brand","embeddable":true,"href":"https:\/\/uj.adatbank.ro\/lexikon\/wp-json\/wp\/v2\/product_brand?post=11947"},{"taxonomy":"product_cat","embeddable":true,"href":"https:\/\/uj.adatbank.ro\/lexikon\/wp-json\/wp\/v2\/product_cat?post=11947"},{"taxonomy":"product_tag","embeddable":true,"href":"https:\/\/uj.adatbank.ro\/lexikon\/wp-json\/wp\/v2\/product_tag?post=11947"}],"curies":[{"name":"wp","href":"https:\/\/api.w.org\/{rel}","templated":true}]}}