{"id":11948,"date":"2025-06-29T14:10:23","date_gmt":"2025-06-29T12:10:23","guid":{"rendered":"https:\/\/uj.adatbank.ro\/lexikon\/termek\/kiraly-mihaly\/"},"modified":"2025-06-29T14:10:23","modified_gmt":"2025-06-29T12:10:23","slug":"kiraly-mihaly","status":"publish","type":"product","link":"https:\/\/uj.adatbank.ro\/lexikon\/termek\/kiraly-mihaly\/","title":{"rendered":"KIR\u00c1LY Mih\u00e1ly"},"content":{"rendered":"<p>? \u2020 Kisf\u00fclp\u00f6s, 1783. szept.: ref. lelk\u00e9sz \u00e9s tan\u00edt\u00f3. \u2013 Feles\u00e9ge Pataki Anna (mh. 1785). Radn\u00f3tf\u00e1j\u00e1n (1746\u201354) \u00e9s Abaf\u00e1j\u00e1n (1754\u201357), majd Kisf\u00fclp\u00f6s\u00f6n volt lelk\u00e9sz \u00e9s az iskola rektora (1758\u201382). A gy\u00fclekezet \u00f6nhatalm\u00falag nyugd\u00edjazta (1782. dec.) \u00daj harangot v\u00e1s\u00e1roltak a ref. templomnak (1766). <br \/><strong>Irod.:<\/strong> Abaf\u00e1ja; \u0150sz<\/br><\/p>\n","protected":false},"excerpt":{"rendered":"<p>? \u2020 Kisf\u00fclp\u00f6s, 1783. szept.: ref. lelk\u00e9sz \u00e9s tan\u00edt\u00f3. \u2013 Feles\u00e9ge Pataki Anna (mh. 1785). Radn\u00f3tf\u00e1j\u00e1n (1746\u201354) \u00e9s Abaf\u00e1j\u00e1n (1754\u201357), majd Kisf\u00fclp\u00f6s\u00f6n volt lelk\u00e9sz \u00e9s az iskola rektora (1758\u201382). A gy\u00fclekezet \u00f6nhatalm\u00falag nyugd\u00edjazta (1782. dec.) \u00daj harangot v\u00e1s\u00e1roltak a ref. templomnak (1766). Irod.: Abaf\u00e1ja; \u0150sz<\/p>\n","protected":false},"featured_media":0,"comment_status":"open","ping_status":"closed","template":"","meta":[],"product_brand":[],"product_cat":[137],"product_tag":[],"class_list":{"0":"post-11948","1":"product","2":"type-product","3":"status-publish","5":"product_cat-maros-megyei-eletrajzi-lexikon","7":"first","8":"instock","9":"shipping-taxable","10":"product-type-simple"},"_links":{"self":[{"href":"https:\/\/uj.adatbank.ro\/lexikon\/wp-json\/wp\/v2\/product\/11948","targetHints":{"allow":["GET"]}}],"collection":[{"href":"https:\/\/uj.adatbank.ro\/lexikon\/wp-json\/wp\/v2\/product"}],"about":[{"href":"https:\/\/uj.adatbank.ro\/lexikon\/wp-json\/wp\/v2\/types\/product"}],"replies":[{"embeddable":true,"href":"https:\/\/uj.adatbank.ro\/lexikon\/wp-json\/wp\/v2\/comments?post=11948"}],"wp:attachment":[{"href":"https:\/\/uj.adatbank.ro\/lexikon\/wp-json\/wp\/v2\/media?parent=11948"}],"wp:term":[{"taxonomy":"product_brand","embeddable":true,"href":"https:\/\/uj.adatbank.ro\/lexikon\/wp-json\/wp\/v2\/product_brand?post=11948"},{"taxonomy":"product_cat","embeddable":true,"href":"https:\/\/uj.adatbank.ro\/lexikon\/wp-json\/wp\/v2\/product_cat?post=11948"},{"taxonomy":"product_tag","embeddable":true,"href":"https:\/\/uj.adatbank.ro\/lexikon\/wp-json\/wp\/v2\/product_tag?post=11948"}],"curies":[{"name":"wp","href":"https:\/\/api.w.org\/{rel}","templated":true}]}}