{"id":11959,"date":"2025-06-29T14:10:45","date_gmt":"2025-06-29T12:10:45","guid":{"rendered":"https:\/\/uj.adatbank.ro\/lexikon\/termek\/kirchekel-johann\/"},"modified":"2025-06-29T14:10:45","modified_gmt":"2025-06-29T12:10:45","slug":"kirchekel-johann","status":"publish","type":"product","link":"https:\/\/uj.adatbank.ro\/lexikon\/termek\/kirchekel-johann\/","title":{"rendered":"KIRCHEKEL, Johann"},"content":{"rendered":"<p>? \u2020 ? : \u00f3r\u00e1smester. \u2013 Segesv\u00e1ron, a 13. \u2013 14. sz. fordul\u00f3j\u00e1n \u00e9p\u00fclt \u00f3ratoronyba a r\u00e9gi kezdetleges \u00f3ra hely\u00e9re egy egyedi szerkeszt\u00e9s\u0171 torony\u00f3r\u00e1t \u00e9p\u00edtett be, olyant, amilyen akkor m\u00e9g nem l\u00e9tezett eg\u00e9sz Erd\u00e9lyben (1648). Az \u00faj szerkezet\u0171 \u00f3ra mutatta a perceket, minden negyed \u00f3r\u00e1ban \u00fct\u00f6tt \u00e9s minden eg\u00e9sz \u00f3r\u00e1ban jellegzetes figur\u00e1kat (sz\u00e1m szerint 15-db. -t) hozott mozg\u00e1sba. Ez a szerkezet napjainkban is m\u0171k\u00f6dik, Segesv\u00e1r egyik legvonz\u00f3bb nevezetess\u00e9ge, turist\u00e1k ezrei csod\u00e1lj\u00e1k meg. <br \/><strong>Irod.:<\/strong> Sighi\u015foara: Comorile Trans.<\/br><\/p>\n","protected":false},"excerpt":{"rendered":"<p>? \u2020 ? : \u00f3r\u00e1smester. \u2013 Segesv\u00e1ron, a 13. \u2013 14. sz. fordul\u00f3j\u00e1n \u00e9p\u00fclt \u00f3ratoronyba a r\u00e9gi kezdetleges \u00f3ra hely\u00e9re egy egyedi szerkeszt\u00e9s\u0171 torony\u00f3r\u00e1t \u00e9p\u00edtett be, olyant, amilyen akkor m\u00e9g nem l\u00e9tezett eg\u00e9sz Erd\u00e9lyben (1648). Az \u00faj szerkezet\u0171 \u00f3ra mutatta a perceket, minden negyed \u00f3r\u00e1ban \u00fct\u00f6tt \u00e9s minden eg\u00e9sz \u00f3r\u00e1ban jellegzetes figur\u00e1kat (sz\u00e1m szerint 15-db. [&hellip;]<\/p>\n","protected":false},"featured_media":0,"comment_status":"open","ping_status":"closed","template":"","meta":[],"product_brand":[],"product_cat":[137],"product_tag":[],"class_list":{"0":"post-11959","1":"product","2":"type-product","3":"status-publish","5":"product_cat-maros-megyei-eletrajzi-lexikon","7":"first","8":"instock","9":"shipping-taxable","10":"product-type-simple"},"_links":{"self":[{"href":"https:\/\/uj.adatbank.ro\/lexikon\/wp-json\/wp\/v2\/product\/11959","targetHints":{"allow":["GET"]}}],"collection":[{"href":"https:\/\/uj.adatbank.ro\/lexikon\/wp-json\/wp\/v2\/product"}],"about":[{"href":"https:\/\/uj.adatbank.ro\/lexikon\/wp-json\/wp\/v2\/types\/product"}],"replies":[{"embeddable":true,"href":"https:\/\/uj.adatbank.ro\/lexikon\/wp-json\/wp\/v2\/comments?post=11959"}],"wp:attachment":[{"href":"https:\/\/uj.adatbank.ro\/lexikon\/wp-json\/wp\/v2\/media?parent=11959"}],"wp:term":[{"taxonomy":"product_brand","embeddable":true,"href":"https:\/\/uj.adatbank.ro\/lexikon\/wp-json\/wp\/v2\/product_brand?post=11959"},{"taxonomy":"product_cat","embeddable":true,"href":"https:\/\/uj.adatbank.ro\/lexikon\/wp-json\/wp\/v2\/product_cat?post=11959"},{"taxonomy":"product_tag","embeddable":true,"href":"https:\/\/uj.adatbank.ro\/lexikon\/wp-json\/wp\/v2\/product_tag?post=11959"}],"curies":[{"name":"wp","href":"https:\/\/api.w.org\/{rel}","templated":true}]}}