{"id":11960,"date":"2025-06-29T14:10:47","date_gmt":"2025-06-29T12:10:47","guid":{"rendered":"https:\/\/uj.adatbank.ro\/lexikon\/termek\/kirchner-janos-karoly-johann-karl\/"},"modified":"2025-06-29T14:10:47","modified_gmt":"2025-06-29T12:10:47","slug":"kirchner-janos-karoly-johann-karl","status":"publish","type":"product","link":"https:\/\/uj.adatbank.ro\/lexikon\/termek\/kirchner-janos-karoly-johann-karl\/","title":{"rendered":"KIRCHNER J\u00e1nos K\u00e1roly; Johann Karl"},"content":{"rendered":"<p>Sz\u00e1szv\u00e1ros, 1821. \u00e1pr. 9., \u2020 Mv., 1850. m\u00e1rc. 1.: hadnagy. \u2013 K\u00f6z\u00e9piskolai tanulm\u00e1nyait sz\u00fcl\u0151v\u00e1ros\u00e1ban kezdte (1838), Nagyszebenben v\u00e9gezte, majd uo. a jogi akad\u00e9mia hallgat\u00f3ja (1844\u2013), itt jelentek meg els\u0151 k\u00f6ltem\u00e9nyei amelyeket a sz\u00ednh\u00e1z sz\u00e1m\u00e1ra \u00edrt Holm K\u00e1roly n\u00e9ven. Sz\u00e1szv\u00e1roson v\u00e1rosi irnok; a Kir\u00e1lyi T\u00e1bl\u00e1n gyakornok Kv.-on \u00e9s Mv.-en; a forradalom miatt jogi tanulm\u00e1nyait f\u00e9lbehagyta, sz\u00fcl\u0151v\u00e1ros\u00e1ban \u00e9lt, az uni\u00f3t ellenezte, majd Puchner t\u00e1bornok felh\u00edv\u00e1s\u00e1ra a sz\u00e1sz vad\u00e1szcsapatba l\u00e9pett \u00e9s Bem ellen harcolt (1849), Gyulafeh\u00e9rv\u00e1r ostrom\u00e1n\u00e1l megbetegedett \u00e9s k\u00e9s\u0151bb tifuszban meghalt Mv.-en. \u2013 <strong>F. m.:<\/strong> Gedichte (Kronstadt, 1852). <br \/><strong>Irod.:<\/strong> Pint\u00e9r; Puk\u00e1nszky B\u00e9la : A magyaroi n\u00e9met irodalom t\u00f6rt\u00e9nete (Bp., 1926); S\u00e2n-Giorgiu, Ion : Aspecte literare (Sibiu, 1938); Szinnyei<\/br><\/p>\n","protected":false},"excerpt":{"rendered":"<p>Sz\u00e1szv\u00e1ros, 1821. \u00e1pr. 9., \u2020 Mv., 1850. m\u00e1rc. 1.: hadnagy. \u2013 K\u00f6z\u00e9piskolai tanulm\u00e1nyait sz\u00fcl\u0151v\u00e1ros\u00e1ban kezdte (1838), Nagyszebenben v\u00e9gezte, majd uo. a jogi akad\u00e9mia hallgat\u00f3ja (1844\u2013), itt jelentek meg els\u0151 k\u00f6ltem\u00e9nyei amelyeket a sz\u00ednh\u00e1z sz\u00e1m\u00e1ra \u00edrt Holm K\u00e1roly n\u00e9ven. Sz\u00e1szv\u00e1roson v\u00e1rosi irnok; a Kir\u00e1lyi T\u00e1bl\u00e1n gyakornok Kv.-on \u00e9s Mv.-en; a forradalom miatt jogi tanulm\u00e1nyait f\u00e9lbehagyta, sz\u00fcl\u0151v\u00e1ros\u00e1ban [&hellip;]<\/p>\n","protected":false},"featured_media":0,"comment_status":"open","ping_status":"closed","template":"","meta":[],"product_brand":[],"product_cat":[137],"product_tag":[],"class_list":{"0":"post-11960","1":"product","2":"type-product","3":"status-publish","5":"product_cat-maros-megyei-eletrajzi-lexikon","7":"first","8":"instock","9":"shipping-taxable","10":"product-type-simple"},"_links":{"self":[{"href":"https:\/\/uj.adatbank.ro\/lexikon\/wp-json\/wp\/v2\/product\/11960","targetHints":{"allow":["GET"]}}],"collection":[{"href":"https:\/\/uj.adatbank.ro\/lexikon\/wp-json\/wp\/v2\/product"}],"about":[{"href":"https:\/\/uj.adatbank.ro\/lexikon\/wp-json\/wp\/v2\/types\/product"}],"replies":[{"embeddable":true,"href":"https:\/\/uj.adatbank.ro\/lexikon\/wp-json\/wp\/v2\/comments?post=11960"}],"wp:attachment":[{"href":"https:\/\/uj.adatbank.ro\/lexikon\/wp-json\/wp\/v2\/media?parent=11960"}],"wp:term":[{"taxonomy":"product_brand","embeddable":true,"href":"https:\/\/uj.adatbank.ro\/lexikon\/wp-json\/wp\/v2\/product_brand?post=11960"},{"taxonomy":"product_cat","embeddable":true,"href":"https:\/\/uj.adatbank.ro\/lexikon\/wp-json\/wp\/v2\/product_cat?post=11960"},{"taxonomy":"product_tag","embeddable":true,"href":"https:\/\/uj.adatbank.ro\/lexikon\/wp-json\/wp\/v2\/product_tag?post=11960"}],"curies":[{"name":"wp","href":"https:\/\/api.w.org\/{rel}","templated":true}]}}