{"id":11965,"date":"2025-06-29T14:10:55","date_gmt":"2025-06-29T12:10:55","guid":{"rendered":"https:\/\/uj.adatbank.ro\/lexikon\/termek\/kirsch-lajos\/"},"modified":"2025-06-29T14:10:55","modified_gmt":"2025-06-29T12:10:55","slug":"kirsch-lajos","status":"publish","type":"product","link":"https:\/\/uj.adatbank.ro\/lexikon\/termek\/kirsch-lajos\/","title":{"rendered":"KIRSCH Lajos"},"content":{"rendered":"<p>1929. \u2020 Mv., 2010. m\u00e1j. 11.: tan\u00e1r. \u2013 Feles\u00e9ge: Zs\u00f3ka. Testv\u00e9r\u00f6ccse Attila (Mv., \/ \u00d6csi, feles\u00e9ge Ilona, l\u00e1nyuk Ildik\u00f3, Nagyb\u00e1ny\u00e1n laktak; P\u00e9ter \u00e9s feles\u00e9ge Johanna; L\u00e1szl\u00f3 \u00e9s feles\u00e9ge Enik\u0151, Anyai nagyapja Gergely G\u00e9za \u2013 Pityu b\u00e1csi \u00e9s feles\u00e9ge R\u00f3za \u2013 \u00d3zsi mama. Anyai nagysz\u00fcl\u0151k: Irma \u00e9s Ludi. &#8211; Sz\u00fclei Mv.-en a S\u00f6rh\u00e1z u. laktak, kisiparos, r\u00e1di\u00f3\u00fczlete volt. A testv\u00e9rei. Gergely L\u00e1szl\u00f3 \u00e9s Jen\u0151. Feles\u00e9ge: Gergely M\u00e1rta (1933\u20132010. okt. 23.). A fiaik: Attila, g\u00e9p\u00e9szm\u00e9rn\u00f6k (Mv., 1960. szept. 30. \u2013) \u00e9s Norbert. Lajos (Mv., 1955. szept. 21. \u2013)- Kv.-on v\u00e9gzett magyar nyelvszakon. Mv.-en a volt Tan\u00e1rk\u00e9pz\u0151 F\u0151iskol\u00e1n, majd a Bolyai Farkas K\u00f6z\u00e9piskol\u00e1ban magyartan\u00e1r. Irodalmi k\u00f6r\u00f6ket vezetett \u00e9s fogalmaz\u00e1si versenyeket rendezett. Fontosnak tartotta az anyanyelv haszn\u00e1lat\u00e1nak jog\u00e1t. Egyes fokozat\u00fa pedag\u00f3gus. \u2013 <strong>F. m.:<\/strong> Gy\u00e9m\u00e1ntcsiszol\u00f3k: Eml\u00e9kk\u00f6nyv \/Kirsch Attila \u00f6ssze\u00e1ll\u00edt\u00e1sa. A sz\u00f6veget gondozta Buksa \u00c9va M\u00e1ria. \u2013 Mv., 2020. <br \/><strong>Irod.:<\/strong> Kirsch Attila: \u201eAz elt\u0171nt id\u0151 nyom\u00e1ban\u201d = Kirsch; Kirsch Ildik\u00f3: \u00c9desany\u00e1mra \u00e9s \u00c9desap\u00e1mra eml\u00e9kezve = Kirsch; Kirsch Lajos: Eml\u00e9kek Sz\u00fcleimr\u0151l = Kirsch; Kirsch Csongor: Igazi, j\u00f3s\u00e1gos, mesebeli Nagyany\u00e1m \u00e9s a \u201eMesefa\u201d Nagytat\u00e1m eml\u00e9k\u00e9re = Kirsch; Kirsch Andrea: Megosztott\u00e1k velem a tud\u00e1sukat = Kirsch; Gergely L\u00e1szl\u00f3: El\u0151t\u00f6r\u0151 eml\u00e9kek, Zolt\u00e1n Ildik\u00f3: 2019. kar\u00e1csonyi lev\u00e9l a t\u00falvil\u00e1gra = Kirsch; V\u00e1k\u00e1r Tam\u00e1s Csaba: Kedves eml\u00e9keim a Kirsch csal\u00e1dr\u00f3l! M\u00e1rkos Ferenc: Eml\u00e9keim sz\u00fcleidr\u0151l = Kirsch; Ferenczy Barna: Eml\u00e9kek a Bolyai L\u00edceum tan\u00e1rair\u00f3l \u00e9s di\u00e1kjair\u00f3l az 1980\u201390-es \u00e9vekb\u0151l = Kirsch; Buksa \u00c9va M\u00e1ria: A b\u00f6lcsess\u00e9g asztal\u00e1n\u00e1l\u2026 = Kirsch; Sebesty\u00e9n Spielmann Mih\u00e1ly: Eml\u00e9ksorok = Kirsch; L\u00e9n\u00e1rt Val\u00e9ria: A k\u00f6lcs\u00f6n\u00f6s szeretet \u00e1lland\u00f3 volt\u2026 = Kirsch; Gergely L\u00e1szl\u00f3, ifj.: \u201eN\u00e9ha j\u00f3 a m\u00faltban \u00e9lni. Nem mehet\u00fcnk vissza\u201d = Kirsch; Enyedi L\u00e1szl\u00f3: Sz\u00fcleid nagytud\u00e1s\u00fa, igazs\u00e1gos, p\u00e9ldamutat\u00f3, meg\u00e9rt\u0151, seg\u00edt\u0151k\u00e9sz tan\u00e1rok voltak! = Kirsch; Eml\u00e9kez\u00e9s Kirsch Lajos tan\u00e1r \u00farr\u00f3l \u00e9s munk\u00e1ss\u00e1g\u00e1r\u00f3l = Kirsch; Weszely \u00c9va: Ha Lalira gondolok\u2026 = Kirsch; B\u00edr\u00f3 Domokos: Kirsch Lajos Tan\u00e1r \u00far eml\u00e9kezet\u00e9re = Kirsch; Kov\u00e1cs P\u00e1lffy Zs\u00f3ka: Az egyik legszentebb hivat\u00e1s tan\u00e1rnak lenni! = Kirsch; Dancs Telch R\u00f3za: Kirsch tan\u00e1r \u00far megb\u00edzhat\u00f3 volt = Kirsch; B\u00f6l\u00f6ni Domokos: Kirsch Lajos, az abszol\u00fat helyes\u00edr\u00f3! = Kirsch; Nemes Istv\u00e1n G\u00e1bor: Csod\u00e1latos ember \u00e9s rendk\u00edv\u00fcl j\u00f3 tan\u00e1r volt! = Kirsch; Vulk\u00e1n Zita: H\u00e1l\u00e1val \u00e9s k\u00f6sz\u00f6nettel tartozom a Tan\u00e1r \u00farnak = Kirsch.<\/br><\/p>\n","protected":false},"excerpt":{"rendered":"<p>1929. \u2020 Mv., 2010. m\u00e1j. 11.: tan\u00e1r. \u2013 Feles\u00e9ge: Zs\u00f3ka. Testv\u00e9r\u00f6ccse Attila (Mv., \/ \u00d6csi, feles\u00e9ge Ilona, l\u00e1nyuk Ildik\u00f3, Nagyb\u00e1ny\u00e1n laktak; P\u00e9ter \u00e9s feles\u00e9ge Johanna; L\u00e1szl\u00f3 \u00e9s feles\u00e9ge Enik\u0151, Anyai nagyapja Gergely G\u00e9za \u2013 Pityu b\u00e1csi \u00e9s feles\u00e9ge R\u00f3za \u2013 \u00d3zsi mama. Anyai nagysz\u00fcl\u0151k: Irma \u00e9s Ludi. &#8211; Sz\u00fclei Mv.-en a S\u00f6rh\u00e1z u. laktak, kisiparos, [&hellip;]<\/p>\n","protected":false},"featured_media":0,"comment_status":"open","ping_status":"closed","template":"","meta":[],"product_brand":[],"product_cat":[137],"product_tag":[],"class_list":{"0":"post-11965","1":"product","2":"type-product","3":"status-publish","5":"product_cat-maros-megyei-eletrajzi-lexikon","7":"first","8":"instock","9":"shipping-taxable","10":"product-type-simple"},"_links":{"self":[{"href":"https:\/\/uj.adatbank.ro\/lexikon\/wp-json\/wp\/v2\/product\/11965","targetHints":{"allow":["GET"]}}],"collection":[{"href":"https:\/\/uj.adatbank.ro\/lexikon\/wp-json\/wp\/v2\/product"}],"about":[{"href":"https:\/\/uj.adatbank.ro\/lexikon\/wp-json\/wp\/v2\/types\/product"}],"replies":[{"embeddable":true,"href":"https:\/\/uj.adatbank.ro\/lexikon\/wp-json\/wp\/v2\/comments?post=11965"}],"wp:attachment":[{"href":"https:\/\/uj.adatbank.ro\/lexikon\/wp-json\/wp\/v2\/media?parent=11965"}],"wp:term":[{"taxonomy":"product_brand","embeddable":true,"href":"https:\/\/uj.adatbank.ro\/lexikon\/wp-json\/wp\/v2\/product_brand?post=11965"},{"taxonomy":"product_cat","embeddable":true,"href":"https:\/\/uj.adatbank.ro\/lexikon\/wp-json\/wp\/v2\/product_cat?post=11965"},{"taxonomy":"product_tag","embeddable":true,"href":"https:\/\/uj.adatbank.ro\/lexikon\/wp-json\/wp\/v2\/product_tag?post=11965"}],"curies":[{"name":"wp","href":"https:\/\/api.w.org\/{rel}","templated":true}]}}