{"id":11985,"date":"2025-06-29T14:11:36","date_gmt":"2025-06-29T12:11:36","guid":{"rendered":"https:\/\/uj.adatbank.ro\/lexikon\/termek\/kis-janos-vitez\/"},"modified":"2025-06-29T14:11:36","modified_gmt":"2025-06-29T12:11:36","slug":"kis-janos-vitez","status":"publish","type":"product","link":"https:\/\/uj.adatbank.ro\/lexikon\/termek\/kis-janos-vitez\/","title":{"rendered":"KIS J\u00e1nos, vit\u00e9z"},"content":{"rendered":"<p>Erd\u0151szentgy\u00f6rgy, 1883. m\u00e1rc. 24., \u2020 Bp., 1944. dec. 8.: alt\u00e1bornagy. \u2013 A M. Nemzeti Felkel\u00e9s Felszabad\u00edt\u00f3 Bizotts\u00e1g\u00e1nak katonai vezet\u0151je. A bp.-i Margit k\u00f6r\u00fat katonai fegyh\u00e1z\u00e1ban kiv\u00e9gezt\u00e9k. <br \/><strong>Irod.:<\/strong> Harmat J\u00f3zsef: Roma holokauszt a Gr\u00e1ber-t\u00f3n\u00e1l. A sz\u00e9kesfeh\u00e9rv\u00e1ri \u00e9s v\u00e1rpalotai cig\u00e1nyok t\u00f6meges kiv\u00e9gz\u00e9se V\u00e1rpalot\u00e1n 1945-ben (V\u00e1rpalota-Veszpr\u00e9m, 2015).<\/br><\/p>\n","protected":false},"excerpt":{"rendered":"<p>Erd\u0151szentgy\u00f6rgy, 1883. m\u00e1rc. 24., \u2020 Bp., 1944. dec. 8.: alt\u00e1bornagy. \u2013 A M. Nemzeti Felkel\u00e9s Felszabad\u00edt\u00f3 Bizotts\u00e1g\u00e1nak katonai vezet\u0151je. A bp.-i Margit k\u00f6r\u00fat katonai fegyh\u00e1z\u00e1ban kiv\u00e9gezt\u00e9k. Irod.: Harmat J\u00f3zsef: Roma holokauszt a Gr\u00e1ber-t\u00f3n\u00e1l. A sz\u00e9kesfeh\u00e9rv\u00e1ri \u00e9s v\u00e1rpalotai cig\u00e1nyok t\u00f6meges kiv\u00e9gz\u00e9se V\u00e1rpalot\u00e1n 1945-ben (V\u00e1rpalota-Veszpr\u00e9m, 2015).<\/p>\n","protected":false},"featured_media":0,"comment_status":"open","ping_status":"closed","template":"","meta":[],"product_brand":[],"product_cat":[137],"product_tag":[],"class_list":{"0":"post-11985","1":"product","2":"type-product","3":"status-publish","5":"product_cat-maros-megyei-eletrajzi-lexikon","7":"first","8":"instock","9":"shipping-taxable","10":"product-type-simple"},"_links":{"self":[{"href":"https:\/\/uj.adatbank.ro\/lexikon\/wp-json\/wp\/v2\/product\/11985","targetHints":{"allow":["GET"]}}],"collection":[{"href":"https:\/\/uj.adatbank.ro\/lexikon\/wp-json\/wp\/v2\/product"}],"about":[{"href":"https:\/\/uj.adatbank.ro\/lexikon\/wp-json\/wp\/v2\/types\/product"}],"replies":[{"embeddable":true,"href":"https:\/\/uj.adatbank.ro\/lexikon\/wp-json\/wp\/v2\/comments?post=11985"}],"wp:attachment":[{"href":"https:\/\/uj.adatbank.ro\/lexikon\/wp-json\/wp\/v2\/media?parent=11985"}],"wp:term":[{"taxonomy":"product_brand","embeddable":true,"href":"https:\/\/uj.adatbank.ro\/lexikon\/wp-json\/wp\/v2\/product_brand?post=11985"},{"taxonomy":"product_cat","embeddable":true,"href":"https:\/\/uj.adatbank.ro\/lexikon\/wp-json\/wp\/v2\/product_cat?post=11985"},{"taxonomy":"product_tag","embeddable":true,"href":"https:\/\/uj.adatbank.ro\/lexikon\/wp-json\/wp\/v2\/product_tag?post=11985"}],"curies":[{"name":"wp","href":"https:\/\/api.w.org\/{rel}","templated":true}]}}