{"id":12029,"date":"2025-06-29T14:13:03","date_gmt":"2025-06-29T12:13:03","guid":{"rendered":"https:\/\/uj.adatbank.ro\/lexikon\/termek\/kis-eri-gyorgy-kiseri\/"},"modified":"2025-06-29T14:13:03","modified_gmt":"2025-06-29T12:13:03","slug":"kis-eri-gyorgy-kiseri","status":"publish","type":"product","link":"https:\/\/uj.adatbank.ro\/lexikon\/termek\/kis-eri-gyorgy-kiseri\/","title":{"rendered":"KIS-ERI Gy\u00f6rgy; Kis\u00e9ri"},"content":{"rendered":"<p>? \u2020 Fogaras, ?: ref. oktat\u00f3, rektor, a particula igazgat\u00f3ja k\u00e9t\u00edzben is. \u2013 Mv.-en tanult a 17. sz. v\u00e9g\u00e9n, majd elfoglalta a tan\u00edt\u00f3i sz\u00e9ket (1689. nov. 30.) \u00e9s egy \u00e9v m\u00falva a szintaktika oszt\u00e1lyban tan\u00edtott, senior lett (1691). Tanulm\u00e1nyait a nagyenyedi koll.-ban folytatta (1693\u20131700), ott is oszt\u00e1llytan\u00edt\u00f3, jur\u00e1tus k\u00e9s\u0151bb konszkriba \u00e9s szenior. Megh\u00edvt\u00e1k Mv. -re rektornak (1700. szept. 30. \u2013 1703. jan. 25.), bek\u00f6sz\u00f6nt\u0151j\u00e9t De communione sanctorum c\u00edmmel (1700. okt 4) tartotta. Harminc tanul\u00f3 mell\u00e9 rektors\u00e1ga idej\u00e9n m\u00e9g 22 tanul\u00f3 iratkozott be. Harmadszorra is lem\u00e1solta a sk\u00f3la t\u00f6rv\u00e9nyeit. A neh\u00e9z t\u00f6rt\u00e9nelmi viszonyok miatt sors\u00e1val nem volt megel\u00e9gedve. K\u00e9t \u00e9vi \u00e9s n\u00e9gy havi keserves id\u0151 ut\u00e1n ehagyta az iskol\u00e1t, hogy n\u00e9gy \u00e9v m\u00falva \u00fajb\u00f3l elfoglalja rektori sz\u00e9k\u00e9t. Nev\u00e9hez f\u0171z\u0151dik a sk\u00f3la k\u00f6nyveinek fellelt\u00e1roz\u00e1sa \u00e9s c\u00edmt\u00e1rba val\u00f3 foglal\u00e1sa, mert a mostoha id\u0151kben ezek k\u00f6z\u00fcl sok elveszett. Felm\u00e9rte a l\u00e9tez\u0151 200 k\u00f6nyv \u00e1llapot\u00e1t, megnevezte kiad\u00e1suk hely\u00e9t \u00e9s idej\u00e9t. \u00d6ssze\u00e1ll\u00edtotta a mv.-i Schola Particula (a Ref. Koll. el\u0151dje) k\u00f6nyvt\u00e1r\u00e1nak els\u0151 rendszeres katal\u00f3gus\u00e1t (1707), mikor II. R\u00e1k\u00f3czi Ferencet az ogy. fejedelemm\u00e9 v\u00e1lasztotta (1707\u201314). N\u00e9zetelt\u00e9r\u00e9sei voltak a v\u00e1rosi tan\u00e1ccsal, \u00e9s a ref. lelk\u00e9sszel, ez\u00e9rt a tan\u00e1cs felmondott neki, vizsg\u00e1ztat\u00e1si jog\u00e1t\u00f3l megfosztott\u00e1k, fizet\u00e9s\u00e9t megvont\u00e1k, de \u0151 nem hagyta igaz\u00e1t, felebbez\u00e9st adott be az egyh\u00e1zmegyei f\u0151gondnokhoz (1711. jan. 2.). A matrikula bejegyzett 36 rektora k\u00f6z\u00fcl \u0151 a m\u00e1sodik rektor aki k\u00e9tszer viselte ezt a tiszts\u00e9get \u00e9s \u0151 vezette a leghosszabb ideig a sk\u00f3l\u00e1t (egy \u00e9vtizedig). Mv.-r\u0151l Fogarasra ment ahol szint\u00e9n igazgat\u00f3 (1715\u2013) ott hunyt el pestitben. Koncz J. kivonatokat k\u00f6z\u00f6l leveleib\u0151l amelyek \u00e9rdekesen \u00edrj\u00e1k le az iskola akkori \u00e1llapot\u00e1t. <br \/><strong>Irod.:<\/strong> Chiorean 2008; Farcz\u00e1dy Elek: A marosv\u00e1s\u00e1rhjelyi Bolyai tudom\u00e1nyos k\u00f6nyvt\u00e1r  =  Eml\u00e9kk. K. L. 80; Id\u0151t\u00e1r 1; Koncz; Kozma ; Kr\u00f3n. F\u00fcz. (1940. 4\/10); Rugonfalvi-Kiss; Szinnyei<\/br><\/p>\n","protected":false},"excerpt":{"rendered":"<p>? \u2020 Fogaras, ?: ref. oktat\u00f3, rektor, a particula igazgat\u00f3ja k\u00e9t\u00edzben is. \u2013 Mv.-en tanult a 17. sz. v\u00e9g\u00e9n, majd elfoglalta a tan\u00edt\u00f3i sz\u00e9ket (1689. nov. 30.) \u00e9s egy \u00e9v m\u00falva a szintaktika oszt\u00e1lyban tan\u00edtott, senior lett (1691). Tanulm\u00e1nyait a nagyenyedi koll.-ban folytatta (1693\u20131700), ott is oszt\u00e1llytan\u00edt\u00f3, jur\u00e1tus k\u00e9s\u0151bb konszkriba \u00e9s szenior. Megh\u00edvt\u00e1k Mv. -re [&hellip;]<\/p>\n","protected":false},"featured_media":0,"comment_status":"open","ping_status":"closed","template":"","meta":[],"product_brand":[],"product_cat":[137],"product_tag":[],"class_list":{"0":"post-12029","1":"product","2":"type-product","3":"status-publish","5":"product_cat-maros-megyei-eletrajzi-lexikon","7":"first","8":"instock","9":"shipping-taxable","10":"product-type-simple"},"_links":{"self":[{"href":"https:\/\/uj.adatbank.ro\/lexikon\/wp-json\/wp\/v2\/product\/12029","targetHints":{"allow":["GET"]}}],"collection":[{"href":"https:\/\/uj.adatbank.ro\/lexikon\/wp-json\/wp\/v2\/product"}],"about":[{"href":"https:\/\/uj.adatbank.ro\/lexikon\/wp-json\/wp\/v2\/types\/product"}],"replies":[{"embeddable":true,"href":"https:\/\/uj.adatbank.ro\/lexikon\/wp-json\/wp\/v2\/comments?post=12029"}],"wp:attachment":[{"href":"https:\/\/uj.adatbank.ro\/lexikon\/wp-json\/wp\/v2\/media?parent=12029"}],"wp:term":[{"taxonomy":"product_brand","embeddable":true,"href":"https:\/\/uj.adatbank.ro\/lexikon\/wp-json\/wp\/v2\/product_brand?post=12029"},{"taxonomy":"product_cat","embeddable":true,"href":"https:\/\/uj.adatbank.ro\/lexikon\/wp-json\/wp\/v2\/product_cat?post=12029"},{"taxonomy":"product_tag","embeddable":true,"href":"https:\/\/uj.adatbank.ro\/lexikon\/wp-json\/wp\/v2\/product_tag?post=12029"}],"curies":[{"name":"wp","href":"https:\/\/api.w.org\/{rel}","templated":true}]}}