{"id":12041,"date":"2025-06-29T14:13:26","date_gmt":"2025-06-29T12:13:26","guid":{"rendered":"https:\/\/uj.adatbank.ro\/lexikon\/termek\/kispal-lajos-sepsiszentivanyi\/"},"modified":"2025-06-29T14:13:26","modified_gmt":"2025-06-29T12:13:26","slug":"kispal-lajos-sepsiszentivanyi","status":"publish","type":"product","link":"https:\/\/uj.adatbank.ro\/lexikon\/termek\/kispal-lajos-sepsiszentivanyi\/","title":{"rendered":"KISP\u00c1L Lajos, sepsiszentiv\u00e1nyi"},"content":{"rendered":"<p>1811., \u2020 Sz\u0151kefalva, 1877: f\u00f6ldbirtokos. \u2013 Sepsiszentiv\u00e1nyi K. L\u00e1szl\u00f3 \u00e9s M\u00e1t\u00e9 Kl\u00e1ra fia. Feles\u00e9ge: Fronius M\u00e1ria. \u2013 Sz\u0151kefalv\u00e1n gazd\u00e1lkodott. Az Erd\u00e9lyi Gazd\u00e1nak volt munkat\u00e1rsa. R\u00e9szben aranyozott ez\u00fcst kelyhet aj\u00e1nd\u00e9kozott a sz\u0151kefalvi ref. egyh\u00e1zk\u00f6zs\u00e9gnek (1852). \u2013 <strong>F. m.:<\/strong> <strong>antol\u00f3g.:<\/strong> k\u00f6ltem\u00e9nye: Sz\u00edve ki\u00f6ml\u00e9se a marosv\u00e1s\u00e1rhelyi ref. coll\u00e9gyomb\u00e9li ifj\u00fas\u00e1gnak egy kedves attya hal\u00e1l\u00e1n (Mv., 1829). <br \/><strong>Irod.:<\/strong> K\u00fck\u00fcll\u0151i Ref. Egyh\u00e1zm. 4.; Szinnyei<\/br><\/p>\n","protected":false},"excerpt":{"rendered":"<p>1811., \u2020 Sz\u0151kefalva, 1877: f\u00f6ldbirtokos. \u2013 Sepsiszentiv\u00e1nyi K. L\u00e1szl\u00f3 \u00e9s M\u00e1t\u00e9 Kl\u00e1ra fia. Feles\u00e9ge: Fronius M\u00e1ria. \u2013 Sz\u0151kefalv\u00e1n gazd\u00e1lkodott. Az Erd\u00e9lyi Gazd\u00e1nak volt munkat\u00e1rsa. R\u00e9szben aranyozott ez\u00fcst kelyhet aj\u00e1nd\u00e9kozott a sz\u0151kefalvi ref. egyh\u00e1zk\u00f6zs\u00e9gnek (1852). \u2013 F. m.: antol\u00f3g.: k\u00f6ltem\u00e9nye: Sz\u00edve ki\u00f6ml\u00e9se a marosv\u00e1s\u00e1rhelyi ref. coll\u00e9gyomb\u00e9li ifj\u00fas\u00e1gnak egy kedves attya hal\u00e1l\u00e1n (Mv., 1829). Irod.: K\u00fck\u00fcll\u0151i Ref. [&hellip;]<\/p>\n","protected":false},"featured_media":0,"comment_status":"open","ping_status":"closed","template":"","meta":[],"product_brand":[],"product_cat":[137],"product_tag":[],"class_list":{"0":"post-12041","1":"product","2":"type-product","3":"status-publish","5":"product_cat-maros-megyei-eletrajzi-lexikon","7":"first","8":"instock","9":"shipping-taxable","10":"product-type-simple"},"_links":{"self":[{"href":"https:\/\/uj.adatbank.ro\/lexikon\/wp-json\/wp\/v2\/product\/12041","targetHints":{"allow":["GET"]}}],"collection":[{"href":"https:\/\/uj.adatbank.ro\/lexikon\/wp-json\/wp\/v2\/product"}],"about":[{"href":"https:\/\/uj.adatbank.ro\/lexikon\/wp-json\/wp\/v2\/types\/product"}],"replies":[{"embeddable":true,"href":"https:\/\/uj.adatbank.ro\/lexikon\/wp-json\/wp\/v2\/comments?post=12041"}],"wp:attachment":[{"href":"https:\/\/uj.adatbank.ro\/lexikon\/wp-json\/wp\/v2\/media?parent=12041"}],"wp:term":[{"taxonomy":"product_brand","embeddable":true,"href":"https:\/\/uj.adatbank.ro\/lexikon\/wp-json\/wp\/v2\/product_brand?post=12041"},{"taxonomy":"product_cat","embeddable":true,"href":"https:\/\/uj.adatbank.ro\/lexikon\/wp-json\/wp\/v2\/product_cat?post=12041"},{"taxonomy":"product_tag","embeddable":true,"href":"https:\/\/uj.adatbank.ro\/lexikon\/wp-json\/wp\/v2\/product_tag?post=12041"}],"curies":[{"name":"wp","href":"https:\/\/api.w.org\/{rel}","templated":true}]}}