{"id":12042,"date":"2025-06-29T14:13:28","date_gmt":"2025-06-29T12:13:28","guid":{"rendered":"https:\/\/uj.adatbank.ro\/lexikon\/termek\/kispal-laszlo-sepsiszentivanyi\/"},"modified":"2025-06-29T14:13:28","modified_gmt":"2025-06-29T12:13:28","slug":"kispal-laszlo-sepsiszentivanyi","status":"publish","type":"product","link":"https:\/\/uj.adatbank.ro\/lexikon\/termek\/kispal-laszlo-sepsiszentivanyi\/","title":{"rendered":"KISP\u00c1L L\u00e1szl\u00f3, sepsiszentiv\u00e1nyi"},"content":{"rendered":"<p>? \u2020 ?: f\u0151b\u00edr\u00f3. \u2013 Feles\u00e9ge: M\u00e1t\u00e9 Kl\u00e1ra. Fi\u00fak: Lajos. \u2013 K\u00fck\u00fcll\u0151 v\u00e1rmegyei f\u0151b\u00edr\u00f3. A sz\u0151kefalvi ref. egyh\u00e1zk\u00f6zs\u00e9g gondnoka volt (19. sz. els\u0151 fele). <br \/><strong>Irod.:<\/strong> K\u00fck\u00fcll\u0151i Ref. Egyh\u00e1zm. 4.<\/br><\/p>\n","protected":false},"excerpt":{"rendered":"<p>? \u2020 ?: f\u0151b\u00edr\u00f3. \u2013 Feles\u00e9ge: M\u00e1t\u00e9 Kl\u00e1ra. Fi\u00fak: Lajos. \u2013 K\u00fck\u00fcll\u0151 v\u00e1rmegyei f\u0151b\u00edr\u00f3. A sz\u0151kefalvi ref. egyh\u00e1zk\u00f6zs\u00e9g gondnoka volt (19. sz. els\u0151 fele). Irod.: K\u00fck\u00fcll\u0151i Ref. Egyh\u00e1zm. 4.<\/p>\n","protected":false},"featured_media":0,"comment_status":"open","ping_status":"closed","template":"","meta":[],"product_brand":[],"product_cat":[137],"product_tag":[],"class_list":{"0":"post-12042","1":"product","2":"type-product","3":"status-publish","5":"product_cat-maros-megyei-eletrajzi-lexikon","7":"first","8":"instock","9":"shipping-taxable","10":"product-type-simple"},"_links":{"self":[{"href":"https:\/\/uj.adatbank.ro\/lexikon\/wp-json\/wp\/v2\/product\/12042","targetHints":{"allow":["GET"]}}],"collection":[{"href":"https:\/\/uj.adatbank.ro\/lexikon\/wp-json\/wp\/v2\/product"}],"about":[{"href":"https:\/\/uj.adatbank.ro\/lexikon\/wp-json\/wp\/v2\/types\/product"}],"replies":[{"embeddable":true,"href":"https:\/\/uj.adatbank.ro\/lexikon\/wp-json\/wp\/v2\/comments?post=12042"}],"wp:attachment":[{"href":"https:\/\/uj.adatbank.ro\/lexikon\/wp-json\/wp\/v2\/media?parent=12042"}],"wp:term":[{"taxonomy":"product_brand","embeddable":true,"href":"https:\/\/uj.adatbank.ro\/lexikon\/wp-json\/wp\/v2\/product_brand?post=12042"},{"taxonomy":"product_cat","embeddable":true,"href":"https:\/\/uj.adatbank.ro\/lexikon\/wp-json\/wp\/v2\/product_cat?post=12042"},{"taxonomy":"product_tag","embeddable":true,"href":"https:\/\/uj.adatbank.ro\/lexikon\/wp-json\/wp\/v2\/product_tag?post=12042"}],"curies":[{"name":"wp","href":"https:\/\/api.w.org\/{rel}","templated":true}]}}