{"id":12050,"date":"2025-06-29T14:13:46","date_gmt":"2025-06-29T12:13:46","guid":{"rendered":"https:\/\/uj.adatbank.ro\/lexikon\/termek\/kiss-andras-2\/"},"modified":"2025-06-29T14:13:46","modified_gmt":"2025-06-29T12:13:46","slug":"kiss-andras-2","status":"publish","type":"product","link":"https:\/\/uj.adatbank.ro\/lexikon\/termek\/kiss-andras-2\/","title":{"rendered":"KISS Andr\u00e1s"},"content":{"rendered":"<p>Cs\u00edkszereda, 1867. nov. 23., \u2020 Cs\u00edkszereda, 1942. dec. 14.: r. k. pap. \u2013 Tanulm\u00e1nyait Cs\u00edksomly\u00f3n, K\u00e9zdiv\u00e1s\u00e1rhelyen, Gyulafeh\u00e9rv\u00e1ron v\u00e9gezte. Papp\u00e1 szentelt\u00e9k (1891. j\u00fal. 15.). K\u00e1pl\u00e1n volr Ny\u00e1r\u00e1dremet\u00e9n, Mv.-en (1892). Pl\u00e9b\u00e1nos Szenth\u00e1roms\u00e1gon (1896), Oroszhegyen (1900), L\u00e1z\u00e1rfalv\u00e1n nyugd\u00edjaz\u00e1s\u00e1ig (1924\u201338). <br \/><strong>Irod.:<\/strong> Ferenczi S\u00e1ndor 2009<\/br><\/p>\n","protected":false},"excerpt":{"rendered":"<p>Cs\u00edkszereda, 1867. nov. 23., \u2020 Cs\u00edkszereda, 1942. dec. 14.: r. k. pap. \u2013 Tanulm\u00e1nyait Cs\u00edksomly\u00f3n, K\u00e9zdiv\u00e1s\u00e1rhelyen, Gyulafeh\u00e9rv\u00e1ron v\u00e9gezte. Papp\u00e1 szentelt\u00e9k (1891. j\u00fal. 15.). K\u00e1pl\u00e1n volr Ny\u00e1r\u00e1dremet\u00e9n, Mv.-en (1892). Pl\u00e9b\u00e1nos Szenth\u00e1roms\u00e1gon (1896), Oroszhegyen (1900), L\u00e1z\u00e1rfalv\u00e1n nyugd\u00edjaz\u00e1s\u00e1ig (1924\u201338). Irod.: Ferenczi S\u00e1ndor 2009<\/p>\n","protected":false},"featured_media":0,"comment_status":"open","ping_status":"closed","template":"","meta":[],"product_brand":[],"product_cat":[137],"product_tag":[],"class_list":{"0":"post-12050","1":"product","2":"type-product","3":"status-publish","5":"product_cat-maros-megyei-eletrajzi-lexikon","7":"first","8":"instock","9":"shipping-taxable","10":"product-type-simple"},"_links":{"self":[{"href":"https:\/\/uj.adatbank.ro\/lexikon\/wp-json\/wp\/v2\/product\/12050","targetHints":{"allow":["GET"]}}],"collection":[{"href":"https:\/\/uj.adatbank.ro\/lexikon\/wp-json\/wp\/v2\/product"}],"about":[{"href":"https:\/\/uj.adatbank.ro\/lexikon\/wp-json\/wp\/v2\/types\/product"}],"replies":[{"embeddable":true,"href":"https:\/\/uj.adatbank.ro\/lexikon\/wp-json\/wp\/v2\/comments?post=12050"}],"wp:attachment":[{"href":"https:\/\/uj.adatbank.ro\/lexikon\/wp-json\/wp\/v2\/media?parent=12050"}],"wp:term":[{"taxonomy":"product_brand","embeddable":true,"href":"https:\/\/uj.adatbank.ro\/lexikon\/wp-json\/wp\/v2\/product_brand?post=12050"},{"taxonomy":"product_cat","embeddable":true,"href":"https:\/\/uj.adatbank.ro\/lexikon\/wp-json\/wp\/v2\/product_cat?post=12050"},{"taxonomy":"product_tag","embeddable":true,"href":"https:\/\/uj.adatbank.ro\/lexikon\/wp-json\/wp\/v2\/product_tag?post=12050"}],"curies":[{"name":"wp","href":"https:\/\/api.w.org\/{rel}","templated":true}]}}