{"id":12053,"date":"2025-06-29T14:13:50","date_gmt":"2025-06-29T12:13:50","guid":{"rendered":"https:\/\/uj.adatbank.ro\/lexikon\/termek\/kiss-anna-%c2%a7\/"},"modified":"2025-06-29T14:13:50","modified_gmt":"2025-06-29T12:13:50","slug":"kiss-anna-%c2%a7","status":"publish","type":"product","link":"https:\/\/uj.adatbank.ro\/lexikon\/termek\/kiss-anna-%c2%a7\/","title":{"rendered":"KISS Anna, \u00a7"},"content":{"rendered":"<p>Koronka, 1915. j\u00fal. 23. \u2020 Kisg\u00f6rg\u00e9ny, ? : naiv fest\u0151m\u0171v\u00e9sz. \u2013 V\u00e1szonra \u00e9s kartonra festett olajjal. Mv.-en lakott. \u00d6regs\u00e9g\u00e9re \u00e1tk\u00f6lt\u00f6z\u00f6tt Kisg\u00f6rg\u00e9nybe. Bandi Dezs\u0151 felfigyelt munk\u00e1ss\u00e1g\u00e1ra, naiv m\u0171v\u00e9szeti alkot\u00e1saival orsz\u00e1gos \u00e9s nemzetk\u00f6zi ki\u00e1ll\u00edt\u00e1sokon is szerepelt. Alap\u00edt\u00f3 tagja a Szakszervezetek M\u0171vel\u0151d\u00e9si H\u00e1za \u00e9gisze alatt m\u0171k\u00f6d\u0151 Naiv K\u00e9pz\u0151m\u0171v\u00e9szek Klubj\u00e1nak (1972. szept. 15.) \u00e9s a Maros Megyei Amat\u00f6r K\u00e9pz\u0151m\u0171v\u00e9szek Egyes\u00fclet\u00e9nek (1977. jan. 30.). Ki\u00e1ll\u00edt\u00e1sokon m\u0171veivel els\u0151 d\u00edjakat nyert. &#8211; <strong>F. ki\u00e1ll.:<\/strong> csoportos: Mv.-en az Alkot\u00e1sok H\u00e1za szervez\u00e9s\u00e9ben els\u0151 naiv m\u0171v\u00e9szeti ki\u00e1ll. (1970. j\u00fal. 19- aug. 16.), Buk.-ben II. d\u00edjat kapott az orsz\u00e1gos ki\u00e1ll. (1977. j\u00fan.); Kv.-on, Mv.-en szerepelt megyei t\u00e1rlatokon, d\u00edjakkal jutalmazt\u00e1k (1979\u201389). Alkot\u00e1saib\u00f3l tal\u00e1lhat\u00f3k Rom\u00e1ni\u00e1n k\u00edv\u00fcl Ausztri\u00e1ban, Mo.-on, N\u00e9met- \u00e9s Franciao.-ban, az AE\u00c1-ban. <br \/><strong>Irod.:<\/strong> Bandi Dezs\u0151: Expozi\u0163ia de art\u0103 naiv\u0103 (Tg. M., 1970); Banner 1995; Brodskaia, Nathalia: L\u2019Art Naif (New York, 2000); International exhibition of self-taught art (Bratislava-Slovacia, 2007); Iftinchi, Costel: Enciclopedie: 50 de ani de art\u0103 naiv\u0103 \u00een Rom\u00e2nia\u201d, autor: Costel Iftinchi (Ia\u015fi, 2010.); Masek, Victor Ernest: Arta naiv\u0103 (Buc., 1989); Opri\u015f 2018< Opri\u015f-Mure\u015fan: AAPM; Opri\u015f 2018; Savonea, Vasile: Arta naiv\u0103 \u00een Rom\u00e2nia (Buc., 1980); Todea 2013; Wiesner, Herbert: Die Naiv kunst Rumaniens (Tg. M., 2002)<\/br><\/p>\n","protected":false},"excerpt":{"rendered":"<p>Koronka, 1915. j\u00fal. 23. \u2020 Kisg\u00f6rg\u00e9ny, ? : naiv fest\u0151m\u0171v\u00e9sz. \u2013 V\u00e1szonra \u00e9s kartonra festett olajjal. Mv.-en lakott. \u00d6regs\u00e9g\u00e9re \u00e1tk\u00f6lt\u00f6z\u00f6tt Kisg\u00f6rg\u00e9nybe. Bandi Dezs\u0151 felfigyelt munk\u00e1ss\u00e1g\u00e1ra, naiv m\u0171v\u00e9szeti alkot\u00e1saival orsz\u00e1gos \u00e9s nemzetk\u00f6zi ki\u00e1ll\u00edt\u00e1sokon is szerepelt. Alap\u00edt\u00f3 tagja a Szakszervezetek M\u0171vel\u0151d\u00e9si H\u00e1za \u00e9gisze alatt m\u0171k\u00f6d\u0151 Naiv K\u00e9pz\u0151m\u0171v\u00e9szek Klubj\u00e1nak (1972. szept. 15.) \u00e9s a Maros Megyei Amat\u00f6r K\u00e9pz\u0151m\u0171v\u00e9szek [&hellip;]<\/p>\n","protected":false},"featured_media":0,"comment_status":"open","ping_status":"closed","template":"","meta":[],"product_brand":[],"product_cat":[137],"product_tag":[],"class_list":{"0":"post-12053","1":"product","2":"type-product","3":"status-publish","5":"product_cat-maros-megyei-eletrajzi-lexikon","7":"first","8":"instock","9":"shipping-taxable","10":"product-type-simple"},"_links":{"self":[{"href":"https:\/\/uj.adatbank.ro\/lexikon\/wp-json\/wp\/v2\/product\/12053","targetHints":{"allow":["GET"]}}],"collection":[{"href":"https:\/\/uj.adatbank.ro\/lexikon\/wp-json\/wp\/v2\/product"}],"about":[{"href":"https:\/\/uj.adatbank.ro\/lexikon\/wp-json\/wp\/v2\/types\/product"}],"replies":[{"embeddable":true,"href":"https:\/\/uj.adatbank.ro\/lexikon\/wp-json\/wp\/v2\/comments?post=12053"}],"wp:attachment":[{"href":"https:\/\/uj.adatbank.ro\/lexikon\/wp-json\/wp\/v2\/media?parent=12053"}],"wp:term":[{"taxonomy":"product_brand","embeddable":true,"href":"https:\/\/uj.adatbank.ro\/lexikon\/wp-json\/wp\/v2\/product_brand?post=12053"},{"taxonomy":"product_cat","embeddable":true,"href":"https:\/\/uj.adatbank.ro\/lexikon\/wp-json\/wp\/v2\/product_cat?post=12053"},{"taxonomy":"product_tag","embeddable":true,"href":"https:\/\/uj.adatbank.ro\/lexikon\/wp-json\/wp\/v2\/product_tag?post=12053"}],"curies":[{"name":"wp","href":"https:\/\/api.w.org\/{rel}","templated":true}]}}