{"id":12057,"date":"2025-06-29T14:13:59","date_gmt":"2025-06-29T12:13:59","guid":{"rendered":"https:\/\/uj.adatbank.ro\/lexikon\/termek\/kiss-arpad-2\/"},"modified":"2025-06-29T14:13:59","modified_gmt":"2025-06-29T12:13:59","slug":"kiss-arpad-2","status":"publish","type":"product","link":"https:\/\/uj.adatbank.ro\/lexikon\/termek\/kiss-arpad-2\/","title":{"rendered":"KISS \u00c1rp\u00e1d"},"content":{"rendered":"<p>Mv., 1912., \u2020 Mv., 1997. j\u00fal. 9.: futballedz\u0151. \u2013 V\u00e1s\u00e1rhely egyik legjobb szakembere volt mint edz\u0151 (1950\u201380), sz\u00e1mos helyi labdar\u00fag\u00f3 k\u00f6sz\u00f6nheti neki karrierj\u00e9t, k\u00f6zt\u00fck Vakarcs Domokos is. A fogs\u00e1gb\u00f3l t\u00e9rt haza. Kezdetben a mv.-i CFR \u00e9s a t\u00f6rpecsapata edz\u0151je volt (1948), majd az A oszt\u00e1lyos mv.-i Locomotiva ificsapat\u00e1t ir\u00e1ny\u00edtotta (1952). A sz\u00e1szr\u00e9geni Av\u00e2ntul csapatot edzette (1955), a mv.-i Voin\u0163a csapata vezet\u00e9s\u00e9vel megnyerte a region\u00e1lis bajnoks\u00e1got, majd a megyei csapatokkal dolgozott, edzett Ludason, Radn\u00f3ton, Dics\u0151szentm\u00e1rtonban. <br \/><strong>Irod.:<\/strong> Gh. Botezan: A Vakarcs testv\u00e9rek- Ern\u0151 \u00e9s Domokos (N\u00fa 2001. j\u00fan 25); Gh. Botezan: K. \u00c1., a tehets\u00e9gform\u00e1l\u00f3 (N\u00fa., 2010. jan. 11.)[Nekrol\u00f3g] (N\u00fa., 1997. j\u00fal. 11.)<\/br><\/p>\n","protected":false},"excerpt":{"rendered":"<p>Mv., 1912., \u2020 Mv., 1997. j\u00fal. 9.: futballedz\u0151. \u2013 V\u00e1s\u00e1rhely egyik legjobb szakembere volt mint edz\u0151 (1950\u201380), sz\u00e1mos helyi labdar\u00fag\u00f3 k\u00f6sz\u00f6nheti neki karrierj\u00e9t, k\u00f6zt\u00fck Vakarcs Domokos is. A fogs\u00e1gb\u00f3l t\u00e9rt haza. Kezdetben a mv.-i CFR \u00e9s a t\u00f6rpecsapata edz\u0151je volt (1948), majd az A oszt\u00e1lyos mv.-i Locomotiva ificsapat\u00e1t ir\u00e1ny\u00edtotta (1952). A sz\u00e1szr\u00e9geni Av\u00e2ntul csapatot edzette [&hellip;]<\/p>\n","protected":false},"featured_media":0,"comment_status":"open","ping_status":"closed","template":"","meta":[],"product_brand":[],"product_cat":[137],"product_tag":[],"class_list":{"0":"post-12057","1":"product","2":"type-product","3":"status-publish","5":"product_cat-maros-megyei-eletrajzi-lexikon","7":"first","8":"instock","9":"shipping-taxable","10":"product-type-simple"},"_links":{"self":[{"href":"https:\/\/uj.adatbank.ro\/lexikon\/wp-json\/wp\/v2\/product\/12057","targetHints":{"allow":["GET"]}}],"collection":[{"href":"https:\/\/uj.adatbank.ro\/lexikon\/wp-json\/wp\/v2\/product"}],"about":[{"href":"https:\/\/uj.adatbank.ro\/lexikon\/wp-json\/wp\/v2\/types\/product"}],"replies":[{"embeddable":true,"href":"https:\/\/uj.adatbank.ro\/lexikon\/wp-json\/wp\/v2\/comments?post=12057"}],"wp:attachment":[{"href":"https:\/\/uj.adatbank.ro\/lexikon\/wp-json\/wp\/v2\/media?parent=12057"}],"wp:term":[{"taxonomy":"product_brand","embeddable":true,"href":"https:\/\/uj.adatbank.ro\/lexikon\/wp-json\/wp\/v2\/product_brand?post=12057"},{"taxonomy":"product_cat","embeddable":true,"href":"https:\/\/uj.adatbank.ro\/lexikon\/wp-json\/wp\/v2\/product_cat?post=12057"},{"taxonomy":"product_tag","embeddable":true,"href":"https:\/\/uj.adatbank.ro\/lexikon\/wp-json\/wp\/v2\/product_tag?post=12057"}],"curies":[{"name":"wp","href":"https:\/\/api.w.org\/{rel}","templated":true}]}}