{"id":12062,"date":"2025-06-29T14:14:09","date_gmt":"2025-06-29T12:14:09","guid":{"rendered":"https:\/\/uj.adatbank.ro\/lexikon\/termek\/kiss-balint-backamadarasi\/"},"modified":"2025-06-29T14:14:09","modified_gmt":"2025-06-29T12:14:09","slug":"kiss-balint-backamadarasi","status":"publish","type":"product","link":"https:\/\/uj.adatbank.ro\/lexikon\/termek\/kiss-balint-backamadarasi\/","title":{"rendered":"KISS B\u00e1lint, backamadarasi,"},"content":{"rendered":"<p>Nagyenyed, 1848. febr. 14., \u2020 ?: f\u00f6ldbirtokos, cs. k. kamar\u00e1s. \u2013 H\u00e1zi nevel\u00e9sben r\u00e9szes\u00fclt \u00e9s a gimn\u00e1zium n\u00e9gy als\u00f3 oszt\u00e1ly vizsg\u00e1it Mv.-en tette le., a n\u00e9gy fels\u0151t Kv.-on, uo. jogot v\u00e9gzett (1866\u201370). Als\u00f3feh\u00e9rmegye tiszt. aljegyz\u0151je lett (1870) ; a gyulafeh\u00e9rv\u00e1ri t\u00f6rv\u00e9nysz\u00e9k aljegyz\u0151je (1872) ; a Vall\u00e1s \u00e9s K\u00f6zoktat\u00e1si Miniszt\u00e9riumban fogalmaz\u00f3 gyakornok (1873\u201375), ugyanakkor titk\u00e1rul k\u00fcldt\u00e9k ki a g\u00f6r\u00f6g keleti szerb egyh\u00e1zauton\u00f3miai \u00fcgyekben \u00dajvid\u00e9kre \u00e9s Karl\u00f3c\u00e1ra az ott m\u00fak\u00f6d\u0151 kir. biztos mell\u00e9 ; a Ferenc J\u00f3zsef rend lovagja lett (1875) ; als\u00f3feh\u00e9rmegyei birtok\u00e1n gazd\u00e1lkodott (1875\u2013) ; r\u00e9szt vett a megyei k\u00f6z\u00e9letben Als\u00f3feh\u00e9rmegye k\u00f6zigazgat\u00e1si bizotts\u00e1g\u00e1nak tagja lett (1878) ; sc. k. kamar\u00e1s (1891) ; a rom. kat. Kongresszusra a gyulafeh\u00e9rv\u00e1ri v\u00e1laszt\u00f3ker\u00fclet k\u00e9pvisel\u0151je (1897). Kutat\u00e1si ter\u00fclete : egyh\u00e1zpolitika, t\u00f6rt\u00e9nelem, r\u00e9g\u00e9szet genealogia. K\u00f6z\u00f6lt a kv.-i Magyar Polg\u00e1r., a Kelet N\u00e9pe, Budapesti H\u00edrlap, Turul, T\u00f6rt\u00e9nelmi T\u00e1r, Nemzeti \u00dajs\u00e1g, Haz\u00e1nk, Nemzet, Budapesti H\u00edrlap, Gazdas\u00e1gi Lapok-ban \u2013 F-. m.: T\u00f6rt\u00e9nelmi gy\u00f6ngy\u00f6k ((Kv., 1863) ; Egyh\u00e1zpolitik\u00e1nk (Gyulafeh\u00e9rv\u00e1r, 1893) ; Az \u00c1rp\u00e1dok kir\u00e1lyi v\u00e9re Magyarorsz\u00e1g csal\u00e1daiban (Bp., 1895). <br \/><strong>Irod.:<\/strong> Guly\u00e1s ; Petrichevich Horv\u00e1th Emil : A Mogorovich nemzets\u00e9gbeli Petrichevich csal\u00e1d t\u00f6rt\u00e9nete \u00e9s oklev\u00e9lt\u00e1ra (Bp., 1934\u201341); Rugonfalvi Kiss; Szinnyei<\/br><\/p>\n","protected":false},"excerpt":{"rendered":"<p>Nagyenyed, 1848. febr. 14., \u2020 ?: f\u00f6ldbirtokos, cs. k. kamar\u00e1s. \u2013 H\u00e1zi nevel\u00e9sben r\u00e9szes\u00fclt \u00e9s a gimn\u00e1zium n\u00e9gy als\u00f3 oszt\u00e1ly vizsg\u00e1it Mv.-en tette le., a n\u00e9gy fels\u0151t Kv.-on, uo. jogot v\u00e9gzett (1866\u201370). Als\u00f3feh\u00e9rmegye tiszt. aljegyz\u0151je lett (1870) ; a gyulafeh\u00e9rv\u00e1ri t\u00f6rv\u00e9nysz\u00e9k aljegyz\u0151je (1872) ; a Vall\u00e1s \u00e9s K\u00f6zoktat\u00e1si Miniszt\u00e9riumban fogalmaz\u00f3 gyakornok (1873\u201375), ugyanakkor titk\u00e1rul k\u00fcldt\u00e9k [&hellip;]<\/p>\n","protected":false},"featured_media":0,"comment_status":"open","ping_status":"closed","template":"","meta":[],"product_brand":[],"product_cat":[137],"product_tag":[],"class_list":{"0":"post-12062","1":"product","2":"type-product","3":"status-publish","5":"product_cat-maros-megyei-eletrajzi-lexikon","7":"first","8":"instock","9":"shipping-taxable","10":"product-type-simple"},"_links":{"self":[{"href":"https:\/\/uj.adatbank.ro\/lexikon\/wp-json\/wp\/v2\/product\/12062","targetHints":{"allow":["GET"]}}],"collection":[{"href":"https:\/\/uj.adatbank.ro\/lexikon\/wp-json\/wp\/v2\/product"}],"about":[{"href":"https:\/\/uj.adatbank.ro\/lexikon\/wp-json\/wp\/v2\/types\/product"}],"replies":[{"embeddable":true,"href":"https:\/\/uj.adatbank.ro\/lexikon\/wp-json\/wp\/v2\/comments?post=12062"}],"wp:attachment":[{"href":"https:\/\/uj.adatbank.ro\/lexikon\/wp-json\/wp\/v2\/media?parent=12062"}],"wp:term":[{"taxonomy":"product_brand","embeddable":true,"href":"https:\/\/uj.adatbank.ro\/lexikon\/wp-json\/wp\/v2\/product_brand?post=12062"},{"taxonomy":"product_cat","embeddable":true,"href":"https:\/\/uj.adatbank.ro\/lexikon\/wp-json\/wp\/v2\/product_cat?post=12062"},{"taxonomy":"product_tag","embeddable":true,"href":"https:\/\/uj.adatbank.ro\/lexikon\/wp-json\/wp\/v2\/product_tag?post=12062"}],"curies":[{"name":"wp","href":"https:\/\/api.w.org\/{rel}","templated":true}]}}