{"id":12076,"date":"2025-06-29T14:14:42","date_gmt":"2025-06-29T12:14:42","guid":{"rendered":"https:\/\/uj.adatbank.ro\/lexikon\/termek\/kiss-dezso\/"},"modified":"2025-06-29T14:14:42","modified_gmt":"2025-06-29T12:14:42","slug":"kiss-dezso","status":"publish","type":"product","link":"https:\/\/uj.adatbank.ro\/lexikon\/termek\/kiss-dezso\/","title":{"rendered":"KISS Dezs\u0151"},"content":{"rendered":"<p>Mv., 1903., \u2020 ?: keresked\u0151. \u2013 Iskol\u00e1i elv\u00e9gz\u00e9se ut\u00e1n a cip\u00e9szmesters\u00e9get tanulta, \u00e9s \u00f6n\u00e1ll\u00f3 mester is volt, majd keresked\u0151 lett Meggyesfalv\u00e1n. A Magyar Iparos Egyess\u00fclet tagja, k\u00f6zs\u00e9gi esk\u00fcdt \u00e9s kisbir\u00f3, a MP tagja, minden kultur\u00e1lis egyes\u00fclet t\u00e1mogat\u00f3ja volt. Az els\u0151 vh.-ban 13 \u00e9vesen a harct\u00e9rre sz\u00f6k\u00f6tt, a sz\u00e9kely hadoszt\u00e1lyban sz\u00f6lg\u00e1lt, volt csend\u0151rtizedes. <br \/><strong>Irod.:<\/strong> Sz\u00e9kelyf\u00f6ld \u00ed. k<\/br><\/p>\n","protected":false},"excerpt":{"rendered":"<p>Mv., 1903., \u2020 ?: keresked\u0151. \u2013 Iskol\u00e1i elv\u00e9gz\u00e9se ut\u00e1n a cip\u00e9szmesters\u00e9get tanulta, \u00e9s \u00f6n\u00e1ll\u00f3 mester is volt, majd keresked\u0151 lett Meggyesfalv\u00e1n. A Magyar Iparos Egyess\u00fclet tagja, k\u00f6zs\u00e9gi esk\u00fcdt \u00e9s kisbir\u00f3, a MP tagja, minden kultur\u00e1lis egyes\u00fclet t\u00e1mogat\u00f3ja volt. Az els\u0151 vh.-ban 13 \u00e9vesen a harct\u00e9rre sz\u00f6k\u00f6tt, a sz\u00e9kely hadoszt\u00e1lyban sz\u00f6lg\u00e1lt, volt csend\u0151rtizedes. Irod.: Sz\u00e9kelyf\u00f6ld \u00ed. [&hellip;]<\/p>\n","protected":false},"featured_media":0,"comment_status":"open","ping_status":"closed","template":"","meta":[],"product_brand":[],"product_cat":[137],"product_tag":[],"class_list":{"0":"post-12076","1":"product","2":"type-product","3":"status-publish","5":"product_cat-maros-megyei-eletrajzi-lexikon","7":"first","8":"instock","9":"shipping-taxable","10":"product-type-simple"},"_links":{"self":[{"href":"https:\/\/uj.adatbank.ro\/lexikon\/wp-json\/wp\/v2\/product\/12076","targetHints":{"allow":["GET"]}}],"collection":[{"href":"https:\/\/uj.adatbank.ro\/lexikon\/wp-json\/wp\/v2\/product"}],"about":[{"href":"https:\/\/uj.adatbank.ro\/lexikon\/wp-json\/wp\/v2\/types\/product"}],"replies":[{"embeddable":true,"href":"https:\/\/uj.adatbank.ro\/lexikon\/wp-json\/wp\/v2\/comments?post=12076"}],"wp:attachment":[{"href":"https:\/\/uj.adatbank.ro\/lexikon\/wp-json\/wp\/v2\/media?parent=12076"}],"wp:term":[{"taxonomy":"product_brand","embeddable":true,"href":"https:\/\/uj.adatbank.ro\/lexikon\/wp-json\/wp\/v2\/product_brand?post=12076"},{"taxonomy":"product_cat","embeddable":true,"href":"https:\/\/uj.adatbank.ro\/lexikon\/wp-json\/wp\/v2\/product_cat?post=12076"},{"taxonomy":"product_tag","embeddable":true,"href":"https:\/\/uj.adatbank.ro\/lexikon\/wp-json\/wp\/v2\/product_tag?post=12076"}],"curies":[{"name":"wp","href":"https:\/\/api.w.org\/{rel}","templated":true}]}}