{"id":12080,"date":"2025-06-29T14:14:49","date_gmt":"2025-06-29T12:14:49","guid":{"rendered":"https:\/\/uj.adatbank.ro\/lexikon\/termek\/kiss-elek-endre\/"},"modified":"2025-06-29T14:14:49","modified_gmt":"2025-06-29T12:14:49","slug":"kiss-elek-endre","status":"publish","type":"product","link":"https:\/\/uj.adatbank.ro\/lexikon\/termek\/kiss-elek-endre\/","title":{"rendered":"KISS Elek Endre"},"content":{"rendered":"<p>? 1936., \u2020 Mv., 1994. jan. 24.: harang\u00f6nt\u0151. <br \/><strong>Irod.:<\/strong> [Nekrol\u00f3g] (N\u00fa., 1994. jan. 26.)<\/br><\/p>\n","protected":false},"excerpt":{"rendered":"<p>? 1936., \u2020 Mv., 1994. jan. 24.: harang\u00f6nt\u0151. Irod.: [Nekrol\u00f3g] (N\u00fa., 1994. jan. 26.)<\/p>\n","protected":false},"featured_media":0,"comment_status":"open","ping_status":"closed","template":"","meta":[],"product_brand":[],"product_cat":[137],"product_tag":[],"class_list":{"0":"post-12080","1":"product","2":"type-product","3":"status-publish","5":"product_cat-maros-megyei-eletrajzi-lexikon","7":"first","8":"instock","9":"shipping-taxable","10":"product-type-simple"},"_links":{"self":[{"href":"https:\/\/uj.adatbank.ro\/lexikon\/wp-json\/wp\/v2\/product\/12080","targetHints":{"allow":["GET"]}}],"collection":[{"href":"https:\/\/uj.adatbank.ro\/lexikon\/wp-json\/wp\/v2\/product"}],"about":[{"href":"https:\/\/uj.adatbank.ro\/lexikon\/wp-json\/wp\/v2\/types\/product"}],"replies":[{"embeddable":true,"href":"https:\/\/uj.adatbank.ro\/lexikon\/wp-json\/wp\/v2\/comments?post=12080"}],"wp:attachment":[{"href":"https:\/\/uj.adatbank.ro\/lexikon\/wp-json\/wp\/v2\/media?parent=12080"}],"wp:term":[{"taxonomy":"product_brand","embeddable":true,"href":"https:\/\/uj.adatbank.ro\/lexikon\/wp-json\/wp\/v2\/product_brand?post=12080"},{"taxonomy":"product_cat","embeddable":true,"href":"https:\/\/uj.adatbank.ro\/lexikon\/wp-json\/wp\/v2\/product_cat?post=12080"},{"taxonomy":"product_tag","embeddable":true,"href":"https:\/\/uj.adatbank.ro\/lexikon\/wp-json\/wp\/v2\/product_tag?post=12080"}],"curies":[{"name":"wp","href":"https:\/\/api.w.org\/{rel}","templated":true}]}}