{"id":12085,"date":"2025-06-29T14:14:59","date_gmt":"2025-06-29T12:14:59","guid":{"rendered":"https:\/\/uj.adatbank.ro\/lexikon\/termek\/kiss-endre\/"},"modified":"2025-06-29T14:14:59","modified_gmt":"2025-06-29T12:14:59","slug":"kiss-endre","status":"publish","type":"product","link":"https:\/\/uj.adatbank.ro\/lexikon\/termek\/kiss-endre\/","title":{"rendered":"KISS Endre"},"content":{"rendered":"<p>Bodola, 1924. \u00e1pr. 20., \u2020 Ny\u00e1r\u00e1dszereda, 1987. j\u00fal. 25.: orvos. \u2013 Az elemi iskol\u00e1t a sz\u00fcl\u0151faluj\u00e1ban (1931\u201335), a brass\u00f3im K\u00e9zdiv\u00e1s\u00e1rhelyi, Gyulafeh\u00e9rv\u00e1ri gimn\u00e1ziumban v\u00e9gzte (1935\u201343), Kv.-on ill. Nagyszebenben a TE-en (1943\u201345); Kv.-on a BTE (1945\u201346) \u00e9s Mv.-en az OGYI-n tanult \u00e9s szerzett orvosi oklevelet (1946\u201350). Mv.-en az Orvostudom\u00e1nyi Int\u00e9zet munkat\u00e1rsa (1950\u201352), Ny\u00e1r\u00e1dszered\u00e1ban gyermekgy\u00f3gy\u00e1sz szakorvos ill. f\u0151orvos (1952\u201387). Itt az eg\u00e9szs\u00e9g\u00fcgyi mintak\u00f6rzet orvosak\u00e9nt az OGYI hallgat\u00f3inak gyakorlati k\u00e9pz\u00e9s\u00e9t vezette. <br \/><strong>Irod.:<\/strong> G\u00e1sp\u00e1r Hajnal: Dr. Kiss Endr\u00e9re eml\u00e9kezem (N\u00fa, 2000. aug. 10); Kusz\u00e1lik; [Nekrol\u00f3g] (V. Z., 1987. j\u00fal. 28.)<\/br><\/p>\n","protected":false},"excerpt":{"rendered":"<p>Bodola, 1924. \u00e1pr. 20., \u2020 Ny\u00e1r\u00e1dszereda, 1987. j\u00fal. 25.: orvos. \u2013 Az elemi iskol\u00e1t a sz\u00fcl\u0151faluj\u00e1ban (1931\u201335), a brass\u00f3im K\u00e9zdiv\u00e1s\u00e1rhelyi, Gyulafeh\u00e9rv\u00e1ri gimn\u00e1ziumban v\u00e9gzte (1935\u201343), Kv.-on ill. Nagyszebenben a TE-en (1943\u201345); Kv.-on a BTE (1945\u201346) \u00e9s Mv.-en az OGYI-n tanult \u00e9s szerzett orvosi oklevelet (1946\u201350). Mv.-en az Orvostudom\u00e1nyi Int\u00e9zet munkat\u00e1rsa (1950\u201352), Ny\u00e1r\u00e1dszered\u00e1ban gyermekgy\u00f3gy\u00e1sz szakorvos ill. f\u0151orvos [&hellip;]<\/p>\n","protected":false},"featured_media":0,"comment_status":"open","ping_status":"closed","template":"","meta":[],"product_brand":[],"product_cat":[137],"product_tag":[],"class_list":{"0":"post-12085","1":"product","2":"type-product","3":"status-publish","5":"product_cat-maros-megyei-eletrajzi-lexikon","7":"first","8":"instock","9":"shipping-taxable","10":"product-type-simple"},"_links":{"self":[{"href":"https:\/\/uj.adatbank.ro\/lexikon\/wp-json\/wp\/v2\/product\/12085","targetHints":{"allow":["GET"]}}],"collection":[{"href":"https:\/\/uj.adatbank.ro\/lexikon\/wp-json\/wp\/v2\/product"}],"about":[{"href":"https:\/\/uj.adatbank.ro\/lexikon\/wp-json\/wp\/v2\/types\/product"}],"replies":[{"embeddable":true,"href":"https:\/\/uj.adatbank.ro\/lexikon\/wp-json\/wp\/v2\/comments?post=12085"}],"wp:attachment":[{"href":"https:\/\/uj.adatbank.ro\/lexikon\/wp-json\/wp\/v2\/media?parent=12085"}],"wp:term":[{"taxonomy":"product_brand","embeddable":true,"href":"https:\/\/uj.adatbank.ro\/lexikon\/wp-json\/wp\/v2\/product_brand?post=12085"},{"taxonomy":"product_cat","embeddable":true,"href":"https:\/\/uj.adatbank.ro\/lexikon\/wp-json\/wp\/v2\/product_cat?post=12085"},{"taxonomy":"product_tag","embeddable":true,"href":"https:\/\/uj.adatbank.ro\/lexikon\/wp-json\/wp\/v2\/product_tag?post=12085"}],"curies":[{"name":"wp","href":"https:\/\/api.w.org\/{rel}","templated":true}]}}