{"id":12087,"date":"2025-06-29T14:15:03","date_gmt":"2025-06-29T12:15:03","guid":{"rendered":"https:\/\/uj.adatbank.ro\/lexikon\/termek\/kiss-erno\/"},"modified":"2025-06-29T14:15:03","modified_gmt":"2025-06-29T12:15:03","slug":"kiss-erno","status":"publish","type":"product","link":"https:\/\/uj.adatbank.ro\/lexikon\/termek\/kiss-erno\/","title":{"rendered":"KISS Ern\u0151"},"content":{"rendered":"<p>Bar\u00f3t, 1909., \u2020 Mv., 1985.: nyomd\u00e1sz, turista. \u2013 A csal\u00e1d Mv. -re k\u00f6lt\u00f6z\u00f6tt. Apja nyomd\u00e1sz. \u2013 Kereskedelmi k\u00f6z\u00e9piskol\u00e1t v\u00e9gzett. K\u00f6nyvnyomd\u00e1ja volt Mv.-en az \u00e1llamos\u00edt\u00e1sig (1948), az \u0151 rot\u00e1ci\u00f3s g\u00e9p\u00e9t haszn\u00e1lta a nyomdaipari v\u00e1llalat (1970-es \u00e9vekig). Egyszer\u0171 alkalmazottk\u00e9nt dolgozott a nyomd\u00e1ban. Az IKE keret\u00e9ben sz\u00e1mos honismereti \u00e9s term\u00e9szetj\u00e1r\u00f3 t\u00far\u00e1n vett r\u00e9szt. Bar\u00e1tj\u00e1val, Both K\u00e1rollyal l\u00e9trehozt\u00e1k a megyei Szakszervezetek H\u00e1z\u00e1nak keret\u00e9ben a Turista Kir\u00e1ndul\u00f3 K\u00f6rt (1950\u201360 k., ami 1990-ig m\u0171k\u00f6d\u00f6tt). A k\u00f6r keret\u00e9ben t\u00f6bb szakoszt\u00e1ly m\u0171k\u00f6d\u00f6tt: t\u00e1jfut\u00e1si (Haraszti Rich\u00e1rd \u00e9s Fodor Frici vezet\u00e9s\u00e9vel), alpinista-sziklam\u00e1sz\u00f3 (Csiki Istv\u00e1n vezet\u00e9s\u00e9vel), magashegyi t\u00far\u00e1kat, s\u00edt\u00e1borokat szerveztek. Both K\u00e1roly hal\u00e1la ut\u00e1n \u00e1tvette a k\u00f6r vezet\u00e9s\u00e9t. Hazai honismereti t\u00far\u00e1kat \u00e9s k\u00fclf\u00f6ldieket is szerveztek. Ut\u00f3da Nagy Lajos t\u00faristat\u00e1rsa lett. <br \/><strong>Irod.:<\/strong> In memoriam Kiss Ern\u0151: T\u00fara viseli majd a nev\u00e9t (N\u00fa., 2016. \u00e1pr. 5.)<\/br><\/p>\n","protected":false},"excerpt":{"rendered":"<p>Bar\u00f3t, 1909., \u2020 Mv., 1985.: nyomd\u00e1sz, turista. \u2013 A csal\u00e1d Mv. -re k\u00f6lt\u00f6z\u00f6tt. Apja nyomd\u00e1sz. \u2013 Kereskedelmi k\u00f6z\u00e9piskol\u00e1t v\u00e9gzett. K\u00f6nyvnyomd\u00e1ja volt Mv.-en az \u00e1llamos\u00edt\u00e1sig (1948), az \u0151 rot\u00e1ci\u00f3s g\u00e9p\u00e9t haszn\u00e1lta a nyomdaipari v\u00e1llalat (1970-es \u00e9vekig). Egyszer\u0171 alkalmazottk\u00e9nt dolgozott a nyomd\u00e1ban. Az IKE keret\u00e9ben sz\u00e1mos honismereti \u00e9s term\u00e9szetj\u00e1r\u00f3 t\u00far\u00e1n vett r\u00e9szt. Bar\u00e1tj\u00e1val, Both K\u00e1rollyal l\u00e9trehozt\u00e1k a [&hellip;]<\/p>\n","protected":false},"featured_media":0,"comment_status":"open","ping_status":"closed","template":"","meta":[],"product_brand":[],"product_cat":[137],"product_tag":[],"class_list":{"0":"post-12087","1":"product","2":"type-product","3":"status-publish","5":"product_cat-maros-megyei-eletrajzi-lexikon","7":"first","8":"instock","9":"shipping-taxable","10":"product-type-simple"},"_links":{"self":[{"href":"https:\/\/uj.adatbank.ro\/lexikon\/wp-json\/wp\/v2\/product\/12087","targetHints":{"allow":["GET"]}}],"collection":[{"href":"https:\/\/uj.adatbank.ro\/lexikon\/wp-json\/wp\/v2\/product"}],"about":[{"href":"https:\/\/uj.adatbank.ro\/lexikon\/wp-json\/wp\/v2\/types\/product"}],"replies":[{"embeddable":true,"href":"https:\/\/uj.adatbank.ro\/lexikon\/wp-json\/wp\/v2\/comments?post=12087"}],"wp:attachment":[{"href":"https:\/\/uj.adatbank.ro\/lexikon\/wp-json\/wp\/v2\/media?parent=12087"}],"wp:term":[{"taxonomy":"product_brand","embeddable":true,"href":"https:\/\/uj.adatbank.ro\/lexikon\/wp-json\/wp\/v2\/product_brand?post=12087"},{"taxonomy":"product_cat","embeddable":true,"href":"https:\/\/uj.adatbank.ro\/lexikon\/wp-json\/wp\/v2\/product_cat?post=12087"},{"taxonomy":"product_tag","embeddable":true,"href":"https:\/\/uj.adatbank.ro\/lexikon\/wp-json\/wp\/v2\/product_tag?post=12087"}],"curies":[{"name":"wp","href":"https:\/\/api.w.org\/{rel}","templated":true}]}}