{"id":12088,"date":"2025-06-29T14:15:06","date_gmt":"2025-06-29T12:15:06","guid":{"rendered":"https:\/\/uj.adatbank.ro\/lexikon\/termek\/kiss-erno-2\/"},"modified":"2025-06-29T14:15:06","modified_gmt":"2025-06-29T12:15:06","slug":"kiss-erno-2","status":"publish","type":"product","link":"https:\/\/uj.adatbank.ro\/lexikon\/termek\/kiss-erno-2\/","title":{"rendered":"KISS Ern\u0151"},"content":{"rendered":"<p>Sz\u00e9kelyszenterzs\u00e9bet (Har.), 1914. szept. 23., \u2020 Kv., 1990. jan. 30.: matematikus, egyetemi tan\u00e1r. \u2013 K\u00f6z\u00e9piskolai tanulm\u00e1nyait a mv.-i Ref. Koll.-ban v\u00e9gezte (1931), a kv.-i egyetemen szerzett matematikusi diplom\u00e1t (1936). Tan\u00edtott Zilahon a Ref. Koll.-ban (1936\u2013), a mv.-i Ref. Koll. &#8211; ban (1937\u201348), a mv.-i Hadapr\u00f3d Iskol\u00e1ban, a sz\u00e1szr\u00e9geni tan\u00edt\u00f3k\u00e9pz\u0151ben; tan\u00e1rseg\u00e9d a mv.-i OGYI gy\u00f3gyszer\u00e9szeti kar\u00e1n (1949\u201350); a kv.-i egyetem el\u0151ad\u00f3tan\u00e1ra (1950\u201381). Sz\u00e1melm\u00e9lettel \u00e9s matematikai m\u00f3dszertannal foglalkozott. Tanulm\u00e1nyai : Studii \u015fi Cercet\u0103ri, Gazeta Matematic\u0103, Studia Universitatis Babe\u015f-Bolyai. A Matematikai \u00e9s Fizikai Lapok szerkeszt\u0151je (1957\u2013). K\u00f6z\u00e9piskolai \u00e9s egyetemi mennyis\u00e9gtani \u00e9s m\u00f3dszertani k\u00f6nyveket ford\u00edtott rom\u00e1nb\u00f3l \u00e9s oroszb\u00f3l. \u2013 <strong>F. m.:<\/strong> A sz\u00e1melm\u00e9let elemei (Kv., 1960, 1987); <strong>t\u00e1rssz.:<\/strong> Feladatgy\u0171jtem\u00e9ny k\u00f6z\u00e9piskolai matematikai k\u00f6r\u00f6k szam\u00e1ra (Buk., 1957, 1959). <br \/><strong>Irod.:<\/strong> Csern\u00e1toni; Elekes B\u00e9la 1999; Mv. t\u00f6rt. 2.; [Nekrol\u00f3g] (N\u00fa., 1990. febr. 2.); RMIL<\/br><\/p>\n","protected":false},"excerpt":{"rendered":"<p>Sz\u00e9kelyszenterzs\u00e9bet (Har.), 1914. szept. 23., \u2020 Kv., 1990. jan. 30.: matematikus, egyetemi tan\u00e1r. \u2013 K\u00f6z\u00e9piskolai tanulm\u00e1nyait a mv.-i Ref. Koll.-ban v\u00e9gezte (1931), a kv.-i egyetemen szerzett matematikusi diplom\u00e1t (1936). Tan\u00edtott Zilahon a Ref. Koll.-ban (1936\u2013), a mv.-i Ref. Koll. &#8211; ban (1937\u201348), a mv.-i Hadapr\u00f3d Iskol\u00e1ban, a sz\u00e1szr\u00e9geni tan\u00edt\u00f3k\u00e9pz\u0151ben; tan\u00e1rseg\u00e9d a mv.-i OGYI gy\u00f3gyszer\u00e9szeti kar\u00e1n [&hellip;]<\/p>\n","protected":false},"featured_media":0,"comment_status":"open","ping_status":"closed","template":"","meta":[],"product_brand":[],"product_cat":[137],"product_tag":[],"class_list":{"0":"post-12088","1":"product","2":"type-product","3":"status-publish","5":"product_cat-maros-megyei-eletrajzi-lexikon","7":"first","8":"instock","9":"shipping-taxable","10":"product-type-simple"},"_links":{"self":[{"href":"https:\/\/uj.adatbank.ro\/lexikon\/wp-json\/wp\/v2\/product\/12088","targetHints":{"allow":["GET"]}}],"collection":[{"href":"https:\/\/uj.adatbank.ro\/lexikon\/wp-json\/wp\/v2\/product"}],"about":[{"href":"https:\/\/uj.adatbank.ro\/lexikon\/wp-json\/wp\/v2\/types\/product"}],"replies":[{"embeddable":true,"href":"https:\/\/uj.adatbank.ro\/lexikon\/wp-json\/wp\/v2\/comments?post=12088"}],"wp:attachment":[{"href":"https:\/\/uj.adatbank.ro\/lexikon\/wp-json\/wp\/v2\/media?parent=12088"}],"wp:term":[{"taxonomy":"product_brand","embeddable":true,"href":"https:\/\/uj.adatbank.ro\/lexikon\/wp-json\/wp\/v2\/product_brand?post=12088"},{"taxonomy":"product_cat","embeddable":true,"href":"https:\/\/uj.adatbank.ro\/lexikon\/wp-json\/wp\/v2\/product_cat?post=12088"},{"taxonomy":"product_tag","embeddable":true,"href":"https:\/\/uj.adatbank.ro\/lexikon\/wp-json\/wp\/v2\/product_tag?post=12088"}],"curies":[{"name":"wp","href":"https:\/\/api.w.org\/{rel}","templated":true}]}}