{"id":12090,"date":"2025-06-29T14:15:09","date_gmt":"2025-06-29T12:15:09","guid":{"rendered":"https:\/\/uj.adatbank.ro\/lexikon\/termek\/kiss-erno-szentkiralyi\/"},"modified":"2025-06-29T14:15:09","modified_gmt":"2025-06-29T12:15:09","slug":"kiss-erno-szentkiralyi","status":"publish","type":"product","link":"https:\/\/uj.adatbank.ro\/lexikon\/termek\/kiss-erno-szentkiralyi\/","title":{"rendered":"KISS Ern\u0151, szentkir\u00e1lyi"},"content":{"rendered":"<p>Kom\u00e1rom, 1890., \u2020 ?: \u00e1llom\u00e1sf\u0151n\u00f6k. \u2013 Csal\u00e1dja 1611.-ben kapta a nemess\u00e9get. Tanulm\u00e1nyait Sz\u00e9kelyudvarhelyen v\u00e9gezte, majd a M\u00c1V-hoz ker\u00fclt, Sz\u00e9kelykocs\u00e1rdon, Apahid\u00e1n, Meggyesen, T\u00f6visen, Piskin, Petrozs\u00e9nyben, Sz\u00e9kelykereszt\u00faron majd \u00c1kosfalv\u00e1n (1940\u2013) teljes\u00edtett szolg\u00e1latot. Az els\u0151 vh.-ban a 82. sz\u00e9kely gy. ezredn\u00e9l f\u0151hadnagyi rangban szolg\u00e1lt. <br \/><strong>Irod.:<\/strong> Sz\u00e9kelyf\u00f6ld \u00ed. k.<\/br><\/p>\n","protected":false},"excerpt":{"rendered":"<p>Kom\u00e1rom, 1890., \u2020 ?: \u00e1llom\u00e1sf\u0151n\u00f6k. \u2013 Csal\u00e1dja 1611.-ben kapta a nemess\u00e9get. Tanulm\u00e1nyait Sz\u00e9kelyudvarhelyen v\u00e9gezte, majd a M\u00c1V-hoz ker\u00fclt, Sz\u00e9kelykocs\u00e1rdon, Apahid\u00e1n, Meggyesen, T\u00f6visen, Piskin, Petrozs\u00e9nyben, Sz\u00e9kelykereszt\u00faron majd \u00c1kosfalv\u00e1n (1940\u2013) teljes\u00edtett szolg\u00e1latot. Az els\u0151 vh.-ban a 82. sz\u00e9kely gy. ezredn\u00e9l f\u0151hadnagyi rangban szolg\u00e1lt. Irod.: Sz\u00e9kelyf\u00f6ld \u00ed. k.<\/p>\n","protected":false},"featured_media":0,"comment_status":"open","ping_status":"closed","template":"","meta":[],"product_brand":[],"product_cat":[137],"product_tag":[],"class_list":{"0":"post-12090","1":"product","2":"type-product","3":"status-publish","5":"product_cat-maros-megyei-eletrajzi-lexikon","7":"first","8":"instock","9":"shipping-taxable","10":"product-type-simple"},"_links":{"self":[{"href":"https:\/\/uj.adatbank.ro\/lexikon\/wp-json\/wp\/v2\/product\/12090","targetHints":{"allow":["GET"]}}],"collection":[{"href":"https:\/\/uj.adatbank.ro\/lexikon\/wp-json\/wp\/v2\/product"}],"about":[{"href":"https:\/\/uj.adatbank.ro\/lexikon\/wp-json\/wp\/v2\/types\/product"}],"replies":[{"embeddable":true,"href":"https:\/\/uj.adatbank.ro\/lexikon\/wp-json\/wp\/v2\/comments?post=12090"}],"wp:attachment":[{"href":"https:\/\/uj.adatbank.ro\/lexikon\/wp-json\/wp\/v2\/media?parent=12090"}],"wp:term":[{"taxonomy":"product_brand","embeddable":true,"href":"https:\/\/uj.adatbank.ro\/lexikon\/wp-json\/wp\/v2\/product_brand?post=12090"},{"taxonomy":"product_cat","embeddable":true,"href":"https:\/\/uj.adatbank.ro\/lexikon\/wp-json\/wp\/v2\/product_cat?post=12090"},{"taxonomy":"product_tag","embeddable":true,"href":"https:\/\/uj.adatbank.ro\/lexikon\/wp-json\/wp\/v2\/product_tag?post=12090"}],"curies":[{"name":"wp","href":"https:\/\/api.w.org\/{rel}","templated":true}]}}