{"id":12104,"date":"2025-06-29T14:15:36","date_gmt":"2025-06-29T12:15:36","guid":{"rendered":"https:\/\/uj.adatbank.ro\/lexikon\/termek\/kiss-ferenc-%c2%a7\/"},"modified":"2025-06-29T14:15:36","modified_gmt":"2025-06-29T12:15:36","slug":"kiss-ferenc-%c2%a7","status":"publish","type":"product","link":"https:\/\/uj.adatbank.ro\/lexikon\/termek\/kiss-ferenc-%c2%a7\/","title":{"rendered":"KISS Ferenc, \u00a7"},"content":{"rendered":"<p>Szentgerice, 1918. m\u00e1rc. 4., \u2020 Mv., 1997. m\u00e1rc. 11.: pszichi\u00e1ter-ideggy\u00f3gy\u00e1sz. \u2013 Az orvosi egyetemet Ia\u015fiban (1940) \u00e9s Kv.-on v\u00e9gezte (1943). A kv.-i Belgy\u00f3gy\u00e1szati Klinik\u00e1n kezdte p\u00e1ly\u00e1j\u00e1t mint gyakornok (1943\u201344). Katonai szolg\u00e1lat, majd orosz hadifogs\u00e1g a magyaro.-i inkapusztai fogolyt\u00e1borban k\u00f6vetkezett (1944\u201345). Miskolczy Dezs\u0151 prof. mellett, a mv.-i OGYI Ideg- \u00e9s Elmegy\u00f3gy\u00e1szati Klinik\u00e1n gyakornok, tan\u00e1rseg\u00e9d, szakorvos (1945\u201358). \u00c9letp\u00e1ly\u00e1ja szinte kett\u00e9t\u00f6rt (1958. okt. \u2013), amikor a P\u00e1rt \u00e9s a Securitate hajsz\u00e1t ind\u00edtott az elmeklinika orvosai ellen, az \u00fan. arany-\u00fcggyel kapcsolatosan, tiltott arany ut\u00e1n kutatva, sokan ker\u00fcltek a klinik\u00e1ra, ez\u00e9rt megfosztott\u00e1k tantest\u00fcleti \u00e1ll\u00e1s\u00e1t\u00f3l \u00e9s csak a poliklinikai rendel\u00e9st enged\u00e9lyezt\u00e9k sz\u00e1m\u00e1ra. K\u00e9s\u0151bb r\u00e9szt vehetett az oktat\u00e1sban \u00e9s a klinikai munk\u00e1ban is. Poliklinik\u00e1n rendelt nyugd\u00edjaz\u00e1s\u00e1ig (1958\u201378). Nyugd\u00edjba vonul\u00e1sa ut\u00e1n a Fizet\u00e9ses Poliklinik\u00e1n rendelt. Sz\u00e1mos dolgozat f\u0151 vagy t\u00e1rsszerz\u0151je. Szerepelt helyi \u00e9s orsz\u00e1gos ideg-elmegy\u00f3gy\u00e1szati rendezv\u00e9nyeken. Helyi \u00e9s k\u00f6zponti szakfoly\u00f3iratokban jelentek meg tanulm\u00e1nyai. A mv.-i als\u00f3v\u00e1rosi ref. egyh\u00e1zk\u00f6zs\u00e9g gy\u00fclekezet\u00e9nek f\u0151gondnoka (20 \u00e9ven \u00e1t) \u00e9s tiszteletbeli f\u0151gondnoka hal\u00e1l\u00e1ig. \u2013 <strong>F. m.:<\/strong> <strong>t\u00e1rssz.:<\/strong> Az ember rendszeres anat\u00f3mi\u00e1ja (Mv., 1951); Probleme de psihiatrie (Buc, 1957); Idegk\u00f3rtan (Buk., 1958); Viharban: Sz\u00e1z \u00e9ve sz\u00fcletett Miskolczy Dezs\u0151: Tanulm\u00e1nyok a marosv\u00e1s\u00e1rhelyi fels\u0151fok\u00fa oktat\u00e1s m\u00faltj\u00e1r\u00f3l \u00e9s jelen\u00e9r\u0151l (Mv., 1994.). <br \/><strong>Irod.:<\/strong> Genersich; Kiss\u2013P\u00e9terffy\u2013P\u00e9terffy; Komj\u00e1tszegi S\u00e1ndor: B\u00facs\u00fa dr. K. F. -t\u0151l (N\u00fa., 1997. m\u00e1j. 7.); Nagy Ferenc: Csendes interj\u00fa K. F. ideggy\u00f3gy\u00e1sszal (\u00daj \u00c9let, 13. sz., 1978); [Nekrol\u00f3g] (N\u00fa., 1997. m\u00e1rc. 12.); RMKK; Szentgerice<\/br><\/p>\n","protected":false},"excerpt":{"rendered":"<p>Szentgerice, 1918. m\u00e1rc. 4., \u2020 Mv., 1997. m\u00e1rc. 11.: pszichi\u00e1ter-ideggy\u00f3gy\u00e1sz. \u2013 Az orvosi egyetemet Ia\u015fiban (1940) \u00e9s Kv.-on v\u00e9gezte (1943). A kv.-i Belgy\u00f3gy\u00e1szati Klinik\u00e1n kezdte p\u00e1ly\u00e1j\u00e1t mint gyakornok (1943\u201344). Katonai szolg\u00e1lat, majd orosz hadifogs\u00e1g a magyaro.-i inkapusztai fogolyt\u00e1borban k\u00f6vetkezett (1944\u201345). Miskolczy Dezs\u0151 prof. mellett, a mv.-i OGYI Ideg- \u00e9s Elmegy\u00f3gy\u00e1szati Klinik\u00e1n gyakornok, tan\u00e1rseg\u00e9d, szakorvos (1945\u201358). [&hellip;]<\/p>\n","protected":false},"featured_media":0,"comment_status":"open","ping_status":"closed","template":"","meta":[],"product_brand":[],"product_cat":[137],"product_tag":[],"class_list":{"0":"post-12104","1":"product","2":"type-product","3":"status-publish","5":"product_cat-maros-megyei-eletrajzi-lexikon","7":"first","8":"instock","9":"shipping-taxable","10":"product-type-simple"},"_links":{"self":[{"href":"https:\/\/uj.adatbank.ro\/lexikon\/wp-json\/wp\/v2\/product\/12104","targetHints":{"allow":["GET"]}}],"collection":[{"href":"https:\/\/uj.adatbank.ro\/lexikon\/wp-json\/wp\/v2\/product"}],"about":[{"href":"https:\/\/uj.adatbank.ro\/lexikon\/wp-json\/wp\/v2\/types\/product"}],"replies":[{"embeddable":true,"href":"https:\/\/uj.adatbank.ro\/lexikon\/wp-json\/wp\/v2\/comments?post=12104"}],"wp:attachment":[{"href":"https:\/\/uj.adatbank.ro\/lexikon\/wp-json\/wp\/v2\/media?parent=12104"}],"wp:term":[{"taxonomy":"product_brand","embeddable":true,"href":"https:\/\/uj.adatbank.ro\/lexikon\/wp-json\/wp\/v2\/product_brand?post=12104"},{"taxonomy":"product_cat","embeddable":true,"href":"https:\/\/uj.adatbank.ro\/lexikon\/wp-json\/wp\/v2\/product_cat?post=12104"},{"taxonomy":"product_tag","embeddable":true,"href":"https:\/\/uj.adatbank.ro\/lexikon\/wp-json\/wp\/v2\/product_tag?post=12104"}],"curies":[{"name":"wp","href":"https:\/\/api.w.org\/{rel}","templated":true}]}}