{"id":12106,"date":"2025-06-29T14:15:40","date_gmt":"2025-06-29T12:15:40","guid":{"rendered":"https:\/\/uj.adatbank.ro\/lexikon\/termek\/kiss-franciska-szasz\/"},"modified":"2025-06-29T14:15:40","modified_gmt":"2025-06-29T12:15:40","slug":"kiss-franciska-szasz","status":"publish","type":"product","link":"https:\/\/uj.adatbank.ro\/lexikon\/termek\/kiss-franciska-szasz\/","title":{"rendered":"KISS Franciska, Sz\u00e1sz"},"content":{"rendered":"<p>1937., \u2020 Mv., 1973. aug. 29.: b\u00e1bsz\u00edn\u00e9sz. \u2013 A Mv.-i B\u00e1bsz\u00ednh\u00e1z m\u0171v\u00e9szn\u0151je v\u00e1ltozatos szerepek j\u00e1tszott (1957\u2013). <br \/><strong>Irod.:<\/strong> K. F. [Nekrol\u00f3g] (V. Z., 1973. aug. 30.)<\/br><\/p>\n","protected":false},"excerpt":{"rendered":"<p>1937., \u2020 Mv., 1973. aug. 29.: b\u00e1bsz\u00edn\u00e9sz. \u2013 A Mv.-i B\u00e1bsz\u00ednh\u00e1z m\u0171v\u00e9szn\u0151je v\u00e1ltozatos szerepek j\u00e1tszott (1957\u2013). Irod.: K. F. [Nekrol\u00f3g] (V. Z., 1973. aug. 30.)<\/p>\n","protected":false},"featured_media":0,"comment_status":"open","ping_status":"closed","template":"","meta":[],"product_brand":[],"product_cat":[137],"product_tag":[],"class_list":{"0":"post-12106","1":"product","2":"type-product","3":"status-publish","5":"product_cat-maros-megyei-eletrajzi-lexikon","7":"first","8":"instock","9":"shipping-taxable","10":"product-type-simple"},"_links":{"self":[{"href":"https:\/\/uj.adatbank.ro\/lexikon\/wp-json\/wp\/v2\/product\/12106","targetHints":{"allow":["GET"]}}],"collection":[{"href":"https:\/\/uj.adatbank.ro\/lexikon\/wp-json\/wp\/v2\/product"}],"about":[{"href":"https:\/\/uj.adatbank.ro\/lexikon\/wp-json\/wp\/v2\/types\/product"}],"replies":[{"embeddable":true,"href":"https:\/\/uj.adatbank.ro\/lexikon\/wp-json\/wp\/v2\/comments?post=12106"}],"wp:attachment":[{"href":"https:\/\/uj.adatbank.ro\/lexikon\/wp-json\/wp\/v2\/media?parent=12106"}],"wp:term":[{"taxonomy":"product_brand","embeddable":true,"href":"https:\/\/uj.adatbank.ro\/lexikon\/wp-json\/wp\/v2\/product_brand?post=12106"},{"taxonomy":"product_cat","embeddable":true,"href":"https:\/\/uj.adatbank.ro\/lexikon\/wp-json\/wp\/v2\/product_cat?post=12106"},{"taxonomy":"product_tag","embeddable":true,"href":"https:\/\/uj.adatbank.ro\/lexikon\/wp-json\/wp\/v2\/product_tag?post=12106"}],"curies":[{"name":"wp","href":"https:\/\/api.w.org\/{rel}","templated":true}]}}