{"id":12112,"date":"2025-06-29T14:15:53","date_gmt":"2025-06-29T12:15:53","guid":{"rendered":"https:\/\/uj.adatbank.ro\/lexikon\/termek\/kiss-gyorgy-3\/"},"modified":"2025-06-29T14:15:53","modified_gmt":"2025-06-29T12:15:53","slug":"kiss-gyorgy-3","status":"publish","type":"product","link":"https:\/\/uj.adatbank.ro\/lexikon\/termek\/kiss-gyorgy-3\/","title":{"rendered":"KISS Gy\u00f6rgy"},"content":{"rendered":"<p>? \u2020 ? : ref. lelk\u00e9sz. \u2013 Kor\u00e1n elhunyt. Feles\u00e9ge Csont Ilona. H\u00e9t gyermek\u00fck sz\u00fcletett, tan\u00edt\u00f3k, lelk\u00e9szek lettek. A ny\u00e1r\u00e1dszentbenedeki ref. egyh\u00e1zk\u00f6zs\u00e9g lelk\u00e9sze (1884. j\u00fal. 14. \u2013 1898. nov. 1.). Istv\u00e1n fi\u00fak a Toldalagi Mih\u00e1ly gr. int\u00e9z\u0151je lett. A templom falait \u00e1tk\u00f6t\u00f6tt\u00e9k, r\u00f6gz\u00edtett\u00e9k kov\u00e1csoltvas szegekkel, \u00fajrazsindelyezt\u00e9k a tet\u0151t (1892). <br \/><strong>Irod.:<\/strong> Ny\u00e1r\u00e1dszentbenedek<\/br><\/p>\n","protected":false},"excerpt":{"rendered":"<p>? \u2020 ? : ref. lelk\u00e9sz. \u2013 Kor\u00e1n elhunyt. Feles\u00e9ge Csont Ilona. H\u00e9t gyermek\u00fck sz\u00fcletett, tan\u00edt\u00f3k, lelk\u00e9szek lettek. A ny\u00e1r\u00e1dszentbenedeki ref. egyh\u00e1zk\u00f6zs\u00e9g lelk\u00e9sze (1884. j\u00fal. 14. \u2013 1898. nov. 1.). Istv\u00e1n fi\u00fak a Toldalagi Mih\u00e1ly gr. int\u00e9z\u0151je lett. A templom falait \u00e1tk\u00f6t\u00f6tt\u00e9k, r\u00f6gz\u00edtett\u00e9k kov\u00e1csoltvas szegekkel, \u00fajrazsindelyezt\u00e9k a tet\u0151t (1892). Irod.: Ny\u00e1r\u00e1dszentbenedek<\/p>\n","protected":false},"featured_media":0,"comment_status":"open","ping_status":"closed","template":"","meta":[],"product_brand":[],"product_cat":[137],"product_tag":[],"class_list":{"0":"post-12112","1":"product","2":"type-product","3":"status-publish","5":"product_cat-maros-megyei-eletrajzi-lexikon","7":"first","8":"instock","9":"shipping-taxable","10":"product-type-simple"},"_links":{"self":[{"href":"https:\/\/uj.adatbank.ro\/lexikon\/wp-json\/wp\/v2\/product\/12112","targetHints":{"allow":["GET"]}}],"collection":[{"href":"https:\/\/uj.adatbank.ro\/lexikon\/wp-json\/wp\/v2\/product"}],"about":[{"href":"https:\/\/uj.adatbank.ro\/lexikon\/wp-json\/wp\/v2\/types\/product"}],"replies":[{"embeddable":true,"href":"https:\/\/uj.adatbank.ro\/lexikon\/wp-json\/wp\/v2\/comments?post=12112"}],"wp:attachment":[{"href":"https:\/\/uj.adatbank.ro\/lexikon\/wp-json\/wp\/v2\/media?parent=12112"}],"wp:term":[{"taxonomy":"product_brand","embeddable":true,"href":"https:\/\/uj.adatbank.ro\/lexikon\/wp-json\/wp\/v2\/product_brand?post=12112"},{"taxonomy":"product_cat","embeddable":true,"href":"https:\/\/uj.adatbank.ro\/lexikon\/wp-json\/wp\/v2\/product_cat?post=12112"},{"taxonomy":"product_tag","embeddable":true,"href":"https:\/\/uj.adatbank.ro\/lexikon\/wp-json\/wp\/v2\/product_tag?post=12112"}],"curies":[{"name":"wp","href":"https:\/\/api.w.org\/{rel}","templated":true}]}}