{"id":12128,"date":"2025-06-29T14:16:23","date_gmt":"2025-06-29T12:16:23","guid":{"rendered":"https:\/\/uj.adatbank.ro\/lexikon\/termek\/kiss-istvan-8\/"},"modified":"2025-06-29T14:16:23","modified_gmt":"2025-06-29T12:16:23","slug":"kiss-istvan-8","status":"publish","type":"product","link":"https:\/\/uj.adatbank.ro\/lexikon\/termek\/kiss-istvan-8\/","title":{"rendered":"KISS Istv\u00e1n"},"content":{"rendered":"<p>1935., \u2020 Mez\u0151bodon, 2008. szept. 15.: polg\u00e1rmester. \u2013 Mez\u0151bodon volt polg\u00e1rmestere. <br \/><strong>Irod.:<\/strong> [Nekrol\u00f3g] (N\u00fa., 2008. szept.?.)<\/br><\/p>\n","protected":false},"excerpt":{"rendered":"<p>1935., \u2020 Mez\u0151bodon, 2008. szept. 15.: polg\u00e1rmester. \u2013 Mez\u0151bodon volt polg\u00e1rmestere. Irod.: [Nekrol\u00f3g] (N\u00fa., 2008. szept.?.)<\/p>\n","protected":false},"featured_media":0,"comment_status":"open","ping_status":"closed","template":"","meta":[],"product_brand":[],"product_cat":[137],"product_tag":[],"class_list":{"0":"post-12128","1":"product","2":"type-product","3":"status-publish","5":"product_cat-maros-megyei-eletrajzi-lexikon","7":"first","8":"instock","9":"shipping-taxable","10":"product-type-simple"},"_links":{"self":[{"href":"https:\/\/uj.adatbank.ro\/lexikon\/wp-json\/wp\/v2\/product\/12128","targetHints":{"allow":["GET"]}}],"collection":[{"href":"https:\/\/uj.adatbank.ro\/lexikon\/wp-json\/wp\/v2\/product"}],"about":[{"href":"https:\/\/uj.adatbank.ro\/lexikon\/wp-json\/wp\/v2\/types\/product"}],"replies":[{"embeddable":true,"href":"https:\/\/uj.adatbank.ro\/lexikon\/wp-json\/wp\/v2\/comments?post=12128"}],"wp:attachment":[{"href":"https:\/\/uj.adatbank.ro\/lexikon\/wp-json\/wp\/v2\/media?parent=12128"}],"wp:term":[{"taxonomy":"product_brand","embeddable":true,"href":"https:\/\/uj.adatbank.ro\/lexikon\/wp-json\/wp\/v2\/product_brand?post=12128"},{"taxonomy":"product_cat","embeddable":true,"href":"https:\/\/uj.adatbank.ro\/lexikon\/wp-json\/wp\/v2\/product_cat?post=12128"},{"taxonomy":"product_tag","embeddable":true,"href":"https:\/\/uj.adatbank.ro\/lexikon\/wp-json\/wp\/v2\/product_tag?post=12128"}],"curies":[{"name":"wp","href":"https:\/\/api.w.org\/{rel}","templated":true}]}}