{"id":12133,"date":"2025-06-29T14:16:34","date_gmt":"2025-06-29T12:16:34","guid":{"rendered":"https:\/\/uj.adatbank.ro\/lexikon\/termek\/kiss-janos-3\/"},"modified":"2025-06-29T14:16:34","modified_gmt":"2025-06-29T12:16:34","slug":"kiss-janos-3","status":"publish","type":"product","link":"https:\/\/uj.adatbank.ro\/lexikon\/termek\/kiss-janos-3\/","title":{"rendered":"KISS J\u00e1nos"},"content":{"rendered":"<p>? \u2020 ?: mv.-i tag. \u2013A Szent Istv\u00e1n T\u00e1rsulat tagja (1898). <br \/><strong>Irod.:<\/strong> A Szent Istv\u00e1n T\u00e1rsulat tagjainak n\u00e9vsora 1898-ban (Bp., 1898)<\/br><\/p>\n","protected":false},"excerpt":{"rendered":"<p>? \u2020 ?: mv.-i tag. \u2013A Szent Istv\u00e1n T\u00e1rsulat tagja (1898). Irod.: A Szent Istv\u00e1n T\u00e1rsulat tagjainak n\u00e9vsora 1898-ban (Bp., 1898)<\/p>\n","protected":false},"featured_media":0,"comment_status":"open","ping_status":"closed","template":"","meta":[],"product_brand":[],"product_cat":[137],"product_tag":[],"class_list":{"0":"post-12133","1":"product","2":"type-product","3":"status-publish","5":"product_cat-maros-megyei-eletrajzi-lexikon","7":"first","8":"instock","9":"shipping-taxable","10":"product-type-simple"},"_links":{"self":[{"href":"https:\/\/uj.adatbank.ro\/lexikon\/wp-json\/wp\/v2\/product\/12133","targetHints":{"allow":["GET"]}}],"collection":[{"href":"https:\/\/uj.adatbank.ro\/lexikon\/wp-json\/wp\/v2\/product"}],"about":[{"href":"https:\/\/uj.adatbank.ro\/lexikon\/wp-json\/wp\/v2\/types\/product"}],"replies":[{"embeddable":true,"href":"https:\/\/uj.adatbank.ro\/lexikon\/wp-json\/wp\/v2\/comments?post=12133"}],"wp:attachment":[{"href":"https:\/\/uj.adatbank.ro\/lexikon\/wp-json\/wp\/v2\/media?parent=12133"}],"wp:term":[{"taxonomy":"product_brand","embeddable":true,"href":"https:\/\/uj.adatbank.ro\/lexikon\/wp-json\/wp\/v2\/product_brand?post=12133"},{"taxonomy":"product_cat","embeddable":true,"href":"https:\/\/uj.adatbank.ro\/lexikon\/wp-json\/wp\/v2\/product_cat?post=12133"},{"taxonomy":"product_tag","embeddable":true,"href":"https:\/\/uj.adatbank.ro\/lexikon\/wp-json\/wp\/v2\/product_tag?post=12133"}],"curies":[{"name":"wp","href":"https:\/\/api.w.org\/{rel}","templated":true}]}}