{"id":12144,"date":"2025-06-29T14:16:57","date_gmt":"2025-06-29T12:16:57","guid":{"rendered":"https:\/\/uj.adatbank.ro\/lexikon\/termek\/kiss-jozsef-3\/"},"modified":"2025-06-29T14:16:57","modified_gmt":"2025-06-29T12:16:57","slug":"kiss-jozsef-3","status":"publish","type":"product","link":"https:\/\/uj.adatbank.ro\/lexikon\/termek\/kiss-jozsef-3\/","title":{"rendered":"KISS J\u00f3zsef"},"content":{"rendered":"<p>1827, \u2020 Mv., 1898. \u00e1pr. 18.: tan\u00e1csos. \u2013 Feles\u00e9ge: Szentmikl\u00f3si Louise. Gyermekeik: K. J\u00f3zsef; Mikl\u00f3s; Anna Kny K\u00e1rolyn\u00e9, K. Erzsi \u00e9s K. Ern\u0151. Mv. szabad kir. v\u00e1ros t\u00f6rv\u00e9nyhat\u00f3s\u00e1g\u00e1nak v\u00e1rosi tan\u00e1csosa, 1848\u201349. honv\u00e9dtiszt, a r. k. hitk\u00f6zs\u00e9g egyh\u00e1ztan\u00e1csosa, a \u201eGecse D\u00e1niel emberszereteti int\u00e9zet\u201d igazgat\u00f3s\u00e1gi tagja <br \/><strong>Irod.:<\/strong> Gy\u00e1szjelent\u0151<\/br><\/p>\n","protected":false},"excerpt":{"rendered":"<p>1827, \u2020 Mv., 1898. \u00e1pr. 18.: tan\u00e1csos. \u2013 Feles\u00e9ge: Szentmikl\u00f3si Louise. Gyermekeik: K. J\u00f3zsef; Mikl\u00f3s; Anna Kny K\u00e1rolyn\u00e9, K. Erzsi \u00e9s K. Ern\u0151. Mv. szabad kir. v\u00e1ros t\u00f6rv\u00e9nyhat\u00f3s\u00e1g\u00e1nak v\u00e1rosi tan\u00e1csosa, 1848\u201349. honv\u00e9dtiszt, a r. k. hitk\u00f6zs\u00e9g egyh\u00e1ztan\u00e1csosa, a \u201eGecse D\u00e1niel emberszereteti int\u00e9zet\u201d igazgat\u00f3s\u00e1gi tagja Irod.: Gy\u00e1szjelent\u0151<\/p>\n","protected":false},"featured_media":0,"comment_status":"open","ping_status":"closed","template":"","meta":[],"product_brand":[],"product_cat":[137],"product_tag":[],"class_list":{"0":"post-12144","1":"product","2":"type-product","3":"status-publish","5":"product_cat-maros-megyei-eletrajzi-lexikon","7":"first","8":"instock","9":"shipping-taxable","10":"product-type-simple"},"_links":{"self":[{"href":"https:\/\/uj.adatbank.ro\/lexikon\/wp-json\/wp\/v2\/product\/12144","targetHints":{"allow":["GET"]}}],"collection":[{"href":"https:\/\/uj.adatbank.ro\/lexikon\/wp-json\/wp\/v2\/product"}],"about":[{"href":"https:\/\/uj.adatbank.ro\/lexikon\/wp-json\/wp\/v2\/types\/product"}],"replies":[{"embeddable":true,"href":"https:\/\/uj.adatbank.ro\/lexikon\/wp-json\/wp\/v2\/comments?post=12144"}],"wp:attachment":[{"href":"https:\/\/uj.adatbank.ro\/lexikon\/wp-json\/wp\/v2\/media?parent=12144"}],"wp:term":[{"taxonomy":"product_brand","embeddable":true,"href":"https:\/\/uj.adatbank.ro\/lexikon\/wp-json\/wp\/v2\/product_brand?post=12144"},{"taxonomy":"product_cat","embeddable":true,"href":"https:\/\/uj.adatbank.ro\/lexikon\/wp-json\/wp\/v2\/product_cat?post=12144"},{"taxonomy":"product_tag","embeddable":true,"href":"https:\/\/uj.adatbank.ro\/lexikon\/wp-json\/wp\/v2\/product_tag?post=12144"}],"curies":[{"name":"wp","href":"https:\/\/api.w.org\/{rel}","templated":true}]}}