{"id":12151,"date":"2025-06-29T14:17:07","date_gmt":"2025-06-29T12:17:07","guid":{"rendered":"https:\/\/uj.adatbank.ro\/lexikon\/termek\/kiss-jozsef-gegesi\/"},"modified":"2025-06-29T14:17:07","modified_gmt":"2025-06-29T12:17:07","slug":"kiss-jozsef-gegesi","status":"publish","type":"product","link":"https:\/\/uj.adatbank.ro\/lexikon\/termek\/kiss-jozsef-gegesi\/","title":{"rendered":"KISS J\u00f3zsef, gegesi"},"content":{"rendered":"<p>1820., \u2020 Geges, 1900. \u00e1pr. 28.: mez\u0151gazd\u00e1sz, pomol\u00f3gus, gy\u00fcm\u00f6lcsnemes\u00edt\u0151. \u2013 Apja: G. K. M\u00e1rton Gegesen birtokos, sz\u00e9kely nemes. Mv.-en a Ref. Koll.-ban b\u00f6lcseleti, jogi, teol\u00f3giai oszt. v\u00e9gzett \u201eeminens vala\u201d. Jog\u00e1sz \u00e9s teol\u00f3gus. Keszthelyen is tanult, elv\u00e9gezte a Georgikon Gazdas\u00e1gi Akad. -\u00e1t (1846\u201347). Hadnagy az 1848\/49-es forradalomban, Erd\u00e9ly minden nagy \u00fctk\u00f6zet\u00e9t v\u00e9gigharcolta. R\u00f6vid ideig v\u00e1rmegyei f\u0151sz\u00e1mvev\u0151, majd Gegesen gy\u00fcm\u00f6lcstermel\u0151 kisgazda, eszm\u00e9nye a gy\u00fcm\u00f6lcstermel\u0151 Sz\u00e9kelyf\u00f6ld, ez\u00e9rt oltv\u00e1nyokat \u00e9s olt\u00f3-gallyakat szerzett \u00e9s termelt. <br \/><strong>Irod.:<\/strong> F\u00fcl\u00f6p G. D\u00e9nes: A fa\u00fcltet\u0151 forradalm\u00e1r (Korunk, 1. sz., 1970; \u00daj Kezdet, 5. sz., 2003. m\u00e1j.); Guly\u00e1s; Gy\u00e1szjelent.; K\u00f6ztelek (1897); Az OMGE \u00e1ltal Bp.-en 1881. okt. 15\u201318 megtartott Gy\u00fcm\u00f6lcs \u00e9s Konyhakerti Ki\u00e1ll\u00edt\u00e1s catal\u00f3gusa (Bp., 1881); Szab\u00f3 Mikl\u00f3s 2005; Sz\u00e9kely Egyes\u00fcleti k\u00e9pes napt\u00e1r \u00e9s \u00e9vk\u00f6nyv 1902-re (Bp., 1901)<\/br><\/p>\n","protected":false},"excerpt":{"rendered":"<p>1820., \u2020 Geges, 1900. \u00e1pr. 28.: mez\u0151gazd\u00e1sz, pomol\u00f3gus, gy\u00fcm\u00f6lcsnemes\u00edt\u0151. \u2013 Apja: G. K. M\u00e1rton Gegesen birtokos, sz\u00e9kely nemes. Mv.-en a Ref. Koll.-ban b\u00f6lcseleti, jogi, teol\u00f3giai oszt. v\u00e9gzett \u201eeminens vala\u201d. Jog\u00e1sz \u00e9s teol\u00f3gus. Keszthelyen is tanult, elv\u00e9gezte a Georgikon Gazdas\u00e1gi Akad. -\u00e1t (1846\u201347). Hadnagy az 1848\/49-es forradalomban, Erd\u00e9ly minden nagy \u00fctk\u00f6zet\u00e9t v\u00e9gigharcolta. R\u00f6vid ideig v\u00e1rmegyei f\u0151sz\u00e1mvev\u0151, [&hellip;]<\/p>\n","protected":false},"featured_media":0,"comment_status":"open","ping_status":"closed","template":"","meta":[],"product_brand":[],"product_cat":[137],"product_tag":[],"class_list":{"0":"post-12151","1":"product","2":"type-product","3":"status-publish","5":"product_cat-maros-megyei-eletrajzi-lexikon","7":"first","8":"instock","9":"shipping-taxable","10":"product-type-simple"},"_links":{"self":[{"href":"https:\/\/uj.adatbank.ro\/lexikon\/wp-json\/wp\/v2\/product\/12151","targetHints":{"allow":["GET"]}}],"collection":[{"href":"https:\/\/uj.adatbank.ro\/lexikon\/wp-json\/wp\/v2\/product"}],"about":[{"href":"https:\/\/uj.adatbank.ro\/lexikon\/wp-json\/wp\/v2\/types\/product"}],"replies":[{"embeddable":true,"href":"https:\/\/uj.adatbank.ro\/lexikon\/wp-json\/wp\/v2\/comments?post=12151"}],"wp:attachment":[{"href":"https:\/\/uj.adatbank.ro\/lexikon\/wp-json\/wp\/v2\/media?parent=12151"}],"wp:term":[{"taxonomy":"product_brand","embeddable":true,"href":"https:\/\/uj.adatbank.ro\/lexikon\/wp-json\/wp\/v2\/product_brand?post=12151"},{"taxonomy":"product_cat","embeddable":true,"href":"https:\/\/uj.adatbank.ro\/lexikon\/wp-json\/wp\/v2\/product_cat?post=12151"},{"taxonomy":"product_tag","embeddable":true,"href":"https:\/\/uj.adatbank.ro\/lexikon\/wp-json\/wp\/v2\/product_tag?post=12151"}],"curies":[{"name":"wp","href":"https:\/\/api.w.org\/{rel}","templated":true}]}}