{"id":12152,"date":"2025-06-29T14:17:09","date_gmt":"2025-06-29T12:17:09","guid":{"rendered":"https:\/\/uj.adatbank.ro\/lexikon\/termek\/kiss-jozsef-gegesi-2\/"},"modified":"2025-06-29T14:17:09","modified_gmt":"2025-06-29T12:17:09","slug":"kiss-jozsef-gegesi-2","status":"publish","type":"product","link":"https:\/\/uj.adatbank.ro\/lexikon\/termek\/kiss-jozsef-gegesi-2\/","title":{"rendered":"KISS J\u00f3zsef, gegesi,"},"content":{"rendered":"<p>1819.?, \u2020 Geges, 1900. \u00e1pr. 28.: husz\u00e1r-hadnagy. \u2013 Testv\u00e9re: gegesi Kiss K\u00e1roly. Feles\u00e9ge: Bereczky Eszter. Gyermekeik: K. Feren, feles\u00e9ge T\u00f6r\u00f6k R\u00f3za; K. Ern\u0151, feles\u00e9ge Nagy Mariska; K. Irma Garda J\u00e1nosn\u00e9. \u2013 1848\u201349.-i Kossuth husz\u00e1r-hadnagy. <br \/><strong>Irod.:<\/strong> Gy\u00e1szjelent\u0151<\/br><\/p>\n","protected":false},"excerpt":{"rendered":"<p>1819.?, \u2020 Geges, 1900. \u00e1pr. 28.: husz\u00e1r-hadnagy. \u2013 Testv\u00e9re: gegesi Kiss K\u00e1roly. Feles\u00e9ge: Bereczky Eszter. Gyermekeik: K. Feren, feles\u00e9ge T\u00f6r\u00f6k R\u00f3za; K. Ern\u0151, feles\u00e9ge Nagy Mariska; K. Irma Garda J\u00e1nosn\u00e9. \u2013 1848\u201349.-i Kossuth husz\u00e1r-hadnagy. Irod.: Gy\u00e1szjelent\u0151<\/p>\n","protected":false},"featured_media":0,"comment_status":"open","ping_status":"closed","template":"","meta":[],"product_brand":[],"product_cat":[137],"product_tag":[],"class_list":{"0":"post-12152","1":"product","2":"type-product","3":"status-publish","5":"product_cat-maros-megyei-eletrajzi-lexikon","7":"first","8":"instock","9":"shipping-taxable","10":"product-type-simple"},"_links":{"self":[{"href":"https:\/\/uj.adatbank.ro\/lexikon\/wp-json\/wp\/v2\/product\/12152","targetHints":{"allow":["GET"]}}],"collection":[{"href":"https:\/\/uj.adatbank.ro\/lexikon\/wp-json\/wp\/v2\/product"}],"about":[{"href":"https:\/\/uj.adatbank.ro\/lexikon\/wp-json\/wp\/v2\/types\/product"}],"replies":[{"embeddable":true,"href":"https:\/\/uj.adatbank.ro\/lexikon\/wp-json\/wp\/v2\/comments?post=12152"}],"wp:attachment":[{"href":"https:\/\/uj.adatbank.ro\/lexikon\/wp-json\/wp\/v2\/media?parent=12152"}],"wp:term":[{"taxonomy":"product_brand","embeddable":true,"href":"https:\/\/uj.adatbank.ro\/lexikon\/wp-json\/wp\/v2\/product_brand?post=12152"},{"taxonomy":"product_cat","embeddable":true,"href":"https:\/\/uj.adatbank.ro\/lexikon\/wp-json\/wp\/v2\/product_cat?post=12152"},{"taxonomy":"product_tag","embeddable":true,"href":"https:\/\/uj.adatbank.ro\/lexikon\/wp-json\/wp\/v2\/product_tag?post=12152"}],"curies":[{"name":"wp","href":"https:\/\/api.w.org\/{rel}","templated":true}]}}