{"id":12166,"date":"2025-06-29T14:17:40","date_gmt":"2025-06-29T12:17:40","guid":{"rendered":"https:\/\/uj.adatbank.ro\/lexikon\/termek\/kiss-lajos-backamadarasi\/"},"modified":"2025-06-29T14:17:40","modified_gmt":"2025-06-29T12:17:40","slug":"kiss-lajos-backamadarasi","status":"publish","type":"product","link":"https:\/\/uj.adatbank.ro\/lexikon\/termek\/kiss-lajos-backamadarasi\/","title":{"rendered":"KISS Lajos, backamadarasi"},"content":{"rendered":"<p>Backamadaras, 1880., \u2020 ? : tan\u00edt\u00f3. \u2013 Feles\u00e9ge: K\u00e1li Nagy Paula. \u2013 A tan\u00edt\u00f3k\u00e9pz\u0151t Nagyenyeden v\u00e9gezte. Tan\u00edtott Harasztker\u00e9ken (1901\u2013), Nagyerny\u00e9n, Sz\u00e9kelyk\u00e1lon. \u20195 \u00e9vig nem m\u0171k\u00f6d\u00f6tt, mert nem ismerte a rom\u00e1n nyelvet. \u00dajra tan\u00edtott Sz\u00e9kelyk\u00e1lon (1940\u2013).<\/br><\/p>\n","protected":false},"excerpt":{"rendered":"<p>Backamadaras, 1880., \u2020 ? : tan\u00edt\u00f3. \u2013 Feles\u00e9ge: K\u00e1li Nagy Paula. \u2013 A tan\u00edt\u00f3k\u00e9pz\u0151t Nagyenyeden v\u00e9gezte. Tan\u00edtott Harasztker\u00e9ken (1901\u2013), Nagyerny\u00e9n, Sz\u00e9kelyk\u00e1lon. \u20195 \u00e9vig nem m\u0171k\u00f6d\u00f6tt, mert nem ismerte a rom\u00e1n nyelvet. \u00dajra tan\u00edtott Sz\u00e9kelyk\u00e1lon (1940\u2013).<\/p>\n","protected":false},"featured_media":0,"comment_status":"open","ping_status":"closed","template":"","meta":[],"product_brand":[],"product_cat":[137],"product_tag":[],"class_list":{"0":"post-12166","1":"product","2":"type-product","3":"status-publish","5":"product_cat-maros-megyei-eletrajzi-lexikon","7":"first","8":"instock","9":"shipping-taxable","10":"product-type-simple"},"_links":{"self":[{"href":"https:\/\/uj.adatbank.ro\/lexikon\/wp-json\/wp\/v2\/product\/12166","targetHints":{"allow":["GET"]}}],"collection":[{"href":"https:\/\/uj.adatbank.ro\/lexikon\/wp-json\/wp\/v2\/product"}],"about":[{"href":"https:\/\/uj.adatbank.ro\/lexikon\/wp-json\/wp\/v2\/types\/product"}],"replies":[{"embeddable":true,"href":"https:\/\/uj.adatbank.ro\/lexikon\/wp-json\/wp\/v2\/comments?post=12166"}],"wp:attachment":[{"href":"https:\/\/uj.adatbank.ro\/lexikon\/wp-json\/wp\/v2\/media?parent=12166"}],"wp:term":[{"taxonomy":"product_brand","embeddable":true,"href":"https:\/\/uj.adatbank.ro\/lexikon\/wp-json\/wp\/v2\/product_brand?post=12166"},{"taxonomy":"product_cat","embeddable":true,"href":"https:\/\/uj.adatbank.ro\/lexikon\/wp-json\/wp\/v2\/product_cat?post=12166"},{"taxonomy":"product_tag","embeddable":true,"href":"https:\/\/uj.adatbank.ro\/lexikon\/wp-json\/wp\/v2\/product_tag?post=12166"}],"curies":[{"name":"wp","href":"https:\/\/api.w.org\/{rel}","templated":true}]}}